{"id":4488,"date":"2025-09-17T09:34:43","date_gmt":"2025-09-17T02:34:43","guid":{"rendered":"https:\/\/tivi-samsung.com\/?post_type=product&#038;p=4488"},"modified":"2025-10-14T22:38:27","modified_gmt":"2025-10-14T15:38:27","slug":"smart-tivi-qled-samsung-ai-4k-65-inch-qa65q70d","status":"publish","type":"product","link":"https:\/\/tivi-samsung.com\/?product=smart-tivi-qled-samsung-ai-4k-65-inch-qa65q70d","title":{"rendered":"Smart Tivi QLED Samsung AI 4K 65 inch QA65Q70D"},"content":{"rendered":"<p><strong>Th\u00f4ng tin s\u1ea3n ph\u1ea9m<\/strong><\/p>\n<p><a href=\"https:\/\/tokoo.vn\/danh-muc\/samsung-tvs\/\" target=\"_blank\" rel=\"noopener\"><strong>Smart Tivi QLED Samsung 4K 65 inch QA65Q70D<\/strong><\/a> tinh gi\u1ea3n trong thi\u1ebft k\u1ebf, s\u1edf h\u1eefu m\u00e0n h\u00ecnh 65 inch v\u1edbi \u0111\u1ed9 ph\u00e2n gi\u1ea3i 4K s\u1eafc n\u00e9t, m\u00e0u s\u1eafc ch\u00e2n th\u1ef1c nh\u1edd <strong>Quantum Dot<\/strong> hi\u1ec3n th\u1ecb 100% d\u1ea3i m\u00e0u, mang \u0111\u1ebfn tr\u1ea3i nghi\u1ec7m s\u1ed1ng \u0111\u1ed9ng nh\u1edd \u00e2m thanh chuy\u1ec3n \u0111\u1ed9ng theo h\u00ecnh \u1ea3nh OTS Lite c\u00f9ng nhi\u1ec1u ti\u1ec7n \u00edch th\u00f4ng minh nh\u01b0 t\u00ecm ki\u1ebfm gi\u1ecdng n\u00f3i tr\u00ean YouTube, \u0111i\u1ec1u khi\u1ec3n tivi d\u1ec5 d\u00e0ng b\u1eb1ng \u0111i\u1ec7n tho\u1ea1i v\u1edbi \u1ee9ng d\u1ee5ng SmartThings,\u2026<\/p>\n<p><strong>T\u1ed5ng quan thi\u1ebft k\u1ebf<\/strong><\/p>\n<p>&#8211; <strong>Tivi Samsung QLED<\/strong> t\u1ea1o \u0111i\u1ec3m nh\u1ea5n cho kh\u00f4ng gian s\u1ed1ng v\u1edbi thi\u1ebft k\u1ebf thanh l\u1ecbch, tinh t\u1ebf. \u0110\u01b0\u1eddng vi\u1ec1n tivi m\u1ecfng cho tr\u1ea3i nghi\u1ec7m xem m\u1edf r\u1ed9ng h\u01a1n bao gi\u1edd h\u1ebft.<\/p>\n<p>&#8211; Ph\u00f9 h\u1ee3p v\u1edbi kh\u00f4ng gian v\u1eeba v\u00e0 l\u1edbn nh\u01b0 ph\u00f2ng kh\u00e1ch, ph\u00f2ng h\u1ecdp, ph\u00f2ng l\u00e0m vi\u1ec7c,\u2026<\/p>\n<p><img fetchpriority=\"high\" decoding=\"async\" class=\"alignnone wp-image-5157\" src=\"https:\/\/tivi-samsung.com\/wp-content\/uploads\/2025\/09\/tivi-qled-samsung-4k-65-inch-qa65qn70d-multi-view-1020x570-1-300x168.jpg\" alt=\"\" width=\"1752\" height=\"981\" srcset=\"https:\/\/tivi-samsung.com\/wp-content\/uploads\/2025\/09\/tivi-qled-samsung-4k-65-inch-qa65qn70d-multi-view-1020x570-1-300x168.jpg 300w, https:\/\/tivi-samsung.com\/wp-content\/uploads\/2025\/09\/tivi-qled-samsung-4k-65-inch-qa65qn70d-multi-view-1020x570-1-768x429.jpg 768w, https:\/\/tivi-samsung.com\/wp-content\/uploads\/2025\/09\/tivi-qled-samsung-4k-65-inch-qa65qn70d-multi-view-1020x570-1-450x251.jpg 450w, https:\/\/tivi-samsung.com\/wp-content\/uploads\/2025\/09\/tivi-qled-samsung-4k-65-inch-qa65qn70d-multi-view-1020x570-1-600x335.jpg 600w, https:\/\/tivi-samsung.com\/wp-content\/uploads\/2025\/09\/tivi-qled-samsung-4k-65-inch-qa65qn70d-multi-view-1020x570-1-150x84.jpg 150w, https:\/\/tivi-samsung.com\/wp-content\/uploads\/2025\/09\/tivi-qled-samsung-4k-65-inch-qa65qn70d-multi-view-1020x570-1.jpg 1020w\" sizes=\"(max-width: 1752px) 100vw, 1752px\" \/><\/p>\n<p>&#8211; Ch\u00e2n \u0111\u1ebf tivi \u0111\u01b0\u1ee3c l\u00e0m d\u1ea1ng ch\u1eef T ng\u01b0\u1ee3c ch\u1eafc ch\u1eafn, n\u00e2ng \u0111\u1ee1 t\u1ed1t tivi, \u0111\u1ed3ng th\u1eddi c\u00f3 th\u1ec3 th\u00e1o r\u1eddi \u0111\u1ec3 treo t\u01b0\u1eddng, ti\u1ebft ki\u1ec7m kh\u00f4ng gian.<\/p>\n<p>&nbsp;<\/p>\n<p>&nbsp;<\/p>\n<p><img decoding=\"async\" class=\"alignnone wp-image-5170\" src=\"https:\/\/tivi-samsung.com\/wp-content\/uploads\/2025\/09\/tivi-qled-samsung-4k-65-inch-qa65qn70d-thiet-ke-1020x570-1-300x168.png\" alt=\"\" width=\"1755\" height=\"983\" srcset=\"https:\/\/tivi-samsung.com\/wp-content\/uploads\/2025\/09\/tivi-qled-samsung-4k-65-inch-qa65qn70d-thiet-ke-1020x570-1-300x168.png 300w, https:\/\/tivi-samsung.com\/wp-content\/uploads\/2025\/09\/tivi-qled-samsung-4k-65-inch-qa65qn70d-thiet-ke-1020x570-1-768x429.png 768w, https:\/\/tivi-samsung.com\/wp-content\/uploads\/2025\/09\/tivi-qled-samsung-4k-65-inch-qa65qn70d-thiet-ke-1020x570-1-450x251.png 450w, https:\/\/tivi-samsung.com\/wp-content\/uploads\/2025\/09\/tivi-qled-samsung-4k-65-inch-qa65qn70d-thiet-ke-1020x570-1-600x335.png 600w, https:\/\/tivi-samsung.com\/wp-content\/uploads\/2025\/09\/tivi-qled-samsung-4k-65-inch-qa65qn70d-thiet-ke-1020x570-1-150x84.png 150w, https:\/\/tivi-samsung.com\/wp-content\/uploads\/2025\/09\/tivi-qled-samsung-4k-65-inch-qa65qn70d-thiet-ke-1020x570-1.png 1020w\" sizes=\"(max-width: 1755px) 100vw, 1755px\" \/><\/p>\n<p>&#8211; M\u00e0n h\u00ecnh <strong>QLED<\/strong> t\u00e1i hi\u1ec7n h\u00ecnh \u1ea3nh <strong>4K (Ultra HD)<\/strong> cho \u0111\u1ed9 n\u00e9t g\u1ea5p 4 l\u1ea7n so v\u1edbi <strong>Full HD<\/strong>.<\/p>\n<p>&#8211; C\u00f4ng ngh\u1ec7<strong> Quantum Dot<\/strong> hi\u1ec3n th\u1ecb 100% d\u1ea3i s\u1eafc m\u00e0u, duy tr\u00ec \u0111\u1ed9 s\u00e1ng v\u00e0 \u0111\u1ed9 s\u1ed1ng \u0111\u1ed9ng cho m\u00e0u s\u1eafc b\u1ec1n b\u1ec9 d\u00e0i l\u00e2u.<\/p>\n<p><img decoding=\"async\" class=\"alignnone wp-image-5160\" src=\"https:\/\/tivi-samsung.com\/wp-content\/uploads\/2025\/09\/3-1020x570-1-300x168.jpg\" alt=\"\" width=\"1750\" height=\"980\" srcset=\"https:\/\/tivi-samsung.com\/wp-content\/uploads\/2025\/09\/3-1020x570-1-300x168.jpg 300w, https:\/\/tivi-samsung.com\/wp-content\/uploads\/2025\/09\/3-1020x570-1-768x429.jpg 768w, https:\/\/tivi-samsung.com\/wp-content\/uploads\/2025\/09\/3-1020x570-1-450x251.jpg 450w, https:\/\/tivi-samsung.com\/wp-content\/uploads\/2025\/09\/3-1020x570-1-600x335.jpg 600w, https:\/\/tivi-samsung.com\/wp-content\/uploads\/2025\/09\/3-1020x570-1-150x84.jpg 150w, https:\/\/tivi-samsung.com\/wp-content\/uploads\/2025\/09\/3-1020x570-1.jpg 1020w\" sizes=\"(max-width: 1750px) 100vw, 1750px\" \/><\/p>\n<p>&#8211; Ki\u1ec3m so\u00e1t \u0111\u00e8n n\u1ec1n <strong>Supreme UHD Dimming<\/strong> c\u00f3 t\u00e1c d\u1ee5ng n\u00e2ng cao kh\u1ea3 n\u0103ng hi\u1ec3n th\u1ecb m\u00e0u s\u1eafc v\u00e0 chi ti\u1ebft h\u00ecnh \u1ea3nh b\u1eb1ng c\u00e1ch chia nh\u1ecf h\u00ecnh \u1ea3nh.<\/p>\n<p><img loading=\"lazy\" decoding=\"async\" class=\"alignnone wp-image-5155\" src=\"https:\/\/tivi-samsung.com\/wp-content\/uploads\/2025\/09\/tivi-qled-samsung-4k-65-inch-qa65qn70d-cong-nghe-hinh-anh-1020x570-1-300x168.jpg\" alt=\"\" width=\"1747\" height=\"978\" srcset=\"https:\/\/tivi-samsung.com\/wp-content\/uploads\/2025\/09\/tivi-qled-samsung-4k-65-inch-qa65qn70d-cong-nghe-hinh-anh-1020x570-1-300x168.jpg 300w, https:\/\/tivi-samsung.com\/wp-content\/uploads\/2025\/09\/tivi-qled-samsung-4k-65-inch-qa65qn70d-cong-nghe-hinh-anh-1020x570-1-768x429.jpg 768w, https:\/\/tivi-samsung.com\/wp-content\/uploads\/2025\/09\/tivi-qled-samsung-4k-65-inch-qa65qn70d-cong-nghe-hinh-anh-1020x570-1-450x251.jpg 450w, https:\/\/tivi-samsung.com\/wp-content\/uploads\/2025\/09\/tivi-qled-samsung-4k-65-inch-qa65qn70d-cong-nghe-hinh-anh-1020x570-1-600x335.jpg 600w, https:\/\/tivi-samsung.com\/wp-content\/uploads\/2025\/09\/tivi-qled-samsung-4k-65-inch-qa65qn70d-cong-nghe-hinh-anh-1020x570-1-150x84.jpg 150w, https:\/\/tivi-samsung.com\/wp-content\/uploads\/2025\/09\/tivi-qled-samsung-4k-65-inch-qa65qn70d-cong-nghe-hinh-anh-1020x570-1.jpg 1020w\" sizes=\"(max-width: 1747px) 100vw, 1747px\" \/><\/p>\n<p>&#8211; <strong>Motion Xcelerator 120 Hz<\/strong> gi\u1ea3m thi\u1ec3u \u0111\u1ed9 m\u1edd, b\u1eaft tr\u1ecdn m\u1ecdi h\u00e0nh \u0111\u1ed9ng chuy\u1ec3n \u0111\u1ed9ng nhanh cho d\u00f9 b\u1ea1n \u0111ang xem nh\u1eefng c\u1ea3nh phim h\u00e0nh \u0111\u1ed9ng hay xem th\u1ec3 thao, d\u1ec5 d\u00e0ng chinh ph\u1ee5c m\u1ecdi tr\u1eadn game.<\/p>\n<p><img loading=\"lazy\" decoding=\"async\" class=\"alignnone wp-image-5162\" src=\"https:\/\/tivi-samsung.com\/wp-content\/uploads\/2025\/09\/5-1020x570-1-300x168.jpg\" alt=\"\" width=\"1764\" height=\"988\" srcset=\"https:\/\/tivi-samsung.com\/wp-content\/uploads\/2025\/09\/5-1020x570-1-300x168.jpg 300w, https:\/\/tivi-samsung.com\/wp-content\/uploads\/2025\/09\/5-1020x570-1-768x429.jpg 768w, https:\/\/tivi-samsung.com\/wp-content\/uploads\/2025\/09\/5-1020x570-1-450x251.jpg 450w, https:\/\/tivi-samsung.com\/wp-content\/uploads\/2025\/09\/5-1020x570-1-600x335.jpg 600w, https:\/\/tivi-samsung.com\/wp-content\/uploads\/2025\/09\/5-1020x570-1-150x84.jpg 150w, https:\/\/tivi-samsung.com\/wp-content\/uploads\/2025\/09\/5-1020x570-1.jpg 1020w\" sizes=\"(max-width: 1764px) 100vw, 1764px\" \/><\/p>\n<p>&#8211;<strong> Super Ultra Wide Game View &amp; Game Bar<\/strong> cho b\u1ea1n t\u1eadn h\u01b0\u1edfng tr\u1ea3i nghi\u1ec7m \u0111\u1eafm ch\u00ecm \u0111a d\u1ea1ng t\u1ef7 l\u1ec7 m\u00e0n h\u00ecnh, chi\u1ebfn game c\u1ef1c \u0111\u00e3, t\u1ed1i \u01b0u v\u00e0 tu\u1ef3 ch\u1ec9nh nhanh ch\u00f3ng.<\/p>\n<p>&#8211; G\u00f3c nh\u00ecn r\u1ed9ng <strong>Wide Viewing Angle<\/strong> h\u1ed7 tr\u1ee3 b\u1ea1n th\u01b0\u1edfng th\u1ee9c c\u00e1c ch\u01b0\u01a1ng tr\u00ecnh gi\u1ea3i tr\u00ed v\u1edbi m\u00e0u s\u1eafc ch\u00e2n th\u1eadt, kh\u00f4ng b\u1ecb nhi\u1ec5u m\u00e0u d\u00f9 ng\u1ed3i \u1edf b\u1ea5t k\u1ef3 v\u1ecb tr\u00ed n\u00e0o.<\/p>\n<p>&#8211; Gi\u1ea3m \u0111\u1ed9 tr\u1ec5 ch\u01a1i game <strong>Auto Low Latency Mode (ALLM)<\/strong> gi\u1ea3m thi\u1ec3u \u0111\u1ed9 tr\u1ec5 \u0111\u1ea7u v\u00e0o, gi\u00fap c\u00e1c hi\u1ec7u \u1ee9ng ph\u1ea3n h\u1ed3i nh\u1ea1y b\u00e9n h\u01a1n.<\/p>\n<p><strong>C\u00f4ng ngh\u1ec7 \u00e2m thanh<\/strong><\/p>\n<p>&#8211; H\u1ec7 th\u1ed1ng loa v\u1edbi t\u1ed5ng c\u00f4ng su\u1ea5t 20W cho ch\u1ea5t \u00e2m m\u1ea1nh m\u1ebd, vang d\u1ed9i.<\/p>\n<p>&#8211; \u00c2m thanh chuy\u1ec3n \u0111\u1ed9ng theo t\u1eebng h\u00ecnh \u1ea3nh <strong>OTS Lite<\/strong> cho tr\u1ea3i nghi\u1ec7m \u00e2m thanh v\u00f2m s\u1ed1ng \u0111\u1ed9ng theo t\u1eebng chuy\u1ec3n \u0111\u1ed9ng.<\/p>\n<p><img loading=\"lazy\" decoding=\"async\" class=\"alignnone wp-image-5154\" src=\"https:\/\/tivi-samsung.com\/wp-content\/uploads\/2025\/09\/tivi-qled-samsung-4k-65-inch-qa65qn70d-cn-am-thanh-1021x570-1-300x167.jpg\" alt=\"\" width=\"1753\" height=\"976\" srcset=\"https:\/\/tivi-samsung.com\/wp-content\/uploads\/2025\/09\/tivi-qled-samsung-4k-65-inch-qa65qn70d-cn-am-thanh-1021x570-1-300x167.jpg 300w, https:\/\/tivi-samsung.com\/wp-content\/uploads\/2025\/09\/tivi-qled-samsung-4k-65-inch-qa65qn70d-cn-am-thanh-1021x570-1-768x429.jpg 768w, https:\/\/tivi-samsung.com\/wp-content\/uploads\/2025\/09\/tivi-qled-samsung-4k-65-inch-qa65qn70d-cn-am-thanh-1021x570-1-450x251.jpg 450w, https:\/\/tivi-samsung.com\/wp-content\/uploads\/2025\/09\/tivi-qled-samsung-4k-65-inch-qa65qn70d-cn-am-thanh-1021x570-1-600x335.jpg 600w, https:\/\/tivi-samsung.com\/wp-content\/uploads\/2025\/09\/tivi-qled-samsung-4k-65-inch-qa65qn70d-cn-am-thanh-1021x570-1-150x84.jpg 150w\" sizes=\"(max-width: 1753px) 100vw, 1753px\" \/><\/p>\n<p>H\u1ec7 \u0111i\u1ec1u h\u00e0nh<\/p>\n<p><img loading=\"lazy\" decoding=\"async\" class=\"alignnone wp-image-5168\" src=\"https:\/\/tivi-samsung.com\/wp-content\/uploads\/2025\/09\/11-1020x570-1-300x168.jpg\" alt=\"\" width=\"1752\" height=\"981\" srcset=\"https:\/\/tivi-samsung.com\/wp-content\/uploads\/2025\/09\/11-1020x570-1-300x168.jpg 300w, https:\/\/tivi-samsung.com\/wp-content\/uploads\/2025\/09\/11-1020x570-1-768x429.jpg 768w, https:\/\/tivi-samsung.com\/wp-content\/uploads\/2025\/09\/11-1020x570-1-450x251.jpg 450w, https:\/\/tivi-samsung.com\/wp-content\/uploads\/2025\/09\/11-1020x570-1-600x335.jpg 600w, https:\/\/tivi-samsung.com\/wp-content\/uploads\/2025\/09\/11-1020x570-1-150x84.jpg 150w, https:\/\/tivi-samsung.com\/wp-content\/uploads\/2025\/09\/11-1020x570-1.jpg 1020w\" sizes=\"(max-width: 1752px) 100vw, 1752px\" \/><\/p>\n<p>&#8211; <strong>Tivi Samsung<\/strong> \u0111\u01b0\u1ee3c trang b\u1ecb h\u1ec7 \u0111i\u1ec1u h\u00e0nh<strong> Tizen\u2122<\/strong> v\u1edbi giao di\u1ec7n tr\u1ef1c quan d\u1ec5 s\u1eed d\u1ee5ng. Gi\u1ea3i tr\u00ed \u0111a d\u1ea1ng v\u1edbi kho \u1ee9ng d\u1ee5ng phong ph\u00fa, ng\u01b0\u1eddi d\u00f9ng c\u00f3 th\u1ec3 t\u1ea3i th\u00eam nhi\u1ec1u \u1ee9ng d\u1ee5ng kh\u00e1c tu\u1ef3 theo s\u1edf th\u00edch v\u00e0 nhu c\u1ea7u s\u1eed d\u1ee5ng.<\/p>\n<p><img loading=\"lazy\" decoding=\"async\" class=\"alignnone wp-image-5156\" src=\"https:\/\/tivi-samsung.com\/wp-content\/uploads\/2025\/09\/tivi-qled-samsung-4k-65-inch-qa65qn70d-he-dieu-hanh-1020x570-1-300x168.jpg\" alt=\"\" width=\"1761\" height=\"986\" srcset=\"https:\/\/tivi-samsung.com\/wp-content\/uploads\/2025\/09\/tivi-qled-samsung-4k-65-inch-qa65qn70d-he-dieu-hanh-1020x570-1-300x168.jpg 300w, https:\/\/tivi-samsung.com\/wp-content\/uploads\/2025\/09\/tivi-qled-samsung-4k-65-inch-qa65qn70d-he-dieu-hanh-1020x570-1-768x429.jpg 768w, https:\/\/tivi-samsung.com\/wp-content\/uploads\/2025\/09\/tivi-qled-samsung-4k-65-inch-qa65qn70d-he-dieu-hanh-1020x570-1-450x251.jpg 450w, https:\/\/tivi-samsung.com\/wp-content\/uploads\/2025\/09\/tivi-qled-samsung-4k-65-inch-qa65qn70d-he-dieu-hanh-1020x570-1-600x335.jpg 600w, https:\/\/tivi-samsung.com\/wp-content\/uploads\/2025\/09\/tivi-qled-samsung-4k-65-inch-qa65qn70d-he-dieu-hanh-1020x570-1-150x84.jpg 150w, https:\/\/tivi-samsung.com\/wp-content\/uploads\/2025\/09\/tivi-qled-samsung-4k-65-inch-qa65qn70d-he-dieu-hanh-1020x570-1.jpg 1020w\" sizes=\"(max-width: 1761px) 100vw, 1761px\" \/><\/p>\n<p><strong>Ti\u1ec7n \u00edch<\/strong><\/p>\n<p>&#8211; T\u00ecm ki\u1ebfm gi\u1ecdng n\u00f3i tr\u00ean <strong>YouTube<\/strong> b\u1eb1ng ti\u1ebfng Vi\u1ec7t,<strong> Bixby<\/strong> c\u00f3 ti\u1ebfng Vi\u1ec7t.<\/p>\n<p>&#8211; Tr\u00ecnh chi\u1ebfu n\u1ed9i dung, phim truy\u1ec7n t\u1eeb \u0111i\u1ec7n tho\u1ea1i l\u00ean m\u00e0n h\u00ecnh tivi qua <strong>AirPlay 2<\/strong>.<\/p>\n<p><img loading=\"lazy\" decoding=\"async\" class=\"alignnone wp-image-5166\" src=\"https:\/\/tivi-samsung.com\/wp-content\/uploads\/2025\/09\/9-1020x570-1-300x168.jpg\" alt=\"\" width=\"1762\" height=\"987\" srcset=\"https:\/\/tivi-samsung.com\/wp-content\/uploads\/2025\/09\/9-1020x570-1-300x168.jpg 300w, https:\/\/tivi-samsung.com\/wp-content\/uploads\/2025\/09\/9-1020x570-1-768x429.jpg 768w, https:\/\/tivi-samsung.com\/wp-content\/uploads\/2025\/09\/9-1020x570-1-450x251.jpg 450w, https:\/\/tivi-samsung.com\/wp-content\/uploads\/2025\/09\/9-1020x570-1-600x335.jpg 600w, https:\/\/tivi-samsung.com\/wp-content\/uploads\/2025\/09\/9-1020x570-1-150x84.jpg 150w, https:\/\/tivi-samsung.com\/wp-content\/uploads\/2025\/09\/9-1020x570-1.jpg 1020w\" sizes=\"(max-width: 1762px) 100vw, 1762px\" \/><\/p>\n<p>&nbsp;<\/p>\n<p>&#8211; Trang b\u1ecb <strong>One Remote<\/strong> th\u00f4ng minh, s\u1ea1c pin qua USB C &amp; \u00e1nh s\u00e1ng.<\/p>\n<p>&nbsp;<\/p>\n<p>&#8211; K\u1ebft n\u1ed1i \u1ee9ng d\u1ee5ng c\u00e1c thi\u1ebft b\u1ecb trong nh\u00e0 qua <strong>SmartThings<\/strong> t\u00edch h\u1ee3p IoT Hub.<\/p>\n<p><img loading=\"lazy\" decoding=\"async\" class=\"alignnone wp-image-5165\" src=\"https:\/\/tivi-samsung.com\/wp-content\/uploads\/2025\/09\/8-1020x570-1-300x168.jpg\" alt=\"\" width=\"1761\" height=\"986\" srcset=\"https:\/\/tivi-samsung.com\/wp-content\/uploads\/2025\/09\/8-1020x570-1-300x168.jpg 300w, https:\/\/tivi-samsung.com\/wp-content\/uploads\/2025\/09\/8-1020x570-1-768x429.jpg 768w, https:\/\/tivi-samsung.com\/wp-content\/uploads\/2025\/09\/8-1020x570-1-450x251.jpg 450w, https:\/\/tivi-samsung.com\/wp-content\/uploads\/2025\/09\/8-1020x570-1-600x335.jpg 600w, https:\/\/tivi-samsung.com\/wp-content\/uploads\/2025\/09\/8-1020x570-1-150x84.jpg 150w, https:\/\/tivi-samsung.com\/wp-content\/uploads\/2025\/09\/8-1020x570-1.jpg 1020w\" sizes=\"(max-width: 1761px) 100vw, 1761px\" \/><\/p>\n<p>&nbsp;<\/p>\n<p>&#8211; T\u00ednh n\u0103ng<em><strong> Multi View<\/strong> (c\u00f3 th\u1ec3 k\u1ebft n\u1ed1i camera g\u1eafn r\u1eddi) gi\u00fap b\u1ea1n th\u01b0\u1edfng th\u1ee9c c\u00f9ng l\u00fac 2 n\u1ed9i dung hi\u1ec3n th\u1ecb tr\u00ean m\u00e0n h\u00ecnh.<\/em><\/p>\n<p>&nbsp;<\/p>\n<p><em>Nh\u00ecn chung, <strong>Smart Tivi QLED Samsung 4K 65 inch QA65Q70D<\/strong> mang \u0111\u1ebfn tr\u1ea3i nghi\u1ec7m nghe nh\u00ecn \u1ea5n t\u01b0\u1ee3ng v\u1edbi b\u1ed9 x\u1eed l\u00fd <strong>Quantum 4K<\/strong>, m\u00e0n h\u00ecnh 65 inch \u0111\u1ed9 ph\u00e2n gi\u1ea3i 4K, h\u00ecnh \u1ea3nh s\u1eafc n\u00e9t v\u00e0 chi ti\u1ebft v\u1edbi <strong>Quantum Dot<\/strong>, ki\u1ebfn t\u1ea1o kh\u00f4ng gian \u00e2m thanh s\u1ed1ng \u0111\u1ed9ng v\u1edbi OTS Lite, h\u1ec7 \u0111i\u1ec1u h\u00e0nh Tizen\u2122 \u0111a nhi\u1ec7m, t\u00ecm ki\u1ebfm gi\u1ecdng n\u00f3i b\u1eb1ng ti\u1ebfng Vi\u1ec7t c\u00f9ng nhi\u1ec1u ti\u1ec7n \u00edch th\u00f4ng minh kh\u00e1c.<\/em><\/p>\n<p>&nbsp;<\/p>\n<p><script src=\"chrome-extension:\/\/fpelahbljekknahkcaegamhcndkfpfnc\/iFrame.js\" type=\"text\/javascript\"><\/script><\/p>\n<p><script src=\"chrome-extension:\/\/fpelahbljekknahkcaegamhcndkfpfnc\/iFrame.js\" type=\"text\/javascript\"><\/script><\/p>\n<p><script src=\"chrome-extension:\/\/fpelahbljekknahkcaegamhcndkfpfnc\/iFrame.js\" type=\"text\/javascript\"><\/script><\/p>\n<p><script src=\"chrome-extension:\/\/fpelahbljekknahkcaegamhcndkfpfnc\/iFrame.js\" type=\"text\/javascript\"><\/script><\/p>\n<p><script src=\"chrome-extension:\/\/fpelahbljekknahkcaegamhcndkfpfnc\/iFrame.js\" type=\"text\/javascript\"><\/script><\/p>\n<p><script src=\"chrome-extension:\/\/fpelahbljekknahkcaegamhcndkfpfnc\/iFrame.js\" type=\"text\/javascript\"><\/script><\/p>\n<p><script src=\"chrome-extension:\/\/fpelahbljekknahkcaegamhcndkfpfnc\/iFrame.js\" type=\"text\/javascript\"><\/script><\/p>\n","protected":false},"excerpt":{"rendered":"<p>&nbsp;<\/p>\n<p><script src=\"chrome-extension:\/\/fpelahbljekknahkcaegamhcndkfpfnc\/iFrame.js\" type=\"text\/javascript\"><\/script><\/p>\n<p><script src=\"chrome-extension:\/\/fpelahbljekknahkcaegamhcndkfpfnc\/iFrame.js\" type=\"text\/javascript\"><\/script><\/p>\n<p><script src=\"chrome-extension:\/\/fpelahbljekknahkcaegamhcndkfpfnc\/iFrame.js\" type=\"text\/javascript\"><\/script><\/p>\n<p><script src=\"chrome-extension:\/\/fpelahbljekknahkcaegamhcndkfpfnc\/iFrame.js\" type=\"text\/javascript\"><\/script><\/p>\n<p><script src=\"chrome-extension:\/\/fpelahbljekknahkcaegamhcndkfpfnc\/iFrame.js\" type=\"text\/javascript\"><\/script><\/p>\n<p><script src=\"chrome-extension:\/\/fpelahbljekknahkcaegamhcndkfpfnc\/iFrame.js\" type=\"text\/javascript\"><\/script><\/p>\n<p><script src=\"chrome-extension:\/\/fpelahbljekknahkcaegamhcndkfpfnc\/iFrame.js\" type=\"text\/javascript\"><\/script><\/p>\n<p><script src=\"chrome-extension:\/\/fpelahbljekknahkcaegamhcndkfpfnc\/iFrame.js\" type=\"text\/javascript\"><\/script><\/p>\n<p><script src=\"chrome-extension:\/\/fpelahbljekknahkcaegamhcndkfpfnc\/iFrame.js\" type=\"text\/javascript\"><\/script><\/p>\n<p><script src=\"chrome-extension:\/\/fpelahbljekknahkcaegamhcndkfpfnc\/iFrame.js\" type=\"text\/javascript\"><\/script><\/p>\n<p><script src=\"chrome-extension:\/\/fpelahbljekknahkcaegamhcndkfpfnc\/iFrame.js\" type=\"text\/javascript\"><\/script><\/p>\n<p><script src=\"chrome-extension:\/\/fpelahbljekknahkcaegamhcndkfpfnc\/iFrame.js\" type=\"text\/javascript\"><\/script><\/p>\n","protected":false},"featured_media":6217,"comment_status":"open","ping_status":"closed","template":"","meta":[],"product_brand":[88],"product_cat":[156,94,68,76],"product_tag":[],"class_list":{"0":"post-4488","1":"product","2":"type-product","3":"status-publish","4":"has-post-thumbnail","6":"product_brand-samsung","7":"product_cat-q70d-2024","8":"product_cat-qled-tv","9":"product_cat-smart-tv","10":"product_cat-televisions","11":"pa_kich-co-man-hinh-65-inch","13":"first","14":"instock","15":"sale","16":"shipping-taxable","17":"purchasable","18":"product-type-simple"},"_links":{"self":[{"href":"https:\/\/tivi-samsung.com\/index.php?rest_route=\/wp\/v2\/product\/4488","targetHints":{"allow":["GET"]}}],"collection":[{"href":"https:\/\/tivi-samsung.com\/index.php?rest_route=\/wp\/v2\/product"}],"about":[{"href":"https:\/\/tivi-samsung.com\/index.php?rest_route=\/wp\/v2\/types\/product"}],"replies":[{"embeddable":true,"href":"https:\/\/tivi-samsung.com\/index.php?rest_route=%2Fwp%2Fv2%2Fcomments&post=4488"}],"version-history":[{"count":14,"href":"https:\/\/tivi-samsung.com\/index.php?rest_route=\/wp\/v2\/product\/4488\/revisions"}],"predecessor-version":[{"id":4660,"href":"https:\/\/tivi-samsung.com\/index.php?rest_route=\/wp\/v2\/product\/4488\/revisions\/4660"}],"wp:featuredmedia":[{"embeddable":true,"href":"https:\/\/tivi-samsung.com\/index.php?rest_route=\/wp\/v2\/media\/6217"}],"wp:attachment":[{"href":"https:\/\/tivi-samsung.com\/index.php?rest_route=%2Fwp%2Fv2%2Fmedia&parent=4488"}],"wp:term":[{"taxonomy":"product_brand","embeddable":true,"href":"https:\/\/tivi-samsung.com\/index.php?rest_route=%2Fwp%2Fv2%2Fproduct_brand&post=4488"},{"taxonomy":"product_cat","embeddable":true,"href":"https:\/\/tivi-samsung.com\/index.php?rest_route=%2Fwp%2Fv2%2Fproduct_cat&post=4488"},{"taxonomy":"product_tag","embeddable":true,"href":"https:\/\/tivi-samsung.com\/index.php?rest_route=%2Fwp%2Fv2%2Fproduct_tag&post=4488"}],"curies":[{"name":"wp","href":"https:\/\/api.w.org\/{rel}","templated":true}]}}