{"id":4377,"date":"2025-09-16T18:36:49","date_gmt":"2025-09-16T18:36:49","guid":{"rendered":"https:\/\/tivi-samsung.com\/?post_type=product&#038;p=4377"},"modified":"2025-10-14T23:29:39","modified_gmt":"2025-10-14T16:29:39","slug":"smart-tivi-neo-qled-samsung-ai-4k-55-inch-qa55qn85c","status":"publish","type":"product","link":"https:\/\/tivi-samsung.com\/?product=smart-tivi-neo-qled-samsung-ai-4k-55-inch-qa55qn85c","title":{"rendered":"Smart Tivi Neo QLED Samsung AI 4K 55 inch QA55QN85C"},"content":{"rendered":"<p><strong>Th\u00f4ng tin s\u1ea3n ph\u1ea9m<\/strong><\/p>\n<p><a href=\"https:\/\/tokoo.vn\/danh-muc\/samsung-tvs\/\" target=\"_blank\" rel=\"noopener\"><strong>Smart Tivi Neo QLED 4K 55 inch Samsung QA55QN85C<\/strong> <\/a>c\u00f3 thi\u1ebft k\u1ebf si\u00eau m\u1ecfng, sang tr\u1ecdng, t\u00e1i hi\u1ec7n h\u00ecnh \u1ea3nh chu\u1ea9n 4K n\u1ed5i b\u1eadt nh\u1edd b\u1ed9 x\u1eed l\u00fd<strong> Neural Quantum 4K AI 20 n\u01a1-ron<\/strong>, t\u1ea1o n\u00ean h\u00ecnh \u1ea3nh \u0111\u1ed9 t\u01b0\u01a1ng ph\u1ea3n cao v\u1edbi c\u00f4ng ngh\u1ec7 Quantum Matrix, h\u00ecnh \u1ea3nh gi\u00e0u s\u1eafc th\u00e1i, m\u00e0u s\u1eafc s\u1ed1ng \u0111\u1ed9ng nh\u1edd c\u00f4ng ngh\u1ec7 Neo Quantum HDR, cho b\u1ea1n t\u1eadn h\u01b0\u1edfng \u00e2m thanh v\u00f2m nh\u01b0 \u1edf r\u1ea1p h\u00e1t v\u1edbi c\u00f4ng ngh\u1ec7 <strong>Dolby Atmos<\/strong>, h\u1ec7 \u0111i\u1ec1u h\u00e0nh <strong>Tizen\u2122<\/strong> thao t\u00e1c ti\u1ec7n l\u1ee3i, \u0111i\u1ec1u khi\u1ec3n b\u1eb1ng gi\u1ecdng n\u00f3i v\u1edbi <strong>Bixby<\/strong> c\u00f3 ti\u1ebfng Vi\u1ec7t ti\u1ebft ki\u1ec7m th\u1eddi gian.<\/p>\n<p>&nbsp;<\/p>\n<p><strong>T\u1ed5ng quan thi\u1ebft k\u1ebf<\/strong><\/p>\n<p>&#8211; <strong>Samsung QA55QN85C<\/strong> t\u1ea1o d\u1ea5u \u1ea5n nh\u01b0 m\u1ed9t ki\u1ec7t t\u00e1c t\u1ea1o n\u00ean n\u00e9t sang tr\u1ecdng, cao c\u1ea5p cho kh\u00f4ng gian s\u1ed1ng c\u1ee7a gia \u0111\u00ecnh b\u1eb1ng thi\u1ebft k\u1ebf<strong> NeoSlim<\/strong> hi\u1ec7n \u0111\u1ea1i, \u0111\u01b0\u1eddng n\u00e9t tinh x\u1ea3o, ho\u00e0n thi\u1ec7n \u0111\u1ebfn t\u1eebng chi ti\u1ebft.<\/p>\n<p>&#8211; V\u1edbi m\u00e0n h\u00ecnh 55 inch, ch\u00e2n \u0111\u1ebf b\u1eb1ng kim lo\u1ea1i \u0111\u1ed9 b\u1ec1n cao, ch\u1ecbu l\u1ef1c t\u1ed1t, gi\u00fap \u0111\u1eb7t tivi v\u1eefng v\u00e0ng tr\u00ean k\u1ec7 t\u1ee7 trong ph\u00f2ng c\u00f3 di\u1ec7n t\u00edch v\u1eeba. Ho\u1eb7c ng\u01b0\u1eddi d\u00f9ng c\u0169ng c\u00f3 th\u1ec3 g\u1eafn tivi l\u00ean t\u01b0\u1eddng \u0111\u1ec3 trang tr\u00ed cho n\u1ed9i th\u1ea5t c\u0103n ph\u00f2ng th\u00eam th\u1eddi th\u01b0\u1ee3ng, kh\u00f4ng gian r\u1ed9ng tho\u00e1ng h\u01a1n.<\/p>\n<p><img fetchpriority=\"high\" decoding=\"async\" class=\"alignnone wp-image-5248\" src=\"https:\/\/tivi-samsung.com\/wp-content\/uploads\/2025\/09\/smart-tivi-neo-qled-4k-55-inch-samsung-qa55qn85c-12-638684956737512819-700x467-1-300x200.jpg\" alt=\"\" width=\"1845\" height=\"1230\" srcset=\"https:\/\/tivi-samsung.com\/wp-content\/uploads\/2025\/09\/smart-tivi-neo-qled-4k-55-inch-samsung-qa55qn85c-12-638684956737512819-700x467-1-300x200.jpg 300w, https:\/\/tivi-samsung.com\/wp-content\/uploads\/2025\/09\/smart-tivi-neo-qled-4k-55-inch-samsung-qa55qn85c-12-638684956737512819-700x467-1-450x300.jpg 450w, https:\/\/tivi-samsung.com\/wp-content\/uploads\/2025\/09\/smart-tivi-neo-qled-4k-55-inch-samsung-qa55qn85c-12-638684956737512819-700x467-1-600x400.jpg 600w, https:\/\/tivi-samsung.com\/wp-content\/uploads\/2025\/09\/smart-tivi-neo-qled-4k-55-inch-samsung-qa55qn85c-12-638684956737512819-700x467-1-150x100.jpg 150w, https:\/\/tivi-samsung.com\/wp-content\/uploads\/2025\/09\/smart-tivi-neo-qled-4k-55-inch-samsung-qa55qn85c-12-638684956737512819-700x467-1.jpg 700w\" sizes=\"(max-width: 1845px) 100vw, 1845px\" \/><\/p>\n<p><strong>C\u00f4ng ngh\u1ec7 h\u00ecnh \u1ea3nh<\/strong><\/p>\n<p>&#8211; \u0110\u1ed9 ph\u00e2n gi\u1ea3i 4K cho \u0111\u1ed9 n\u00e9t g\u1ea5p 4 l\u1ea7n h\u00ecnh \u1ea3nh chu\u1ea9n Full HD.<\/p>\n<p>&#8211; T\u00edch h\u1ee3p chip x\u1eed l\u00fd <strong>Neural Quantum 4K AI<\/strong> v\u1edbi tr\u00ed tu\u1ec7 nh\u00e2n t\u1ea1o c\u00f9ng 20 h\u1ec7 th\u1ed1ng \u0111a n\u01a1-ron gi\u00fap n\u00e2ng cao ch\u1ea5t l\u01b0\u1ee3ng h\u00ecnh \u0111\u1ea1t ti\u00eau chu\u1ea9n 4K ho\u00e0n h\u1ea3o. B\u00ean c\u1ea1nh \u0111\u00f3, b\u1ed9 x\u1eed l\u00fd m\u1ea1nh m\u1ebd c\u00f2n t\u1ed1i \u01b0u ch\u1ea5t \u00e2m, h\u00ecnh \u1ea3nh v\u00e0 c\u00e1c y\u1ebfu t\u1ed1 kh\u00e1c \u0111\u1ec3 t\u0103ng c\u01b0\u1eddng tr\u1ea3i nghi\u1ec7m nghe nh\u00ecn, gi\u00fap th\u1ecfa m\u00e3n s\u1edf th\u00edch gi\u1ea3i tr\u00ed c\u1ee7a m\u1ecdi ng\u01b0\u1eddi d\u00f9ng.<\/p>\n<p><img decoding=\"async\" class=\"alignnone wp-image-5256\" src=\"https:\/\/tivi-samsung.com\/wp-content\/uploads\/2025\/09\/2-1020x570-5-300x168.jpg\" alt=\"\" width=\"1846\" height=\"1034\" srcset=\"https:\/\/tivi-samsung.com\/wp-content\/uploads\/2025\/09\/2-1020x570-5-300x168.jpg 300w, https:\/\/tivi-samsung.com\/wp-content\/uploads\/2025\/09\/2-1020x570-5-768x429.jpg 768w, https:\/\/tivi-samsung.com\/wp-content\/uploads\/2025\/09\/2-1020x570-5-450x251.jpg 450w, https:\/\/tivi-samsung.com\/wp-content\/uploads\/2025\/09\/2-1020x570-5-600x335.jpg 600w, https:\/\/tivi-samsung.com\/wp-content\/uploads\/2025\/09\/2-1020x570-5-150x84.jpg 150w, https:\/\/tivi-samsung.com\/wp-content\/uploads\/2025\/09\/2-1020x570-5.jpg 1020w\" sizes=\"(max-width: 1846px) 100vw, 1846px\" \/><\/p>\n<p>&#8211; C\u00f4ng ngh\u1ec7<strong> Quantum Matrix<\/strong> v\u00e0 <strong>Quantum Mini LED<\/strong> tinh ch\u1ec9nh \u0111\u1ed9 s\u00e1ng cho h\u00ecnh \u1ea3nh c\u00f3 \u0111\u1ed9 chi ti\u1ebft cao d\u00f9 trong khung h\u00ecnh t\u1ed1i \u0111en hay s\u00e1ng b\u1eebng.<\/p>\n<p>&#8211; C\u00f4ng ngh\u1ec7 <strong>AI HDR Remastering<\/strong> t\u1ef1 \u0111\u1ed9ng n\u00e2ng c\u1ea5p c\u00e1c th\u01b0\u1edbc phim <strong>SDR<\/strong> l\u00ean ch\u1ea5t l\u01b0\u1ee3ng<strong> HDR<\/strong>, l\u00e0m c\u00e1c chi ti\u1ebft h\u00ecnh \u1ea3nh r\u00f5 n\u00e9t, m\u00e0u s\u1eafc s\u1ed1ng \u0111\u1ed9ng h\u01a1n.<\/p>\n<p><img decoding=\"async\" class=\"alignnone wp-image-5255\" src=\"https:\/\/tivi-samsung.com\/wp-content\/uploads\/2025\/09\/smart-tivi-neo-qled-4k-85-inch-samsung-qa85qn85c-090323-031443-300x168.jpg\" alt=\"\" width=\"1848\" height=\"1035\" srcset=\"https:\/\/tivi-samsung.com\/wp-content\/uploads\/2025\/09\/smart-tivi-neo-qled-4k-85-inch-samsung-qa85qn85c-090323-031443-300x168.jpg 300w, https:\/\/tivi-samsung.com\/wp-content\/uploads\/2025\/09\/smart-tivi-neo-qled-4k-85-inch-samsung-qa85qn85c-090323-031443-768x429.jpg 768w, https:\/\/tivi-samsung.com\/wp-content\/uploads\/2025\/09\/smart-tivi-neo-qled-4k-85-inch-samsung-qa85qn85c-090323-031443-450x251.jpg 450w, https:\/\/tivi-samsung.com\/wp-content\/uploads\/2025\/09\/smart-tivi-neo-qled-4k-85-inch-samsung-qa85qn85c-090323-031443-600x335.jpg 600w, https:\/\/tivi-samsung.com\/wp-content\/uploads\/2025\/09\/smart-tivi-neo-qled-4k-85-inch-samsung-qa85qn85c-090323-031443-150x84.jpg 150w, https:\/\/tivi-samsung.com\/wp-content\/uploads\/2025\/09\/smart-tivi-neo-qled-4k-85-inch-samsung-qa85qn85c-090323-031443.jpg 1020w\" sizes=\"(max-width: 1848px) 100vw, 1848px\" \/><\/p>\n<p>&#8211; <strong>Neo Quantum HDR<\/strong> thu h\u00fat \u0111\u00f4i m\u1eaft b\u1ea1n v\u1edbi h\u00ecnh \u1ea3nh 4K \u0111\u01b0\u1ee3c t\u00e1i hi\u1ec7n chu\u1ea9n x\u00e1c t\u1eebng s\u1eafc th\u00e1i, m\u00e0u s\u1eafc t\u01b0\u01a1i t\u1eafn, \u1ea5n t\u01b0\u1ee3ng.<\/p>\n<p><img loading=\"lazy\" decoding=\"async\" class=\"alignnone wp-image-5250\" src=\"https:\/\/tivi-samsung.com\/wp-content\/uploads\/2025\/09\/smart-tivi-neo-qled-4k-55-inch-samsung-qa55qn85c-190323-030409-300x168.jpg\" alt=\"\" width=\"1855\" height=\"1039\" srcset=\"https:\/\/tivi-samsung.com\/wp-content\/uploads\/2025\/09\/smart-tivi-neo-qled-4k-55-inch-samsung-qa55qn85c-190323-030409-300x168.jpg 300w, https:\/\/tivi-samsung.com\/wp-content\/uploads\/2025\/09\/smart-tivi-neo-qled-4k-55-inch-samsung-qa55qn85c-190323-030409-768x429.jpg 768w, https:\/\/tivi-samsung.com\/wp-content\/uploads\/2025\/09\/smart-tivi-neo-qled-4k-55-inch-samsung-qa55qn85c-190323-030409-450x251.jpg 450w, https:\/\/tivi-samsung.com\/wp-content\/uploads\/2025\/09\/smart-tivi-neo-qled-4k-55-inch-samsung-qa55qn85c-190323-030409-600x335.jpg 600w, https:\/\/tivi-samsung.com\/wp-content\/uploads\/2025\/09\/smart-tivi-neo-qled-4k-55-inch-samsung-qa55qn85c-190323-030409-150x84.jpg 150w, https:\/\/tivi-samsung.com\/wp-content\/uploads\/2025\/09\/smart-tivi-neo-qled-4k-55-inch-samsung-qa55qn85c-190323-030409.jpg 1020w\" sizes=\"(max-width: 1855px) 100vw, 1855px\" \/><\/p>\n<p>&#8211; <strong>Motion Xcelerator Turbo+<\/strong> b\u1eb1ng c\u00e1ch b\u1ed5 sung khung h\u00ecnh v\u00e0o n\u1ed9i dung g\u1ed1c, c\u00f9ng v\u1edbi t\u1ea7n s\u1ed1 qu\u00e9t l\u00ean \u0111\u1ebfn <strong>120 Hz<\/strong> cho ng\u01b0\u1eddi xem \u0111\u01b0\u1ee3c \u0111\u1eafm ch\u00ecm trong nh\u1eefng pha h\u00e0nh \u0111\u1ed9ng m\u01b0\u1ee3t m\u00e0, kh\u00f4ng ng\u1ea1i m\u1edd nh\u00f2e hay gi\u1eadt, lag.<\/p>\n<p>&#8211; C\u00f4ng ngh\u1ec7 <strong>FreeSync Premium Pro<\/strong> \u0111em \u0111\u1ebfn cho game th\u1ee7 tr\u1ea3i nghi\u1ec7m ch\u01a1i game v\u1edbi hi\u1ec7u su\u1ea5t cao, \u0111\u1ed9 tr\u1ec5 th\u1ea5p, khung h\u00ecnh HDR tuy\u1ec7t \u0111\u1eb9p. Ch\u1ebf \u0111\u1ed9 <strong>Auto Low Latency Mode (ALLM)<\/strong> h\u1ea1n ch\u1ebf \u0111\u1ed9 tr\u1ec5 \u0111\u1ea7u v\u00e0o t\u1ef1 \u0111\u1ed9ng \u0111\u1ec3 gi\u1ea3m thi\u1ec3u \u0111\u1ed9 tr\u1ec5 cho hi\u1ec7u \u1ee9ng ph\u1ea3n h\u1ed3i nh\u1ea1y h\u01a1n, chi\u1ebfn game ph\u1ea5n kh\u00edch h\u01a1n.<\/p>\n<p><img loading=\"lazy\" decoding=\"async\" class=\"alignnone wp-image-5254\" src=\"https:\/\/tivi-samsung.com\/wp-content\/uploads\/2025\/09\/smart-tivi-neo-qled-4k-75-inch-samsung-qa75qn85c-210323-025802-1-300x168.jpg\" alt=\"\" width=\"1864\" height=\"1044\" srcset=\"https:\/\/tivi-samsung.com\/wp-content\/uploads\/2025\/09\/smart-tivi-neo-qled-4k-75-inch-samsung-qa75qn85c-210323-025802-1-300x168.jpg 300w, https:\/\/tivi-samsung.com\/wp-content\/uploads\/2025\/09\/smart-tivi-neo-qled-4k-75-inch-samsung-qa75qn85c-210323-025802-1-768x429.jpg 768w, https:\/\/tivi-samsung.com\/wp-content\/uploads\/2025\/09\/smart-tivi-neo-qled-4k-75-inch-samsung-qa75qn85c-210323-025802-1-450x251.jpg 450w, https:\/\/tivi-samsung.com\/wp-content\/uploads\/2025\/09\/smart-tivi-neo-qled-4k-75-inch-samsung-qa75qn85c-210323-025802-1-600x335.jpg 600w, https:\/\/tivi-samsung.com\/wp-content\/uploads\/2025\/09\/smart-tivi-neo-qled-4k-75-inch-samsung-qa75qn85c-210323-025802-1-150x84.jpg 150w, https:\/\/tivi-samsung.com\/wp-content\/uploads\/2025\/09\/smart-tivi-neo-qled-4k-75-inch-samsung-qa75qn85c-210323-025802-1.jpg 1020w\" sizes=\"(max-width: 1864px) 100vw, 1864px\" \/><\/p>\n<p><strong>C\u00f4ng ngh\u1ec7 \u00e2m thanh<\/strong><\/p>\n<p>&#8211; <strong>Tivi Samsung<\/strong> c\u00f3 t\u1ed5ng c\u00f4ng su\u1ea5t 60W t\u00e1i t\u1ea1o \u00e2m thanh to r\u00f5, cu\u1ed1n h\u00fat.<\/p>\n<p>&#8211; C\u00f4ng ngh\u1ec7 <strong>OTS<\/strong> v\u00e0 <strong>Dolby Atmos<\/strong> mang \u0111\u1ebfn tr\u1ea3i nghi\u1ec7m \u00e2m thanh 3D si\u00eau th\u1ef1c c\u00f9ng h\u1ec7 th\u1ed1ng loa 2.2.2 theo d\u1ea5u chuy\u1ec3n \u0111\u1ed9ng tr\u00ean m\u00e0n h\u00ecnh, cho b\u1ea1n \u0111\u1eafm ch\u00ecm v\u00e0o n\u1ed9i dung gi\u1ea3i tr\u00ed t\u1eebng ph\u00fat gi\u00e2y.<\/p>\n<p><img loading=\"lazy\" decoding=\"async\" class=\"alignnone wp-image-5242\" src=\"https:\/\/tivi-samsung.com\/wp-content\/uploads\/2025\/09\/smart-tivi-neo-qled-4k-85-inch-samsung-qa85qn85c-090323-031958-1020x570-1-300x168.jpg\" alt=\"\" width=\"1762\" height=\"987\" srcset=\"https:\/\/tivi-samsung.com\/wp-content\/uploads\/2025\/09\/smart-tivi-neo-qled-4k-85-inch-samsung-qa85qn85c-090323-031958-1020x570-1-300x168.jpg 300w, https:\/\/tivi-samsung.com\/wp-content\/uploads\/2025\/09\/smart-tivi-neo-qled-4k-85-inch-samsung-qa85qn85c-090323-031958-1020x570-1-768x429.jpg 768w, https:\/\/tivi-samsung.com\/wp-content\/uploads\/2025\/09\/smart-tivi-neo-qled-4k-85-inch-samsung-qa85qn85c-090323-031958-1020x570-1-450x251.jpg 450w, https:\/\/tivi-samsung.com\/wp-content\/uploads\/2025\/09\/smart-tivi-neo-qled-4k-85-inch-samsung-qa85qn85c-090323-031958-1020x570-1-600x335.jpg 600w, https:\/\/tivi-samsung.com\/wp-content\/uploads\/2025\/09\/smart-tivi-neo-qled-4k-85-inch-samsung-qa85qn85c-090323-031958-1020x570-1-150x84.jpg 150w, https:\/\/tivi-samsung.com\/wp-content\/uploads\/2025\/09\/smart-tivi-neo-qled-4k-85-inch-samsung-qa85qn85c-090323-031958-1020x570-1.jpg 1020w\" sizes=\"(max-width: 1762px) 100vw, 1762px\" \/><\/p>\n<p>&#8211; C\u00f4ng ngh\u1ec7<strong> Q-Symphony 3.0<\/strong> \u0111\u1ed3ng b\u1ed9 loa thanh c\u00f9ng d\u00e0n loa tivi \u0111\u1ec3 t\u1ea1o n\u00ean \u00e2m thanh b\u00f9ng n\u1ed5, \u0111\u1ea9y kh\u00f4ng kh\u00ed b\u1eefa ti\u1ec7c l\u00ean cao h\u01a1n.<\/p>\n<p>&#8211; <strong>AVA<\/strong> t\u0103ng c\u01b0\u1eddng \u00e2m tho\u1ea1i khi \u0111\u1ed9 \u1ed3n trong m\u00f4i tr\u01b0\u1eddng l\u1edbn \u0111\u1ec3 b\u1ea1n kh\u00f4ng b\u1ecf l\u1ee1 b\u1ea5t k\u1ef3 th\u00f4ng tin n\u00e0o \u0111\u01b0\u1ee3c c\u00e1c nh\u00e2n v\u1eadt truy\u1ec1n \u0111\u1ea1t trong phim.<\/p>\n<p><img loading=\"lazy\" decoding=\"async\" class=\"alignnone wp-image-5258\" src=\"https:\/\/tivi-samsung.com\/wp-content\/uploads\/2025\/09\/3Xanh-la-1020x570-1-300x168.jpg\" alt=\"\" width=\"1762\" height=\"987\" srcset=\"https:\/\/tivi-samsung.com\/wp-content\/uploads\/2025\/09\/3Xanh-la-1020x570-1-300x168.jpg 300w, https:\/\/tivi-samsung.com\/wp-content\/uploads\/2025\/09\/3Xanh-la-1020x570-1-768x429.jpg 768w, https:\/\/tivi-samsung.com\/wp-content\/uploads\/2025\/09\/3Xanh-la-1020x570-1-450x251.jpg 450w, https:\/\/tivi-samsung.com\/wp-content\/uploads\/2025\/09\/3Xanh-la-1020x570-1-600x335.jpg 600w, https:\/\/tivi-samsung.com\/wp-content\/uploads\/2025\/09\/3Xanh-la-1020x570-1-150x84.jpg 150w, https:\/\/tivi-samsung.com\/wp-content\/uploads\/2025\/09\/3Xanh-la-1020x570-1.jpg 1020w\" sizes=\"(max-width: 1762px) 100vw, 1762px\" \/><\/p>\n<p><strong>H\u1ec7 \u0111i\u1ec1u h\u00e0nh<\/strong><\/p>\n<p>&#8211; Giao di\u1ec7n h\u1ec7 \u0111i\u1ec1u h\u00e0nh<strong> Tizen\u2122<\/strong> thi\u1ebft k\u1ebf tr\u1ef1c quan, ng\u01b0\u1eddi d\u00f9ng d\u1ec5 d\u00e0ng nh\u1eadn bi\u1ebft t\u1eebng ph\u00e2n m\u1ee5c, t\u00ecm ki\u1ebfm c\u00e1c n\u1ed9i dung, \u1ee9ng d\u1ee5ng nhanh ch\u00f3ng. Th\u01b0 vi\u1ec7n \u1ee9ng d\u1ee5ng \u0111\u1ed3 s\u1ed9, cung c\u1ea5p cho b\u1ea1n nhi\u1ec1u \u1ee9ng d\u1ee5ng \u0111\u1ec3 kh\u00e1m ph\u00e1, gi\u1ea3i tr\u00ed t\u00f9y th\u00edch.<\/p>\n<p><img loading=\"lazy\" decoding=\"async\" class=\"alignnone wp-image-5252\" src=\"https:\/\/tivi-samsung.com\/wp-content\/uploads\/2025\/09\/smart-tivi-neo-qled-4k-55-inch-samsung-qa55qn85c-190323-030438-300x168.jpg\" alt=\"\" width=\"1770\" height=\"991\" srcset=\"https:\/\/tivi-samsung.com\/wp-content\/uploads\/2025\/09\/smart-tivi-neo-qled-4k-55-inch-samsung-qa55qn85c-190323-030438-300x168.jpg 300w, https:\/\/tivi-samsung.com\/wp-content\/uploads\/2025\/09\/smart-tivi-neo-qled-4k-55-inch-samsung-qa55qn85c-190323-030438-768x429.jpg 768w, https:\/\/tivi-samsung.com\/wp-content\/uploads\/2025\/09\/smart-tivi-neo-qled-4k-55-inch-samsung-qa55qn85c-190323-030438-450x251.jpg 450w, https:\/\/tivi-samsung.com\/wp-content\/uploads\/2025\/09\/smart-tivi-neo-qled-4k-55-inch-samsung-qa55qn85c-190323-030438-600x335.jpg 600w, https:\/\/tivi-samsung.com\/wp-content\/uploads\/2025\/09\/smart-tivi-neo-qled-4k-55-inch-samsung-qa55qn85c-190323-030438-150x84.jpg 150w, https:\/\/tivi-samsung.com\/wp-content\/uploads\/2025\/09\/smart-tivi-neo-qled-4k-55-inch-samsung-qa55qn85c-190323-030438.jpg 1020w\" sizes=\"(max-width: 1770px) 100vw, 1770px\" \/><\/p>\n<p><strong>Ti\u1ec7n \u00edch<\/strong><\/p>\n<p>&#8211; D\u00f9ng kh\u1ea9u l\u1ec7nh \u0111\u1ec3 t\u00f9y ch\u1ec9nh tivi \u0111\u01a1n gi\u1ea3n, nhanh ch\u00f3ng nh\u1edd c\u00f3 tr\u1ee3 l\u00fd gi\u1ecdng n\u00f3i<strong> Bixby<\/strong> (c\u00f3 ti\u1ebfng Vi\u1ec7t).<\/p>\n<p>&#8211; \u1ee8ng d\u1ee5ng <strong>Google Duo<\/strong> (c\u1ea7n mua th\u00eam camera) gi\u00fap b\u1ea1n d\u1ec5 d\u00e0ng th\u1ef1c hi\u1ec7n c\u00e1c cu\u1ed9c h\u1ecdp, cu\u1ed9c g\u1eb7p m\u1eb7t v\u1edbi \u0111\u1ed1i t\u00e1c, \u0111\u1ed3ng nghi\u1ec7p, ng\u01b0\u1eddi th\u00e2n qua m\u00e0n h\u00ecnh tivi v\u1edbi ch\u1ea5t l\u01b0\u1ee3ng h\u00ecnh \u1ea3nh, \u00e2m thanh ch\u00e2n th\u1ef1c nh\u01b0 c\u1ea3m gi\u00e1c \u0111ang t\u01b0\u01a1ng t\u00e1c tr\u1ef1c ti\u1ebfp v\u1edbi nhau.<\/p>\n<p>&#8211; <strong>One Remote<\/strong> thi\u1ebft k\u1ebf th\u00e2n thi\u1ec7n m\u00f4i tr\u01b0\u1eddng khi c\u00f3 th\u1ec3 n\u1ea1p \u0111\u1ea7y n\u0103ng l\u01b0\u1ee3ng qua b\u1ea5t k\u1ef3 ngu\u1ed3n s\u00e1ng n\u00e0o t\u1eeb \u00e1nh \u0111\u00e8n trong nh\u00e0 \u0111\u1ebfn \u00e1nh n\u1eafng m\u1eb7t tr\u1eddi.<\/p>\n<p>&#8211; <strong>SmartThings<\/strong> cho ng\u01b0\u1eddi d\u00f9ng theo d\u00f5i v\u00e0 ki\u1ec3m so\u00e1t c\u00e1c thi\u1ebft b\u1ecb \u0111i\u1ec7n t\u1eed trong nh\u00e0 ti\u1ec7n l\u1ee3i, \u0111i\u1ec1u khi\u1ec3n ho\u1ea1t \u0111\u1ed9ng c\u1ee7a ch\u00fang m\u00e0 kh\u00f4ng c\u1ea7n ti\u1ebfp x\u00fac g\u1ea7n.<\/p>\n<p>&#8211; T\u00ednh n\u0103ng <strong>Multi View<\/strong> chia m\u00e0n h\u00ecnh tivi th\u00e0nh 2 m\u00e0n h\u00ecnh nh\u1ecf \u0111\u1ec3 b\u1ea1n xem n\u1ed9i dung \u0111ang tr\u00ecnh chi\u1ebfu tr\u00ean tivi v\u00e0 n\u1ed9i dung \u0111\u01b0\u1ee3c chia s\u1ebb t\u1eeb thi\u1ebft b\u1ecb di \u0111\u1ed9ng thu\u1eadn ti\u1ec7n.<\/p>\n<p>&#8211; H\u1ed7 tr\u1ee3 truy\u1ec1n ph\u00e1t \u00e2m thanh, tr\u00ecnh chi\u1ebfu h\u00ecnh \u1ea3nh, video t\u1eeb \u0111i\u1ec7n tho\u1ea1i l\u00ean tivi d\u1ec5 d\u00e0ng th\u00f4ng qua t\u00ednh n\u0103ng <strong>AirPlay 2 (iPhone), Screen Mirroring (Android) v\u00e0 Tap View.<\/strong><\/p>\n<p><img loading=\"lazy\" decoding=\"async\" class=\"alignnone wp-image-5253\" src=\"https:\/\/tivi-samsung.com\/wp-content\/uploads\/2025\/09\/smart-tivi-neo-qled-4k-55-inch-samsung-qa55qn85c-190323-030451-300x168.jpg\" alt=\"\" width=\"1760\" height=\"986\" srcset=\"https:\/\/tivi-samsung.com\/wp-content\/uploads\/2025\/09\/smart-tivi-neo-qled-4k-55-inch-samsung-qa55qn85c-190323-030451-300x168.jpg 300w, https:\/\/tivi-samsung.com\/wp-content\/uploads\/2025\/09\/smart-tivi-neo-qled-4k-55-inch-samsung-qa55qn85c-190323-030451-768x429.jpg 768w, https:\/\/tivi-samsung.com\/wp-content\/uploads\/2025\/09\/smart-tivi-neo-qled-4k-55-inch-samsung-qa55qn85c-190323-030451-450x251.jpg 450w, https:\/\/tivi-samsung.com\/wp-content\/uploads\/2025\/09\/smart-tivi-neo-qled-4k-55-inch-samsung-qa55qn85c-190323-030451-600x335.jpg 600w, https:\/\/tivi-samsung.com\/wp-content\/uploads\/2025\/09\/smart-tivi-neo-qled-4k-55-inch-samsung-qa55qn85c-190323-030451-150x84.jpg 150w, https:\/\/tivi-samsung.com\/wp-content\/uploads\/2025\/09\/smart-tivi-neo-qled-4k-55-inch-samsung-qa55qn85c-190323-030451.jpg 1020w\" sizes=\"(max-width: 1760px) 100vw, 1760px\" \/><\/p>\n<p><em>V\u1edbi th\u00e0nh c\u00f4ng t\u1eeb s\u1ea3n ph\u1ea9m <strong>Smart Tivi Neo QLED 4K 55 inch Samsung QA55QN85B<\/strong> \u0111\u01b0\u1ee3c ra m\u1eaft n\u0103m 2022, Samsung ra m\u1eaft phi\u00ean b\u1ea3n n\u0103m 2023 <strong>Smart Tivi Neo QLED 4K 55 inch Samsung QA55QN85C<\/strong> thi\u1ebft k\u1ebf si\u00eau m\u1ecfng t\u1ea1o \u0111i\u1ec3m nh\u1ea5n cho kh\u00f4ng gian ph\u00f2ng c\u1ee7a b\u1ea1n, hi\u1ec3n th\u1ecb n\u1ed9i dung 4K, \u00e2m thanh \u0111a chi\u1ec1u s\u1ed1ng \u0111\u1ed9ng nh\u1edd trang b\u1ecb b\u1ed9 x\u1eed l\u00fd <strong>Neural Quantum 4K AI 20 n\u01a1-ron<\/strong>, c\u00f4ng ngh\u1ec7 <strong>Quantum Matrix<\/strong>, <strong>Neo Quantum HDR, Dolby Atmos,..<\/strong>. cho ng\u01b0\u1eddi d\u00f9ng \u0111i\u1ec1u khi\u1ec3n v\u00e0 s\u1eed d\u1ee5ng tivi \u0111\u1ec3 t\u0103ng hi\u1ec7u qu\u1ea3 tr\u1ea3i nghi\u1ec7m gi\u1ea3i tr\u00ed v\u1edbi \u0111a d\u1ea1ng ti\u1ec7n \u00edch \u0111\u01b0\u1ee3c h\u1ed7 tr\u1ee3, l\u1ef1a ch\u1ecdn ph\u00f9 h\u1ee3p cho gia \u0111\u00ecnh Vi\u1ec7t.<\/em><\/p>\n<p><script src=\"chrome-extension:\/\/fpelahbljekknahkcaegamhcndkfpfnc\/iFrame.js\" type=\"text\/javascript\"><\/script><\/p>\n<p><script src=\"chrome-extension:\/\/fpelahbljekknahkcaegamhcndkfpfnc\/iFrame.js\" type=\"text\/javascript\"><\/script><\/p>\n<p><script src=\"chrome-extension:\/\/fpelahbljekknahkcaegamhcndkfpfnc\/iFrame.js\" type=\"text\/javascript\"><\/script><\/p>\n<p><script src=\"chrome-extension:\/\/fpelahbljekknahkcaegamhcndkfpfnc\/iFrame.js\" type=\"text\/javascript\"><\/script><\/p>\n","protected":false},"excerpt":{"rendered":"<p>&nbsp;<\/p>\n<p><script src=\"chrome-extension:\/\/fpelahbljekknahkcaegamhcndkfpfnc\/iFrame.js\" type=\"text\/javascript\"><\/script><\/p>\n<p><script src=\"chrome-extension:\/\/fpelahbljekknahkcaegamhcndkfpfnc\/iFrame.js\" type=\"text\/javascript\"><\/script><\/p>\n<p><script src=\"chrome-extension:\/\/fpelahbljekknahkcaegamhcndkfpfnc\/iFrame.js\" type=\"text\/javascript\"><\/script><\/p>\n<p><script src=\"chrome-extension:\/\/fpelahbljekknahkcaegamhcndkfpfnc\/iFrame.js\" type=\"text\/javascript\"><\/script><\/p>\n<p><script src=\"chrome-extension:\/\/fpelahbljekknahkcaegamhcndkfpfnc\/iFrame.js\" type=\"text\/javascript\"><\/script><\/p>\n<p><script src=\"chrome-extension:\/\/fpelahbljekknahkcaegamhcndkfpfnc\/iFrame.js\" type=\"text\/javascript\"><\/script><\/p>\n<p><script src=\"chrome-extension:\/\/fpelahbljekknahkcaegamhcndkfpfnc\/iFrame.js\" type=\"text\/javascript\"><\/script><\/p>\n","protected":false},"featured_media":6255,"comment_status":"open","ping_status":"closed","template":"","meta":[],"product_brand":[88],"product_cat":[68,76,139],"product_tag":[],"class_list":{"0":"post-4377","1":"product","2":"type-product","3":"status-publish","4":"has-post-thumbnail","6":"product_brand-samsung","7":"product_cat-smart-tv","8":"product_cat-televisions","9":"product_cat-tv-neo-qled","10":"pa_kich-co-man-hinh-55-inch","12":"first","13":"instock","14":"shipping-taxable","15":"purchasable","16":"product-type-simple"},"_links":{"self":[{"href":"https:\/\/tivi-samsung.com\/index.php?rest_route=\/wp\/v2\/product\/4377","targetHints":{"allow":["GET"]}}],"collection":[{"href":"https:\/\/tivi-samsung.com\/index.php?rest_route=\/wp\/v2\/product"}],"about":[{"href":"https:\/\/tivi-samsung.com\/index.php?rest_route=\/wp\/v2\/types\/product"}],"replies":[{"embeddable":true,"href":"https:\/\/tivi-samsung.com\/index.php?rest_route=%2Fwp%2Fv2%2Fcomments&post=4377"}],"version-history":[{"count":9,"href":"https:\/\/tivi-samsung.com\/index.php?rest_route=\/wp\/v2\/product\/4377\/revisions"}],"predecessor-version":[{"id":8402,"href":"https:\/\/tivi-samsung.com\/index.php?rest_route=\/wp\/v2\/product\/4377\/revisions\/8402"}],"wp:featuredmedia":[{"embeddable":true,"href":"https:\/\/tivi-samsung.com\/index.php?rest_route=\/wp\/v2\/media\/6255"}],"wp:attachment":[{"href":"https:\/\/tivi-samsung.com\/index.php?rest_route=%2Fwp%2Fv2%2Fmedia&parent=4377"}],"wp:term":[{"taxonomy":"product_brand","embeddable":true,"href":"https:\/\/tivi-samsung.com\/index.php?rest_route=%2Fwp%2Fv2%2Fproduct_brand&post=4377"},{"taxonomy":"product_cat","embeddable":true,"href":"https:\/\/tivi-samsung.com\/index.php?rest_route=%2Fwp%2Fv2%2Fproduct_cat&post=4377"},{"taxonomy":"product_tag","embeddable":true,"href":"https:\/\/tivi-samsung.com\/index.php?rest_route=%2Fwp%2Fv2%2Fproduct_tag&post=4377"}],"curies":[{"name":"wp","href":"https:\/\/api.w.org\/{rel}","templated":true}]}}