{"id":4371,"date":"2025-09-16T18:32:26","date_gmt":"2025-09-16T18:32:26","guid":{"rendered":"https:\/\/tivi-samsung.com\/?post_type=product&#038;p=4371"},"modified":"2025-10-14T23:30:19","modified_gmt":"2025-10-14T16:30:19","slug":"smart-tivi-neo-qled-samsung-ai-4k-55-inch-qa55qn90b","status":"publish","type":"product","link":"https:\/\/tivi-samsung.com\/?product=smart-tivi-neo-qled-samsung-ai-4k-55-inch-qa55qn90b","title":{"rendered":"Smart Tivi Neo QLED Samsung AI 4K 55 inch QA55QN90B"},"content":{"rendered":"<p><strong>Th\u00f4ng tin s\u1ea3n ph\u1ea9m<\/strong><\/p>\n<p><a href=\"https:\/\/tokoo.vn\/danh-muc\/samsung-tvs\/\" target=\"_blank\" rel=\"noopener\"><strong>Smart Tivi Neo QLED 4K 55 inch Samsung QA55QN90B<\/strong><\/a> mang thi\u1ebft k\u1ebf sang tr\u1ecdng, m\u00e0n h\u00ecnh 55 inch vi\u1ec1n 4 c\u1ea1nh tinh t\u1ebf, b\u1ed9 x\u1eed l\u00fd Neo Quantum 4K n\u00e2ng c\u1ea5p h\u00ecnh \u1ea3nh g\u1ea7n chu\u1ea9n 4K, \u200bh\u1ec7 \u0111i\u1ec1u h\u00e0nh Tizen\u2122 hi\u1ec7n \u0111\u1ea1i c\u00f9ng nhi\u1ec1u ti\u1ec7n \u00edch n\u1ed5i b\u1eadt kh\u00e1c s\u1ebd \u0111\u00e1p \u1ee9ng nhu c\u1ea7u gi\u1ea3i tr\u00ed c\u1ee7a gia \u0111\u00ecnh b\u1ea1n.<\/p>\n<p><strong>T\u1ed5ng quan thi\u1ebft k\u1ebf<\/strong><\/p>\n<p>&#8211; <strong>Smart Tivi Neo QLED 4K 55 inch Samsung QA55QN90B<\/strong> sang tr\u1ecdng, th\u1eddi th\u01b0\u1ee3ng, ch\u00e2n \u0111\u1ebf ch\u1eafc ch\u1eafn, m\u1eb7t sau t\u1ed1i gi\u1ea3n.<\/p>\n<p>&#8211; M\u00e0n h\u00ecnh m\u1ecfng vi\u1ec1n 4 c\u1ea1n v\u1edbi ch\u1ea5t li\u1ec7u nh\u1ef1a tinh t\u1ebf, \u0111em \u0111\u1ebfn tr\u1ea3i nghi\u1ec7m gi\u1ea3i tr\u00ed \u0111\u1ec9nh cao.<\/p>\n<p>&#8211; Tivi k\u00edch c\u1ee1 55 inch th\u00edch h\u1ee3p v\u1edbi kh\u00f4ng gian ph\u00f2ng kh\u00e1ch v\u00e0 ph\u00f2ng ng\u1ee7,&#8230;<\/p>\n<p><img fetchpriority=\"high\" decoding=\"async\" class=\"alignnone wp-image-5260\" style=\"letter-spacing: 0px;\" src=\"https:\/\/tivi-samsung.com\/wp-content\/uploads\/2025\/09\/smart-neo-qled-4k-55-inch-samsung-qa55qn90b-090322-014401-300x168.jpg\" alt=\"\" width=\"1820\" height=\"1019\" srcset=\"https:\/\/tivi-samsung.com\/wp-content\/uploads\/2025\/09\/smart-neo-qled-4k-55-inch-samsung-qa55qn90b-090322-014401-300x168.jpg 300w, https:\/\/tivi-samsung.com\/wp-content\/uploads\/2025\/09\/smart-neo-qled-4k-55-inch-samsung-qa55qn90b-090322-014401-768x429.jpg 768w, https:\/\/tivi-samsung.com\/wp-content\/uploads\/2025\/09\/smart-neo-qled-4k-55-inch-samsung-qa55qn90b-090322-014401-450x251.jpg 450w, https:\/\/tivi-samsung.com\/wp-content\/uploads\/2025\/09\/smart-neo-qled-4k-55-inch-samsung-qa55qn90b-090322-014401-600x335.jpg 600w, https:\/\/tivi-samsung.com\/wp-content\/uploads\/2025\/09\/smart-neo-qled-4k-55-inch-samsung-qa55qn90b-090322-014401-150x84.jpg 150w, https:\/\/tivi-samsung.com\/wp-content\/uploads\/2025\/09\/smart-neo-qled-4k-55-inch-samsung-qa55qn90b-090322-014401.jpg 1020w\" sizes=\"(max-width: 1820px) 100vw, 1820px\" \/><\/p>\n<p><strong>C\u00f4ng ngh\u1ec7 h\u00ecnh \u1ea3nh<\/strong><\/p>\n<p>&#8211; \u0110\u1ed9 ph\u00e2n gi\u1ea3i <strong>4K<\/strong> s\u1eafc n\u00e9t.<\/p>\n<p>&#8211; B\u1ed9 x\u1eed l\u00fd <strong>Neo Quantum 4K<\/strong> s\u1edf h\u1eefu c\u00f4ng ngh\u1ec7 tr\u00ed th\u00f4ng minh nh\u00e2n t\u1ea1o AI t\u1ef1 \u0111\u1ed9ng n\u00e2ng c\u1ea5p \u0111\u1ed9 ph\u00e2n gi\u1ea3i h\u00ecnh \u1ea3nh g\u1ea7n v\u1edbi chu\u1ea9n 4K. B\u00ean c\u1ea1nh \u0111\u00f3, b\u1ed9 x\u1eed l\u00fd c\u00f2n h\u1ed7 tr\u1ee3 \u0111i\u1ec1u ch\u1ec9nh \u00e2m l\u01b0\u1ee3ng v\u00e0 gi\u1ea3m \u0111\u1ed9 tr\u1ec5 khi ch\u01a1i game.<\/p>\n<p>&#8211; C\u00f4ng ngh\u1ec7 <strong>Quantum Matrix<\/strong> t\u1ef1 \u0111\u1ed9ng ph\u00e2n t\u00edch v\u00e0 ki\u1ec3m so\u00e1t \u0111\u1ed9 s\u00e1ng \u0111\u00e8n n\u1ec1n mini LED, t\u1eeb \u0111\u00f3 tivi truy\u1ec1n t\u1ea3i h\u00ecnh \u1ea3nh chi ti\u1ebft, m\u00e0u s\u1eafc r\u1ef1c r\u1ee1, h\u00ecnh \u1ea3nh c\u00f3 chi\u1ec1u s\u00e2u v\u00e0 hi\u1ec7n t\u01b0\u1ee3ng h\u1edf s\u00e1ng \u0111\u01b0\u1ee3c gi\u1ea3m thi\u1ec3u.<\/p>\n<p>&#8211; Quantum <strong>Mini LED<\/strong> t\u00edch h\u1ee3p \u0111\u00e8n n\u1ec1n nh\u1ecf h\u01a1n 40 l\u1ea7n so v\u1edbi \u0111\u00e8n LED th\u00f4ng th\u01b0\u1eddng gi\u00fap n\u00e2ng \u0111\u1ed9 t\u01b0\u01a1ng ph\u1ea3n, m\u00e0u s\u1eafc hi\u1ec3n th\u1ecb chu\u1ea9n x\u00e1c v\u00e0 ch\u00e2n th\u1eadt nh\u1ea5t.<\/p>\n<p>&#8211; C\u00f4ng ngh\u1ec7\u00a0cho h\u00ecnh \u1ea3nh m\u01b0\u1ee3t m\u00e0, ch\u1ed1ng x\u00e9 h\u00ecnh, mang \u0111\u1ebfn nh\u1eefng c\u1ea3nh phim h\u00e0nh \u0111\u1ed9ng ch\u1edbp nho\u00e1ng c\u0169ng nh\u01b0 ch\u01a1i game \u0111\u1ec9nh cao<\/p>\n<p><img decoding=\"async\" class=\"alignnone wp-image-5254\" src=\"https:\/\/tivi-samsung.com\/wp-content\/uploads\/2025\/09\/smart-tivi-neo-qled-4k-75-inch-samsung-qa75qn85c-210323-025802-1-300x168.jpg\" alt=\"\" width=\"1821\" height=\"1020\" srcset=\"https:\/\/tivi-samsung.com\/wp-content\/uploads\/2025\/09\/smart-tivi-neo-qled-4k-75-inch-samsung-qa75qn85c-210323-025802-1-300x168.jpg 300w, https:\/\/tivi-samsung.com\/wp-content\/uploads\/2025\/09\/smart-tivi-neo-qled-4k-75-inch-samsung-qa75qn85c-210323-025802-1-768x429.jpg 768w, https:\/\/tivi-samsung.com\/wp-content\/uploads\/2025\/09\/smart-tivi-neo-qled-4k-75-inch-samsung-qa75qn85c-210323-025802-1-450x251.jpg 450w, https:\/\/tivi-samsung.com\/wp-content\/uploads\/2025\/09\/smart-tivi-neo-qled-4k-75-inch-samsung-qa75qn85c-210323-025802-1-600x335.jpg 600w, https:\/\/tivi-samsung.com\/wp-content\/uploads\/2025\/09\/smart-tivi-neo-qled-4k-75-inch-samsung-qa75qn85c-210323-025802-1-150x84.jpg 150w, https:\/\/tivi-samsung.com\/wp-content\/uploads\/2025\/09\/smart-tivi-neo-qled-4k-75-inch-samsung-qa75qn85c-210323-025802-1.jpg 1020w\" sizes=\"(max-width: 1821px) 100vw, 1821px\" \/><\/p>\n<p><strong>C\u00f4ng ngh\u1ec7 \u00e2m thanh<\/strong><\/p>\n<p>&#8211; H\u1ec7 th\u1ed1ng loa 4.2.2 k\u00eanh \u00e2m thanh, c\u00f4ng su\u1ea5t 60W s\u1ed1ng \u0111\u1ed9ng.<\/p>\n<p>&#8211; C\u00f4ng ngh\u1ec7 <strong>OTS+<\/strong> \u00e2m thanh chuy\u1ec3n \u0111\u1ed9ng theo h\u00ecnh \u1ea3nh, t\u1eeb \u0111\u00f3 \u00e2m thanh tr\u1edf n\u00ean s\u1ed1ng \u0111\u1ed9ng v\u00e0 ch\u00e2n th\u1eadt.<\/p>\n<p>&#8211; C\u00f4ng ngh\u1ec7<strong> Dolby Atmos<\/strong> mang \u00e2m thanh tr\u00e0n ng\u1eadp kh\u00f4ng gian, ng\u01b0\u1eddi d\u00f9ng s\u1ebd c\u1ea3m nh\u1eadn \u0111\u01b0\u1ee3c \u00e2m thanh 3D s\u1ed1ng \u0111\u1ed9ng nh\u01b0 trong r\u1ea1p chi\u1ebfu phim.<\/p>\n<p>&#8211; V\u1edbi kh\u1ea3 n\u0103ng t\u0103ng, gi\u1ea3m \u00e2m l\u01b0\u1ee3ng h\u1ed9i tho\u1ea1i ch\u1ee7 \u0111\u1ed9ng, AVA s\u1ebd gi\u00fap b\u1ea1n v\u1eeba l\u00e0m vi\u1ec7c v\u1eeba xem phim m\u00e0 kh\u00f4ng ph\u1ea3i lo ti\u1ebfng \u1ed3n b\u00ean ngo\u00e0i.<\/p>\n<p>&#8211; <strong>Q-Symphony<\/strong> k\u1ebft h\u1ee3p loa tivi v\u1edbi loa thanh, c\u00f4ng ngh\u1ec7 s\u1ebd l\u00e0 c\u1ea7u n\u1ed1i gi\u00fap \u00e2m thanh m\u1ea1nh m\u1ebd, lan t\u1ecfa, mang l\u1ea1i nh\u1eefng nh\u1ecbp \u0111i\u1ec7u gi\u1ea3i tr\u00ed \u0111\u1ec9nh cao.<\/p>\n<p><img decoding=\"async\" class=\"alignnone wp-image-5261\" style=\"letter-spacing: 0px;\" src=\"https:\/\/tivi-samsung.com\/wp-content\/uploads\/2025\/09\/smart-neo-qled-4k-55-inch-samsung-qa55qn90b-090322-015021-300x168.jpg\" alt=\"\" width=\"1820\" height=\"1019\" srcset=\"https:\/\/tivi-samsung.com\/wp-content\/uploads\/2025\/09\/smart-neo-qled-4k-55-inch-samsung-qa55qn90b-090322-015021-300x168.jpg 300w, https:\/\/tivi-samsung.com\/wp-content\/uploads\/2025\/09\/smart-neo-qled-4k-55-inch-samsung-qa55qn90b-090322-015021-768x429.jpg 768w, https:\/\/tivi-samsung.com\/wp-content\/uploads\/2025\/09\/smart-neo-qled-4k-55-inch-samsung-qa55qn90b-090322-015021-450x251.jpg 450w, https:\/\/tivi-samsung.com\/wp-content\/uploads\/2025\/09\/smart-neo-qled-4k-55-inch-samsung-qa55qn90b-090322-015021-600x335.jpg 600w, https:\/\/tivi-samsung.com\/wp-content\/uploads\/2025\/09\/smart-neo-qled-4k-55-inch-samsung-qa55qn90b-090322-015021-150x84.jpg 150w, https:\/\/tivi-samsung.com\/wp-content\/uploads\/2025\/09\/smart-neo-qled-4k-55-inch-samsung-qa55qn90b-090322-015021.jpg 1020w\" sizes=\"(max-width: 1820px) 100vw, 1820px\" \/><\/p>\n<p><strong>H\u1ec7 \u0111i\u1ec1u h\u00e0nh<\/strong><\/p>\n<p>&#8211; H\u1ec7 \u0111i\u1ec1u h\u00e0nh <strong>Tizen\u2122<\/strong> h\u1ed7 tr\u1ee3 ng\u01b0\u1eddi d\u00f9ng t\u1ed1i \u01b0u nh\u1edd t\u00ednh \u0111a nhi\u1ec7m, giao di\u1ec7n th\u00e2n thi\u1ec7n v\u00e0 thao t\u00e1c d\u1ec5 d\u00e0ng.<\/p>\n<p>&#8211; H\u1ec7 \u0111i\u1ec1u h\u00e0nh tivi <strong>Samsung<\/strong> \u0111\u01b0\u1ee3c trang b\u1ecb c\u00e1c \u1ee9ng d\u1ee5ng sau: <strong>Clip TV, FPT Play, Galaxy Play (Fim+), MP3 Zing, MyTV, Netflix, POPS Kids, Spotify, Tr\u00ecnh duy\u1ec7t web, VieON, YouTube,&#8230;<\/strong><\/p>\n<p><img loading=\"lazy\" decoding=\"async\" class=\"alignnone wp-image-5262\" src=\"https:\/\/tivi-samsung.com\/wp-content\/uploads\/2025\/09\/smart-neo-qled-4k-55-inch-samsung-qa55qn90b-090322-020956-300x168.jpg\" alt=\"\" width=\"1820\" height=\"1019\" srcset=\"https:\/\/tivi-samsung.com\/wp-content\/uploads\/2025\/09\/smart-neo-qled-4k-55-inch-samsung-qa55qn90b-090322-020956-300x168.jpg 300w, https:\/\/tivi-samsung.com\/wp-content\/uploads\/2025\/09\/smart-neo-qled-4k-55-inch-samsung-qa55qn90b-090322-020956-768x429.jpg 768w, https:\/\/tivi-samsung.com\/wp-content\/uploads\/2025\/09\/smart-neo-qled-4k-55-inch-samsung-qa55qn90b-090322-020956-450x251.jpg 450w, https:\/\/tivi-samsung.com\/wp-content\/uploads\/2025\/09\/smart-neo-qled-4k-55-inch-samsung-qa55qn90b-090322-020956-600x335.jpg 600w, https:\/\/tivi-samsung.com\/wp-content\/uploads\/2025\/09\/smart-neo-qled-4k-55-inch-samsung-qa55qn90b-090322-020956-150x84.jpg 150w, https:\/\/tivi-samsung.com\/wp-content\/uploads\/2025\/09\/smart-neo-qled-4k-55-inch-samsung-qa55qn90b-090322-020956.jpg 1020w\" sizes=\"(max-width: 1820px) 100vw, 1820px\" \/><\/p>\n<p><strong>Ti\u1ec7n \u00edch<\/strong><\/p>\n<p>&#8211; Multi View h\u1ed7 tr\u1ee3 chia \u0111\u00f4i m\u00e0n h\u00ecnh tivi, b\u1ea1n c\u00f3 th\u1ec3 xem c\u00f9ng l\u00fac nhi\u1ec1u n\u1ed9i dung m\u00e0 kh\u00f4ng b\u1ecb gi\u00e1n \u0111o\u1ea1n.<\/p>\n<p>&#8211; \u0110i\u1ec1u khi\u1ec3n tivi b\u1eb1ng gi\u1ecdng n\u00f3i d\u1ec5 d\u00e0ng qua tr\u1ee3 l\u00fd \u1ea3o <strong>Bixby<\/strong> (ch\u01b0a c\u00f3 ti\u1ebfng Vi\u1ec7t).<\/p>\n<p>&#8211; <strong>SmartThings<\/strong> \u1ee9ng d\u1ee5ng l\u00fd t\u01b0\u1edfng cho ng\u00f4i nh\u00e0 th\u00f4ng minh, gi\u00fap b\u1ea1n thu\u1eadn ti\u1ec7n trong k\u1ebft n\u1ed1i v\u00e0 s\u1eed d\u1ee5ng c\u00e1c thi\u1ebft b\u1ecb trong nh\u00e0.<\/p>\n<p>&#8211; One Remote c\u00f3 th\u1ec3 s\u1ea1c b\u1eb1ng \u00e1nh s\u00e1ng ho\u1eb7c c\u1ed5ng USB C ti\u1ec7n l\u1ee3i, b\u1ea3o v\u1ec7 m\u00f4i tr\u01b0\u1eddng.<\/p>\n<p>&#8211; <strong>AirPlay 2, Screen Mirroring, Tap View<\/strong> chi\u1ebfu m\u00e0n h\u00ecnh t\u1eeb \u0111i\u1ec7n tho\u1ea1i nhanh ch\u00f3ng, ti\u1ec7n d\u1ee5ng.<\/p>\n<p><img loading=\"lazy\" decoding=\"async\" class=\"alignnone wp-image-5263\" src=\"https:\/\/tivi-samsung.com\/wp-content\/uploads\/2025\/09\/smart-neo-qled-4k-55-inch-samsung-qa55qn90b-090322-024428-300x168.jpg\" alt=\"\" width=\"1821\" height=\"1020\" srcset=\"https:\/\/tivi-samsung.com\/wp-content\/uploads\/2025\/09\/smart-neo-qled-4k-55-inch-samsung-qa55qn90b-090322-024428-300x168.jpg 300w, https:\/\/tivi-samsung.com\/wp-content\/uploads\/2025\/09\/smart-neo-qled-4k-55-inch-samsung-qa55qn90b-090322-024428-768x429.jpg 768w, https:\/\/tivi-samsung.com\/wp-content\/uploads\/2025\/09\/smart-neo-qled-4k-55-inch-samsung-qa55qn90b-090322-024428-450x251.jpg 450w, https:\/\/tivi-samsung.com\/wp-content\/uploads\/2025\/09\/smart-neo-qled-4k-55-inch-samsung-qa55qn90b-090322-024428-600x335.jpg 600w, https:\/\/tivi-samsung.com\/wp-content\/uploads\/2025\/09\/smart-neo-qled-4k-55-inch-samsung-qa55qn90b-090322-024428-150x84.jpg 150w, https:\/\/tivi-samsung.com\/wp-content\/uploads\/2025\/09\/smart-neo-qled-4k-55-inch-samsung-qa55qn90b-090322-024428.jpg 1020w\" sizes=\"(max-width: 1821px) 100vw, 1821px\" \/><\/p>\n<p><em>T\u00f3m l\u1ea1i, <strong>Smart Tivi Neo QLED 4K 55 inch Samsung QA55QN90B<\/strong> mang thi\u1ebft k\u1ebf hi\u1ec7n \u0111\u1ea1i, m\u00e0n h\u00ecnh 4K vi\u1ec1n si\u00eau m\u1ecfng, c\u00f4ng ngh\u1ec7 Quantum Mini LED cho \u0111\u1ed9 t\u01b0\u01a1ng ph\u1ea3n v\u01b0\u1ee3t tr\u1ed9i, c\u00f4ng ngh\u1ec7 OTS+ chuy\u1ec3n \u0111\u1ed9ng theo h\u00ecnh \u1ea3nh s\u1ed1ng \u0111\u1ed9ng, h\u1ec7 \u0111i\u1ec1u h\u00e0nh Tizen\u2122 th\u00e2n thi\u1ec7n v\u1edbi ng\u01b0\u1eddi d\u00f9ng v\u00e0 Multi View h\u1ed7 tr\u1ee3 chia \u0111\u00f4i m\u00e0n h\u00ecnh tivi s\u1ebd l\u00e0m h\u00e0i l\u00f2ng b\u1ea5t c\u1ee9 t\u00edn \u0111\u1ed3 c\u00f4ng ngh\u1ec7 kh\u00f3 t\u00ednh n\u00e0o.<\/em><\/p>\n<p>&nbsp;<\/p>\n<p><script src=\"chrome-extension:\/\/fpelahbljekknahkcaegamhcndkfpfnc\/iFrame.js\" type=\"text\/javascript\"><\/script><\/p>\n<p><script src=\"chrome-extension:\/\/fpelahbljekknahkcaegamhcndkfpfnc\/iFrame.js\" type=\"text\/javascript\"><\/script><\/p>\n<p><script src=\"chrome-extension:\/\/fpelahbljekknahkcaegamhcndkfpfnc\/iFrame.js\" type=\"text\/javascript\"><\/script><\/p>\n<p><script src=\"chrome-extension:\/\/fpelahbljekknahkcaegamhcndkfpfnc\/iFrame.js\" type=\"text\/javascript\"><\/script><\/p>\n","protected":false},"excerpt":{"rendered":"<p>&nbsp;<\/p>\n<p><script src=\"chrome-extension:\/\/fpelahbljekknahkcaegamhcndkfpfnc\/iFrame.js\" type=\"text\/javascript\"><\/script><\/p>\n<p><script src=\"chrome-extension:\/\/fpelahbljekknahkcaegamhcndkfpfnc\/iFrame.js\" type=\"text\/javascript\"><\/script><\/p>\n<p><script src=\"chrome-extension:\/\/fpelahbljekknahkcaegamhcndkfpfnc\/iFrame.js\" type=\"text\/javascript\"><\/script><\/p>\n<p><script src=\"chrome-extension:\/\/fpelahbljekknahkcaegamhcndkfpfnc\/iFrame.js\" type=\"text\/javascript\"><\/script><\/p>\n<p><script src=\"chrome-extension:\/\/fpelahbljekknahkcaegamhcndkfpfnc\/iFrame.js\" type=\"text\/javascript\"><\/script><\/p>\n<p><script src=\"chrome-extension:\/\/fpelahbljekknahkcaegamhcndkfpfnc\/iFrame.js\" type=\"text\/javascript\"><\/script><\/p>\n<p><script src=\"chrome-extension:\/\/fpelahbljekknahkcaegamhcndkfpfnc\/iFrame.js\" type=\"text\/javascript\"><\/script><\/p>\n<p><script src=\"chrome-extension:\/\/fpelahbljekknahkcaegamhcndkfpfnc\/iFrame.js\" type=\"text\/javascript\"><\/script><\/p>\n<p><script src=\"chrome-extension:\/\/fpelahbljekknahkcaegamhcndkfpfnc\/iFrame.js\" type=\"text\/javascript\"><\/script><\/p>\n","protected":false},"featured_media":6268,"comment_status":"open","ping_status":"closed","template":"","meta":[],"product_brand":[88],"product_cat":[68,76,139],"product_tag":[],"class_list":{"0":"post-4371","1":"product","2":"type-product","3":"status-publish","4":"has-post-thumbnail","6":"product_brand-samsung","7":"product_cat-smart-tv","8":"product_cat-televisions","9":"product_cat-tv-neo-qled","10":"pa_kich-co-man-hinh-55-inch","12":"first","13":"instock","14":"sale","15":"shipping-taxable","16":"purchasable","17":"product-type-simple"},"_links":{"self":[{"href":"https:\/\/tivi-samsung.com\/index.php?rest_route=\/wp\/v2\/product\/4371","targetHints":{"allow":["GET"]}}],"collection":[{"href":"https:\/\/tivi-samsung.com\/index.php?rest_route=\/wp\/v2\/product"}],"about":[{"href":"https:\/\/tivi-samsung.com\/index.php?rest_route=\/wp\/v2\/types\/product"}],"replies":[{"embeddable":true,"href":"https:\/\/tivi-samsung.com\/index.php?rest_route=%2Fwp%2Fv2%2Fcomments&post=4371"}],"version-history":[{"count":12,"href":"https:\/\/tivi-samsung.com\/index.php?rest_route=\/wp\/v2\/product\/4371\/revisions"}],"predecessor-version":[{"id":8403,"href":"https:\/\/tivi-samsung.com\/index.php?rest_route=\/wp\/v2\/product\/4371\/revisions\/8403"}],"wp:featuredmedia":[{"embeddable":true,"href":"https:\/\/tivi-samsung.com\/index.php?rest_route=\/wp\/v2\/media\/6268"}],"wp:attachment":[{"href":"https:\/\/tivi-samsung.com\/index.php?rest_route=%2Fwp%2Fv2%2Fmedia&parent=4371"}],"wp:term":[{"taxonomy":"product_brand","embeddable":true,"href":"https:\/\/tivi-samsung.com\/index.php?rest_route=%2Fwp%2Fv2%2Fproduct_brand&post=4371"},{"taxonomy":"product_cat","embeddable":true,"href":"https:\/\/tivi-samsung.com\/index.php?rest_route=%2Fwp%2Fv2%2Fproduct_cat&post=4371"},{"taxonomy":"product_tag","embeddable":true,"href":"https:\/\/tivi-samsung.com\/index.php?rest_route=%2Fwp%2Fv2%2Fproduct_tag&post=4371"}],"curies":[{"name":"wp","href":"https:\/\/api.w.org\/{rel}","templated":true}]}}