{"id":4332,"date":"2025-09-16T17:47:56","date_gmt":"2025-09-16T17:47:56","guid":{"rendered":"https:\/\/tivi-samsung.com\/?post_type=product&#038;p=4332"},"modified":"2025-10-14T23:48:29","modified_gmt":"2025-10-14T16:48:29","slug":"smart-tivi-qled-samsung-4k-50-inch-qa50q60c","status":"publish","type":"product","link":"https:\/\/tivi-samsung.com\/?product=smart-tivi-qled-samsung-4k-50-inch-qa50q60c","title":{"rendered":"Smart Tivi QLED Samsung 4K 50 inch QA50Q60C"},"content":{"rendered":"<p><strong>Th\u00f4ng tin s\u1ea3n ph\u1ea9m<\/strong><\/p>\n<p><a href=\"https:\/\/tokoo.vn\/danh-muc\/samsung-tvs\/\" target=\"_blank\" rel=\"noopener\"><strong>Smart Tivi QLED 4K 50 inch Samsung QA50Q60C<\/strong><\/a> tinh gi\u1ea3n v\u1edbi thi\u1ebft k\u1ebf thanh m\u1ea3nh, sang \u0111\u1eb9p, khung h\u00ecnh 50 inch \u0111\u1ed9 ph\u00e2n gi\u1ea3i 4K r\u1ef1c r\u1ee1, m\u00e0n h\u00ecnh QLED k\u1ebft h\u1ee3p c\u00f4ng ngh\u1ec7 Quantum Dot cho h\u00ecnh \u1ea3nh s\u1eafc n\u00e9t, r\u1ef1c r\u1ee1 v\u00e0 hi\u1ec3n th\u1ecb 100% d\u1ea3i m\u00e0u, b\u1ed9 x\u1eed l\u00fd <strong>Quantum 4K Lite<\/strong> t\u1ef1 \u0111\u1ed9ng n\u00e2ng chu\u1ea9n h\u00ecnh \u1ea3nh l\u00ean 4K b\u1ea5t k\u1ec3 ngu\u1ed3n v\u00e0o, \u0111i\u1ec1u khi\u1ec3n b\u1eb1ng gi\u1ecdng n\u00f3i ti\u1ebfng Vi\u1ec7t,\u2026 c\u00f9ng nhi\u1ec1u ti\u1ec7n \u00edch th\u00f4ng minh kh\u00e1c.<\/p>\n<p><strong>T\u1ed5ng quan thi\u1ebft k\u1ebf<\/strong><\/p>\n<p><strong>&#8211; Smart Tivi Samsung QA50Q60C<\/strong> s\u1edf h\u1eefu m\u00e0n h\u00ecnh k\u00edch th\u01b0\u1edbc 50 inch, ph\u00f9 h\u1ee3p d\u00f9ng cho c\u00e1c ph\u00f2ng c\u00f3 di\u1ec7n t\u00edch trung b\u00ecnh nh\u01b0 ph\u00f2ng kh\u00e1ch gia \u0111\u00ecnh, s\u1ea3nh nh\u1ecf, ph\u00f2ng h\u1ecdp,\u2026<\/p>\n<p>&#8211; Thi\u1ebft k\u1ebf thanh m\u1ea3nh v\u1edbi vi\u1ec1n m\u1ecfng b\u1eb1ng nh\u1ef1a, tinh gi\u1ea3n nh\u01b0ng kh\u00f4ng k\u00e9m ph\u1ea7n sang tr\u1ecdng.<\/p>\n<p>&#8211; Ch\u00e2n \u0111\u1ebf \u0111\u1ee1 tivi \u0111\u01b0\u1ee3c l\u00e0m b\u1eb1ng ch\u1ea5t li\u1ec7u nh\u1ef1a ch\u1eafc ch\u1eafn, \u0111\u1ea3m b\u1ea3o \u0111\u1ed9 b\u1ec1n \u0111\u1ec3 n\u00e2ng \u0111\u1ee1 t\u1ed1t m\u00e0n h\u00ecnh khi l\u1eafp \u0111\u1eb7t tr\u00ean k\u1ec7 t\u1ee7.<\/p>\n<p><img fetchpriority=\"high\" decoding=\"async\" class=\"alignnone wp-image-5108\" src=\"https:\/\/tivi-samsung.com\/wp-content\/uploads\/2025\/09\/smart-tivi-qled-4k-43-inch-samsung-qa43q60c-240323-033231-300x168.jpg\" alt=\"\" width=\"1459\" height=\"817\" srcset=\"https:\/\/tivi-samsung.com\/wp-content\/uploads\/2025\/09\/smart-tivi-qled-4k-43-inch-samsung-qa43q60c-240323-033231-300x168.jpg 300w, https:\/\/tivi-samsung.com\/wp-content\/uploads\/2025\/09\/smart-tivi-qled-4k-43-inch-samsung-qa43q60c-240323-033231-768x429.jpg 768w, https:\/\/tivi-samsung.com\/wp-content\/uploads\/2025\/09\/smart-tivi-qled-4k-43-inch-samsung-qa43q60c-240323-033231-450x251.jpg 450w, https:\/\/tivi-samsung.com\/wp-content\/uploads\/2025\/09\/smart-tivi-qled-4k-43-inch-samsung-qa43q60c-240323-033231-600x335.jpg 600w, https:\/\/tivi-samsung.com\/wp-content\/uploads\/2025\/09\/smart-tivi-qled-4k-43-inch-samsung-qa43q60c-240323-033231-150x84.jpg 150w, https:\/\/tivi-samsung.com\/wp-content\/uploads\/2025\/09\/smart-tivi-qled-4k-43-inch-samsung-qa43q60c-240323-033231.jpg 1020w\" sizes=\"(max-width: 1459px) 100vw, 1459px\" \/><\/p>\n<p><strong>C\u00f4ng ngh\u1ec7 h\u00ecnh \u1ea3nh<\/strong><\/p>\n<p>&#8211;<strong> Tivi Samsung QLED<\/strong> mang \u0111\u1ebfn nh\u1eefng khung h\u00ecnh s\u1eafc n\u00e9t, chi ti\u1ebft v\u1edbi \u0111\u1ed9 ph\u00e2n gi\u1ea3i 4K (3.840 x 2.160).<\/p>\n<p>&#8211; B\u1ed9 x\u1eed l\u00fd <strong>Quantum 4K Lite<\/strong> m\u1ea1nh m\u1ebd gi\u00fap t\u1ed1i \u01b0u t\u1ef7 l\u1ec7 \u0111\u1ed9 t\u01b0\u01a1ng ph\u1ea3n v\u00e0 t\u1ef1 \u0111\u1ed9ng \u0111i\u1ec1u ch\u1ec9nh m\u00e0u s\u1eafc hi\u1ec3n th\u1ecb g\u1ea7n chu\u1ea9n 4K.<\/p>\n<p>&#8211; C\u00f4ng ngh\u1ec7 <strong>Ultimate UHD Dimming<\/strong> gi\u00fap t\u0103ng \u0111\u1ed9 s\u00e1ng v\u00e0 l\u1ecdc h\u00ecnh \u1ea3nh tr\u1edf n\u00ean s\u1ed1ng \u0111\u1ed9ng h\u01a1n.<\/p>\n<p><img decoding=\"async\" class=\"alignnone wp-image-5110\" style=\"letter-spacing: 0px;\" src=\"https:\/\/tivi-samsung.com\/wp-content\/uploads\/2025\/09\/smart-tivi-qled-4k-75-inch-samsung-qa75q60c-210323-031944-300x168.jpg\" alt=\"\" width=\"1446\" height=\"810\" srcset=\"https:\/\/tivi-samsung.com\/wp-content\/uploads\/2025\/09\/smart-tivi-qled-4k-75-inch-samsung-qa75q60c-210323-031944-300x168.jpg 300w, https:\/\/tivi-samsung.com\/wp-content\/uploads\/2025\/09\/smart-tivi-qled-4k-75-inch-samsung-qa75q60c-210323-031944-768x429.jpg 768w, https:\/\/tivi-samsung.com\/wp-content\/uploads\/2025\/09\/smart-tivi-qled-4k-75-inch-samsung-qa75q60c-210323-031944-450x251.jpg 450w, https:\/\/tivi-samsung.com\/wp-content\/uploads\/2025\/09\/smart-tivi-qled-4k-75-inch-samsung-qa75q60c-210323-031944-600x335.jpg 600w, https:\/\/tivi-samsung.com\/wp-content\/uploads\/2025\/09\/smart-tivi-qled-4k-75-inch-samsung-qa75q60c-210323-031944-150x84.jpg 150w, https:\/\/tivi-samsung.com\/wp-content\/uploads\/2025\/09\/smart-tivi-qled-4k-75-inch-samsung-qa75q60c-210323-031944.jpg 1020w\" sizes=\"(max-width: 1446px) 100vw, 1446px\" \/><\/p>\n<p>&#8211; C\u00f4ng ngh\u1ec7 m\u00e0n h\u00ecnh ch\u1ea5m l\u01b0\u1ee3ng t\u1eed <strong>Quantum Dot<\/strong> t\u00e1i t\u1ea1o 100% d\u1ea3i s\u1eafc m\u00e0u cho h\u00ecnh \u1ea3nh ch\u00ednh x\u00e1c, s\u1ed1ng \u0111\u1ed9ng h\u01a1n.<\/p>\n<p>&#8211; <strong>Quantum HDR<\/strong> cho h\u00ecnh \u1ea3nh \u0111\u1eb9p v\u00e0 c\u00f3 \u0111\u1ed9 s\u00e1ng v\u01b0\u1ee3t tr\u1ed9i \u0111em \u0111\u1ebfn cho ng\u01b0\u1eddi d\u00f9ng ch\u1ea5t l\u01b0\u1ee3ng h\u00ecnh \u1ea3nh \u0111\u1ec9nh cao.<\/p>\n<p>&#8211; <strong>C\u00f4ng ngh\u1ec7 Game Motion Plus, Super Ultra Wide Game View &amp; Game Bar<\/strong> gi\u00fap b\u1ea1n t\u1eadn h\u01b0\u1edfng tr\u1ea3i nghi\u1ec7m \u0111\u1eafm ch\u00ecm \u0111a d\u1ea1ng t\u1ef7 l\u1ec7 m\u00e0n h\u00ecnh, b\u1ea1n c\u00f3 th\u1ec3 t\u00f9y ch\u1ec9nh t\u1ef7 l\u1ec7 32:9 v\u00e0 21:9 \u0111\u1ec3 c\u00f3 c\u00e1i nh\u00ecn bao qu\u00e1t h\u01a1n, kh\u00f4ng b\u1ecf l\u1ee1 b\u1ea5t k\u1ef3 h\u00e0nh \u0111\u1ed9ng n\u00e0o, mang \u0111\u1ebfn tr\u1ea3i nghi\u1ec7m ch\u01a1i game \u0111\u1ec9nh cao.<\/p>\n<p><strong>C\u00f4ng ngh\u1ec7 \u00e2m thanh<\/strong><\/p>\n<p>&#8211; Tivi Samsung n\u00e0y s\u1edf h\u1eefu h\u1ec7 th\u1ed1ng loa c\u00f3 t\u1ed5ng c\u00f4ng su\u1ea5t 20W cho ch\u1ea5t \u00e2m m\u1ea1nh m\u1ebd, trung th\u1ef1c.<\/p>\n<p>&#8211; <strong>C\u00f4ng ngh\u1ec7 OTS Lite<\/strong> \u200bcho \u00e2m thanh v\u00f2m ph\u00e1t ra theo t\u1eebng chuy\u1ec3n \u0111\u1ed9ng c\u1ee7a h\u00ecnh \u1ea3nh gi\u00fap ng\u01b0\u1eddi nghe c\u1ea3m nh\u1eadn \u00e2m thanh 3 chi\u1ec1u s\u1ed1ng \u0111\u1ed9ng nh\u01b0 \u0111ang ng\u1ed3i trong r\u1ea1p.<\/p>\n<p><img decoding=\"async\" class=\"alignnone wp-image-5105\" src=\"https:\/\/tivi-samsung.com\/wp-content\/uploads\/2025\/09\/smart-tivi-qled-4k-43-inch-samsung-qa43q60c-160323-095105-300x168.jpg\" alt=\"\" width=\"1441\" height=\"807\" srcset=\"https:\/\/tivi-samsung.com\/wp-content\/uploads\/2025\/09\/smart-tivi-qled-4k-43-inch-samsung-qa43q60c-160323-095105-300x168.jpg 300w, https:\/\/tivi-samsung.com\/wp-content\/uploads\/2025\/09\/smart-tivi-qled-4k-43-inch-samsung-qa43q60c-160323-095105-768x429.jpg 768w, https:\/\/tivi-samsung.com\/wp-content\/uploads\/2025\/09\/smart-tivi-qled-4k-43-inch-samsung-qa43q60c-160323-095105-450x251.jpg 450w, https:\/\/tivi-samsung.com\/wp-content\/uploads\/2025\/09\/smart-tivi-qled-4k-43-inch-samsung-qa43q60c-160323-095105-600x335.jpg 600w, https:\/\/tivi-samsung.com\/wp-content\/uploads\/2025\/09\/smart-tivi-qled-4k-43-inch-samsung-qa43q60c-160323-095105-150x84.jpg 150w, https:\/\/tivi-samsung.com\/wp-content\/uploads\/2025\/09\/smart-tivi-qled-4k-43-inch-samsung-qa43q60c-160323-095105.jpg 1020w\" sizes=\"(max-width: 1441px) 100vw, 1441px\" \/><\/p>\n<p>&nbsp;<\/p>\n<p>&#8211;<strong> C\u00f4ng ngh\u1ec7 Q-Symphony<\/strong> \u0111\u1ed3ng b\u1ed9 loa thanh ngo\u00e0i v\u00e0 loa tivi gi\u00fap n\u00e2ng c\u1ea5p ch\u1ea5t l\u01b0\u1ee3ng \u00e2m thanh m\u1ed9t c\u00e1ch ho\u00e0n ch\u1ec9nh, \u0111em l\u1ea1i tr\u1ea3i nghi\u1ec7m gi\u1ea3i tr\u00ed tuy\u1ec7t v\u1eddi.<\/p>\n<p><img loading=\"lazy\" decoding=\"async\" class=\"alignnone wp-image-5128\" src=\"https:\/\/tivi-samsung.com\/wp-content\/uploads\/2025\/09\/smart-tivi-neo-qled-4k-75-inch-samsung-qa75qn85c-090323-045615-300x168.jpg\" alt=\"\" width=\"1437\" height=\"805\" srcset=\"https:\/\/tivi-samsung.com\/wp-content\/uploads\/2025\/09\/smart-tivi-neo-qled-4k-75-inch-samsung-qa75qn85c-090323-045615-300x168.jpg 300w, https:\/\/tivi-samsung.com\/wp-content\/uploads\/2025\/09\/smart-tivi-neo-qled-4k-75-inch-samsung-qa75qn85c-090323-045615-768x429.jpg 768w, https:\/\/tivi-samsung.com\/wp-content\/uploads\/2025\/09\/smart-tivi-neo-qled-4k-75-inch-samsung-qa75qn85c-090323-045615-450x251.jpg 450w, https:\/\/tivi-samsung.com\/wp-content\/uploads\/2025\/09\/smart-tivi-neo-qled-4k-75-inch-samsung-qa75qn85c-090323-045615-600x335.jpg 600w, https:\/\/tivi-samsung.com\/wp-content\/uploads\/2025\/09\/smart-tivi-neo-qled-4k-75-inch-samsung-qa75qn85c-090323-045615-150x84.jpg 150w, https:\/\/tivi-samsung.com\/wp-content\/uploads\/2025\/09\/smart-tivi-neo-qled-4k-75-inch-samsung-qa75qn85c-090323-045615.jpg 1020w\" sizes=\"(max-width: 1437px) 100vw, 1437px\" \/><\/p>\n<p>H\u1ec7 \u0111i\u1ec1u h\u00e0nh<\/p>\n<p>&#8211; Giao di\u1ec7n tr\u1ef1c quan d\u1ec5 s\u1eed d\u1ee5ng, kho \u1ee9ng d\u1ee5ng phong ph\u00fa v\u1edbi h\u1ec7 \u0111i\u1ec1u h\u00e0nh Tizen\u2122.<\/p>\n<p><img loading=\"lazy\" decoding=\"async\" class=\"alignnone wp-image-5119\" src=\"https:\/\/tivi-samsung.com\/wp-content\/uploads\/2025\/09\/vi-vn-smart-tivi-qled-4k-43-inch-samsung-qa43q60c-13-300x168.jpg\" alt=\"\" width=\"1436\" height=\"804\" srcset=\"https:\/\/tivi-samsung.com\/wp-content\/uploads\/2025\/09\/vi-vn-smart-tivi-qled-4k-43-inch-samsung-qa43q60c-13-300x168.jpg 300w, https:\/\/tivi-samsung.com\/wp-content\/uploads\/2025\/09\/vi-vn-smart-tivi-qled-4k-43-inch-samsung-qa43q60c-13-768x429.jpg 768w, https:\/\/tivi-samsung.com\/wp-content\/uploads\/2025\/09\/vi-vn-smart-tivi-qled-4k-43-inch-samsung-qa43q60c-13-450x251.jpg 450w, https:\/\/tivi-samsung.com\/wp-content\/uploads\/2025\/09\/vi-vn-smart-tivi-qled-4k-43-inch-samsung-qa43q60c-13-600x335.jpg 600w, https:\/\/tivi-samsung.com\/wp-content\/uploads\/2025\/09\/vi-vn-smart-tivi-qled-4k-43-inch-samsung-qa43q60c-13-150x84.jpg 150w, https:\/\/tivi-samsung.com\/wp-content\/uploads\/2025\/09\/vi-vn-smart-tivi-qled-4k-43-inch-samsung-qa43q60c-13.jpg 1020w\" sizes=\"(max-width: 1436px) 100vw, 1436px\" \/><\/p>\n<p><strong>Ti\u1ec7n \u00edch<\/strong><\/p>\n<p>&#8211; T\u00ecm ki\u1ebfm b\u1eb1ng gi\u1ecdng n\u00f3i linh ho\u1ea1t qua tr\u1ee3 l\u00fd \u1ea3o <strong>Bixby<\/strong> ho\u1eb7c <strong>YouTube<\/strong> c\u00f3 ti\u1ebfng Vi\u1ec7t.<\/p>\n<p>&#8211; T\u00ednh n\u0103ng<strong> AirPlay 2 (iPhone), Tap View (Samsung), Screen Mirroring<\/strong> chia s\u1ebb m\u00e0n h\u00ecnh \u0111i\u1ec7n tho\u1ea1i l\u00ean m\u00e0n h\u00ecnh l\u1edbn c\u1ee7a Smart Tivi Samsung d\u1ec5 d\u00e0ng, ng\u01b0\u1eddi d\u00f9ng c\u00f3 th\u1ec3 xem h\u00ecnh \u1ea3nh, t\u00e0i li\u1ec7u r\u00f5 r\u00e0ng h\u01a1n.<\/p>\n<p>&#8211; Trang b\u1ecb remote th\u00f4ng minh <strong>One Remote<\/strong> c\u00f3 thi\u1ebft k\u1ebf g\u1ecdn nh\u1eb9, s\u1ea1c qua USB C ho\u1eb7c n\u0103ng l\u01b0\u1ee3ng m\u1eb7t tr\u1eddi.<\/p>\n<p>&#8211; Ngo\u00e0i remote b\u1ea1n c\u00f3 th\u1ec3 \u0111i\u1ec1u khi\u1ec3n tivi t\u1eeb xa b\u1eb1ng \u0111i\u1ec7n tho\u1ea1i d\u1ec5 d\u00e0ng, ti\u1ec7n l\u1ee3i th\u00f4ng qua \u1ee9ng d\u1ee5ng SmartThings.<\/p>\n<p>&#8211;<strong> T\u00ednh n\u0103ng Multi View<\/strong> (c\u00f3 th\u1ec3 k\u1ebft n\u1ed1i camera g\u1eafn r\u1eddi) th\u01b0\u1edfng th\u1ee9c nhi\u1ec1u n\u1ed9i dung gi\u1ea3i tr\u00ed t\u1eeb nhi\u1ec1u ngu\u1ed3n tr\u00ean c\u00f9ng m\u1ed9t m\u00e0n h\u00ecnh (2 m\u00e0n h\u00ecnh).<\/p>\n<p>&#8211; G\u1ecdi video mi\u1ec5n ph\u00ed th\u00f4ng qua<strong> Google Duo<\/strong> tr\u00ean Tivi m\u00e0 kh\u00f4ng c\u1ea7n d\u00f9ng \u0111i\u1ec7n tho\u1ea1i (ng\u01b0\u1eddi d\u00f9ng c\u1ea7n mua th\u00eam camera \u0111\u1ec3 g\u1ecdi video).<\/p>\n<p>&#8211; <strong>SmartThings<\/strong> t\u00edch h\u1ee3p IoT Hub: Qu\u1ea3n l\u00fd ng\u00f4i nh\u00e0 th\u00f4ng minh, k\u1ebft n\u1ed1i nhanh ch\u00f3ng \u0111a thi\u1ebft b\u1ecb nh\u1edd t\u00edch h\u1ee3p IoT Hub v\u00e0 ch\u1ebf \u0111\u1ed9 hi\u1ec3n th\u1ecb 3D.<\/p>\n<p>+ N\u00e2ng c\u1ea5p kh\u1ea3 n\u0103ng k\u1ebft n\u1ed1i v\u1edbi c\u00e1c thi\u1ebft b\u1ecb audio v\u00e0 \u0111\u1eb7c bi\u1ec7t l\u00e0 tai nghe buds c\u1ee7a Samsung (2 c\u1eb7p tai nghe k\u1ebft n\u1ed1i c\u00f9ng 1 l\u00fac).<\/p>\n<p>+ N\u00e2ng cao tr\u1ea3i nghi\u1ec7m xem tr\u00ean tivi d\u01b0\u1edbi d\u1ea1ng r\u1ea1p chi\u1ebfu phim v\u1edbi Media Home.<\/p>\n<p>+ <strong>Built-in IoT Hub<\/strong> gi\u00fap k\u1ebft n\u1ed1i d\u1ec5 d\u00e0ng v\u1edbi c\u00e1c thi\u1ebft b\u1ecb <strong>Zigbee, Thread , Matter<\/strong> m\u00e0 kh\u00f4ng c\u1ea7n Dongle.<\/p>\n<p><img loading=\"lazy\" decoding=\"async\" class=\"alignnone wp-image-5340\" src=\"https:\/\/tivi-samsung.com\/wp-content\/uploads\/2025\/09\/smart-tivi-qled-4k-50-inch-samsung-qa50q60c-160323-094801-300x168.jpg\" alt=\"\" width=\"1437\" height=\"805\" srcset=\"https:\/\/tivi-samsung.com\/wp-content\/uploads\/2025\/09\/smart-tivi-qled-4k-50-inch-samsung-qa50q60c-160323-094801-300x168.jpg 300w, https:\/\/tivi-samsung.com\/wp-content\/uploads\/2025\/09\/smart-tivi-qled-4k-50-inch-samsung-qa50q60c-160323-094801-768x429.jpg 768w, https:\/\/tivi-samsung.com\/wp-content\/uploads\/2025\/09\/smart-tivi-qled-4k-50-inch-samsung-qa50q60c-160323-094801-450x251.jpg 450w, https:\/\/tivi-samsung.com\/wp-content\/uploads\/2025\/09\/smart-tivi-qled-4k-50-inch-samsung-qa50q60c-160323-094801-600x335.jpg 600w, https:\/\/tivi-samsung.com\/wp-content\/uploads\/2025\/09\/smart-tivi-qled-4k-50-inch-samsung-qa50q60c-160323-094801-150x84.jpg 150w, https:\/\/tivi-samsung.com\/wp-content\/uploads\/2025\/09\/smart-tivi-qled-4k-50-inch-samsung-qa50q60c-160323-094801.jpg 1020w\" sizes=\"(max-width: 1437px) 100vw, 1437px\" \/><\/p>\n<p><em>V\u1edbi th\u00e0nh c\u00f4ng t\u1eeb s\u1ea3n ph\u1ea9m<strong> Smart Tivi QLED 4K 50 inch Samsung QA50Q60B<\/strong> \u0111\u01b0\u1ee3c ra m\u1eaft n\u0103m 2022, Samsung ra m\u1eaft phi\u00ean b\u1ea3n n\u0103m 2023\u200b Smart Tivi QLED 4K 50 inch Samsung QA50Q60C s\u1edf h\u1eefu di\u1ec7n m\u1ea1o tinh gi\u1ea3n, thanh l\u1ecbch, xem tivi tho\u1ea3 m\u00e3n v\u1edbi h\u00ecnh \u1ea3nh s\u1eafc n\u00e9t, chi ti\u1ebft nh\u1edd b\u1ed9 x\u1eed l\u00fd <strong>Quantum 4K Lite, h\u1ec7 \u0111i\u1ec1u h\u00e0nh Tizen\u2122<\/strong> v\u1edbi giao di\u1ec7n tr\u1ef1c quan d\u1ec5 s\u1eed d\u1ee5ng, \u0111i\u1ec1u khi\u1ec3n nhanh b\u1eb1ng gi\u1ecdng n\u00f3i ti\u1ebfng Vi\u1ec7t v\u00e0 nhi\u1ec1u t\u00ednh n\u0103ng ti\u1ec7n \u00edch th\u00f4ng minh, kho \u1ee9ng d\u1ee5ng phong ph\u00fa,\u2026 \u0111em l\u1ea1i ph\u00fat gi\u00e2y gi\u1ea3i tr\u00ed th\u01b0 gi\u00e3n cho c\u00e1c th\u00e0nh vi\u00ean trong gia \u0111\u00ecnh.<\/em><\/p>\n<p><script src=\"chrome-extension:\/\/fpelahbljekknahkcaegamhcndkfpfnc\/iFrame.js\" type=\"text\/javascript\"><\/script><\/p>\n<p><script src=\"chrome-extension:\/\/fpelahbljekknahkcaegamhcndkfpfnc\/iFrame.js\" type=\"text\/javascript\"><\/script><\/p>\n<p><script src=\"chrome-extension:\/\/fpelahbljekknahkcaegamhcndkfpfnc\/iFrame.js\" type=\"text\/javascript\"><\/script><\/p>\n","protected":false},"excerpt":{"rendered":"<p>&nbsp;<\/p>\n<p><script src=\"chrome-extension:\/\/fpelahbljekknahkcaegamhcndkfpfnc\/iFrame.js\" type=\"text\/javascript\"><\/script><\/p>\n<p><script src=\"chrome-extension:\/\/fpelahbljekknahkcaegamhcndkfpfnc\/iFrame.js\" type=\"text\/javascript\"><\/script><\/p>\n<p><script src=\"chrome-extension:\/\/fpelahbljekknahkcaegamhcndkfpfnc\/iFrame.js\" type=\"text\/javascript\"><\/script><\/p>\n<p><script src=\"chrome-extension:\/\/fpelahbljekknahkcaegamhcndkfpfnc\/iFrame.js\" type=\"text\/javascript\"><\/script><\/p>\n<p><script src=\"chrome-extension:\/\/fpelahbljekknahkcaegamhcndkfpfnc\/iFrame.js\" type=\"text\/javascript\"><\/script><\/p>\n<p><script src=\"chrome-extension:\/\/fpelahbljekknahkcaegamhcndkfpfnc\/iFrame.js\" type=\"text\/javascript\"><\/script><\/p>\n","protected":false},"featured_media":6143,"comment_status":"open","ping_status":"closed","template":"","meta":[],"product_brand":[88],"product_cat":[94,160,68,76],"product_tag":[],"class_list":{"0":"post-4332","1":"product","2":"type-product","3":"status-publish","4":"has-post-thumbnail","6":"product_brand-samsung","7":"product_cat-qled-tv","8":"product_cat-samsung-q60c-2023","9":"product_cat-smart-tv","10":"product_cat-televisions","11":"pa_kich-co-man-hinh-50-inch","13":"first","14":"instock","15":"shipping-taxable","16":"purchasable","17":"product-type-simple"},"_links":{"self":[{"href":"https:\/\/tivi-samsung.com\/index.php?rest_route=\/wp\/v2\/product\/4332","targetHints":{"allow":["GET"]}}],"collection":[{"href":"https:\/\/tivi-samsung.com\/index.php?rest_route=\/wp\/v2\/product"}],"about":[{"href":"https:\/\/tivi-samsung.com\/index.php?rest_route=\/wp\/v2\/types\/product"}],"replies":[{"embeddable":true,"href":"https:\/\/tivi-samsung.com\/index.php?rest_route=%2Fwp%2Fv2%2Fcomments&post=4332"}],"version-history":[{"count":8,"href":"https:\/\/tivi-samsung.com\/index.php?rest_route=\/wp\/v2\/product\/4332\/revisions"}],"predecessor-version":[{"id":8418,"href":"https:\/\/tivi-samsung.com\/index.php?rest_route=\/wp\/v2\/product\/4332\/revisions\/8418"}],"wp:featuredmedia":[{"embeddable":true,"href":"https:\/\/tivi-samsung.com\/index.php?rest_route=\/wp\/v2\/media\/6143"}],"wp:attachment":[{"href":"https:\/\/tivi-samsung.com\/index.php?rest_route=%2Fwp%2Fv2%2Fmedia&parent=4332"}],"wp:term":[{"taxonomy":"product_brand","embeddable":true,"href":"https:\/\/tivi-samsung.com\/index.php?rest_route=%2Fwp%2Fv2%2Fproduct_brand&post=4332"},{"taxonomy":"product_cat","embeddable":true,"href":"https:\/\/tivi-samsung.com\/index.php?rest_route=%2Fwp%2Fv2%2Fproduct_cat&post=4332"},{"taxonomy":"product_tag","embeddable":true,"href":"https:\/\/tivi-samsung.com\/index.php?rest_route=%2Fwp%2Fv2%2Fproduct_tag&post=4332"}],"curies":[{"name":"wp","href":"https:\/\/api.w.org\/{rel}","templated":true}]}}