{"id":4301,"date":"2025-09-16T16:52:53","date_gmt":"2025-09-16T16:52:53","guid":{"rendered":"https:\/\/tivi-samsung.com\/?post_type=product&#038;p=4301"},"modified":"2025-10-14T23:58:26","modified_gmt":"2025-10-14T16:58:26","slug":"smart-tivi-oled-samsung-ai-4k-77-inch-qa77s90f","status":"publish","type":"product","link":"https:\/\/tivi-samsung.com\/?product=smart-tivi-oled-samsung-ai-4k-77-inch-qa77s90f","title":{"rendered":"Smart Tivi OLED Samsung AI 4K 77 inch QA77S90F"},"content":{"rendered":"<p><strong>Th\u00f4ng tin s\u1ea3n ph\u1ea9m<\/strong><\/p>\n<p><strong>Tivi OLED<\/strong> k\u00edch th\u01b0\u1edbc 77 inch hi\u1ec3n th\u1ecb s\u1eafc n\u00e9t, m\u00e0u \u0111en s\u00e2u, \u0111\u1ed9 t\u01b0\u01a1ng ph\u1ea3n cao, k\u1ebft h\u1ee3p b\u1ed9 x\u1eed l\u00fd AI th\u00f4ng minh t\u1ed1i \u01b0u h\u00ecnh \u1ea3nh s\u1ed1ng \u0111\u1ed9ng nh\u01b0 r\u1ea1p chi\u1ebfu t\u1ea1i gia.<\/p>\n<p><strong>Thi\u1ebft k\u1ebf<\/strong><\/p>\n<p><a href=\"https:\/\/tokoo.vn\/danh-muc\/samsung-tvs\/\" target=\"_blank\" rel=\"noopener\"><strong>Smart Tivi OLED Samsung AI 4K 77 inch QA77S90F<\/strong> <\/a>g\u00e2y \u1ea5n t\u01b0\u1ee3ng v\u1edbi thi\u1ebft k\u1ebf Laser si\u00eau m\u1ecfng, vi\u1ec1n t\u1ed1i gi\u1ea3n tinh t\u1ebf, mang \u0111\u1ebfn di\u1ec7n t\u00edch hi\u1ec3n th\u1ecb t\u1ed1i \u0111a, h\u00e0i h\u00f2a c\u00f9ng nhi\u1ec1u phong c\u00e1ch n\u1ed9i th\u1ea5t v\u00e0 tr\u1edf th\u00e0nh t\u00e2m \u0111i\u1ec3m sang tr\u1ecdng trong ph\u00f2ng kh\u00e1ch hi\u1ec7n \u0111\u1ea1i.<\/p>\n<p>M\u00e0n h\u00ecnh 77 inch l\u1edbn ph\u00f9 h\u1ee3p kh\u00f4ng gian gi\u1ea3i tr\u00ed cao c\u1ea5p, cho tr\u1ea3i nghi\u1ec7m nh\u01b0 r\u1ea1p phim ngay t\u1ea1i nh\u00e0. Tivi c\u00f3 th\u1ec3 treo t\u01b0\u1eddng g\u1ecdn g\u00e0ng ho\u1eb7c \u0111\u1eb7t b\u00e0n ch\u1eafc ch\u1eafn, \u0111\u00e1p \u1ee9ng \u0111a d\u1ea1ng nhu c\u1ea7u tr\u01b0ng b\u00e0y v\u00e0 thi\u1ebft k\u1ebf ph\u00f2ng.<\/p>\n<p><img fetchpriority=\"high\" decoding=\"async\" class=\"alignnone wp-image-5375\" src=\"https:\/\/tivi-samsung.com\/wp-content\/uploads\/2025\/09\/2abd64f12412fbfdf1e8466346a25bbb-300x168.jpg\" alt=\"\" width=\"1423\" height=\"797\" srcset=\"https:\/\/tivi-samsung.com\/wp-content\/uploads\/2025\/09\/2abd64f12412fbfdf1e8466346a25bbb-300x168.jpg 300w, https:\/\/tivi-samsung.com\/wp-content\/uploads\/2025\/09\/2abd64f12412fbfdf1e8466346a25bbb-768x429.jpg 768w, https:\/\/tivi-samsung.com\/wp-content\/uploads\/2025\/09\/2abd64f12412fbfdf1e8466346a25bbb-450x251.jpg 450w, https:\/\/tivi-samsung.com\/wp-content\/uploads\/2025\/09\/2abd64f12412fbfdf1e8466346a25bbb-600x335.jpg 600w, https:\/\/tivi-samsung.com\/wp-content\/uploads\/2025\/09\/2abd64f12412fbfdf1e8466346a25bbb-150x84.jpg 150w, https:\/\/tivi-samsung.com\/wp-content\/uploads\/2025\/09\/2abd64f12412fbfdf1e8466346a25bbb.jpg 1020w\" sizes=\"(max-width: 1423px) 100vw, 1423px\" \/><\/p>\n<p><strong>C\u00f4ng ngh\u1ec7 h\u00ecnh \u1ea3nh<\/strong><\/p>\n<p><strong>B\u1ed9 x\u1eed l\u00fd AI NQ4 Gen 3<\/strong> v\u1edbi 128 m\u1ea1ng tr\u00ed tu\u1ec7 ph\u00e2n t\u00edch t\u1eebng khung h\u00ecnh, t\u1ed1i \u01b0u chi ti\u1ebft, m\u00e0u s\u1eafc v\u00e0 \u0111\u1ed9 s\u00e1ng, \u0111\u1ed3ng th\u1eddi n\u00e2ng c\u1ea5p n\u1ed9i dung th\u1ea5p l\u00ean chu\u1ea9n 4K, cho h\u00ecnh \u1ea3nh s\u1eafc n\u00e9t, c\u00e2n b\u1eb1ng v\u00e0 t\u1ef1 nhi\u00ean trong m\u1ecdi t\u00ecnh hu\u1ed1ng.<\/p>\n<p><strong>Color Booster Pro<\/strong> t\u0103ng c\u01b0\u1eddng d\u1ea3i m\u00e0u th\u00f4ng minh, hi\u1ec3n th\u1ecb m\u00e0u r\u1ef1c r\u1ee1, s\u1ed1ng \u0111\u1ed9ng nh\u01b0ng v\u1eabn gi\u1eef \u0111\u1ed9 t\u1ef1 nhi\u00ean. Tivi \u0111\u1ea1t ch\u1ee9ng nh\u1eadn <strong>PANTONE<\/strong> \u0111\u1ea3m b\u1ea3o \u0111\u1ed9 ch\u00ednh x\u00e1c m\u00e0u s\u1eafc, mang l\u1ea1i tr\u1ea3i nghi\u1ec7m hi\u1ec3n th\u1ecb trung th\u1ef1c v\u00e0 g\u1ea7n th\u1ef1c t\u1ebf.<\/p>\n<p><img decoding=\"async\" class=\"alignnone wp-image-5376\" src=\"https:\/\/tivi-samsung.com\/wp-content\/uploads\/2025\/09\/1c5e6f650b3d29109dc12e08b8d93ffd-300x168.jpg\" alt=\"\" width=\"1423\" height=\"797\" srcset=\"https:\/\/tivi-samsung.com\/wp-content\/uploads\/2025\/09\/1c5e6f650b3d29109dc12e08b8d93ffd-300x168.jpg 300w, https:\/\/tivi-samsung.com\/wp-content\/uploads\/2025\/09\/1c5e6f650b3d29109dc12e08b8d93ffd-768x429.jpg 768w, https:\/\/tivi-samsung.com\/wp-content\/uploads\/2025\/09\/1c5e6f650b3d29109dc12e08b8d93ffd-450x251.jpg 450w, https:\/\/tivi-samsung.com\/wp-content\/uploads\/2025\/09\/1c5e6f650b3d29109dc12e08b8d93ffd-600x335.jpg 600w, https:\/\/tivi-samsung.com\/wp-content\/uploads\/2025\/09\/1c5e6f650b3d29109dc12e08b8d93ffd-150x84.jpg 150w, https:\/\/tivi-samsung.com\/wp-content\/uploads\/2025\/09\/1c5e6f650b3d29109dc12e08b8d93ffd.jpg 1020w\" sizes=\"(max-width: 1423px) 100vw, 1423px\" \/><\/p>\n<p><strong>C\u00f4ng ngh\u1ec7 OLED HDR+<\/strong> k\u1ebft h\u1ee3p Auto HDR Remastering Pro m\u1edf r\u1ed9ng \u0111\u1ed9 s\u00e1ng, t\u0103ng \u0111\u1ed9 t\u01b0\u01a1ng ph\u1ea3n v\u00e0 t\u00e1i hi\u1ec7n chi ti\u1ebft r\u00f5 \u1edf c\u1ea3 v\u00f9ng s\u00e1ng t\u1ed1i. Smart Tivi OLED c\u00f3 m\u00e0n h\u00ecnh t\u1ef1 ph\u00e1t s\u00e1ng cho m\u00e0u \u0111en s\u00e2u, tr\u1eafng tinh khi\u1ebft t\u00e1i hi\u1ec7n r\u00f5 b\u1ea7u tr\u1eddi \u0111\u00eam \u0111\u1ea7y sao hay \u00e1nh \u0111\u00e8n th\u00e0nh ph\u1ed1 r\u1ef1c r\u1ee1 m\u1ed9t c\u00e1ch ch\u00e2n th\u1ef1c v\u00e0 s\u1ed1ng \u0111\u1ed9ng.<\/p>\n<p><strong>Real Depth Enhancer<\/strong> m\u00f4 ph\u1ecfng c\u00e1ch m\u1eaft t\u1eadp trung, gia t\u0103ng \u0111\u1ed9 t\u01b0\u01a1ng ph\u1ea3n ti\u1ec1n c\u1ea3nh so v\u1edbi h\u1eadu c\u1ea3nh, t\u1eeb \u0111\u00f3 t\u00e1i t\u1ea1o chi\u1ec1u s\u00e2u t\u1ef1 nhi\u00ean. Nh\u00e2n v\u1eadt v\u00e0 khung c\u1ea3nh tr\u1edf n\u00ean n\u1ed5i kh\u1ed1i, gi\u00fap t\u1eebng khung h\u00ecnh ch\u00e2n th\u1ef1c v\u00e0 h\u1ea5p d\u1eabn h\u01a1n.<\/p>\n<p><img decoding=\"async\" class=\"alignnone wp-image-5373\" src=\"https:\/\/tivi-samsung.com\/wp-content\/uploads\/2025\/09\/b3ced6960eb3953fc234451e17a4fca1-300x168.jpg\" alt=\"\" width=\"1414\" height=\"792\" srcset=\"https:\/\/tivi-samsung.com\/wp-content\/uploads\/2025\/09\/b3ced6960eb3953fc234451e17a4fca1-300x168.jpg 300w, https:\/\/tivi-samsung.com\/wp-content\/uploads\/2025\/09\/b3ced6960eb3953fc234451e17a4fca1-768x429.jpg 768w, https:\/\/tivi-samsung.com\/wp-content\/uploads\/2025\/09\/b3ced6960eb3953fc234451e17a4fca1-450x251.jpg 450w, https:\/\/tivi-samsung.com\/wp-content\/uploads\/2025\/09\/b3ced6960eb3953fc234451e17a4fca1-600x335.jpg 600w, https:\/\/tivi-samsung.com\/wp-content\/uploads\/2025\/09\/b3ced6960eb3953fc234451e17a4fca1-150x84.jpg 150w, https:\/\/tivi-samsung.com\/wp-content\/uploads\/2025\/09\/b3ced6960eb3953fc234451e17a4fca1.jpg 1020w\" sizes=\"(max-width: 1414px) 100vw, 1414px\" \/><\/p>\n<p><strong>Motion Xcelerator 144 Hz<\/strong> mang \u0111\u1ebfn kh\u1ea3 n\u0103ng hi\u1ec3n th\u1ecb m\u01b0\u1ee3t m\u00e0 \u1edf c\u00e1c c\u1ea3nh chuy\u1ec3n \u0111\u1ed9ng nhanh, gi\u1ea3m hi\u1ec7n t\u01b0\u1ee3ng nh\u00f2e v\u00e0 x\u00e9 h\u00ecnh, gi\u00fap b\u1ea1n th\u01b0\u1edfng th\u1ee9c phim h\u00e0nh \u0111\u1ed9ng hay c\u00e1c tr\u1eadn th\u1ec3 thao k\u1ecbch t\u00ednh v\u1edbi chi ti\u1ebft r\u00f5 r\u00e0ng v\u00e0 s\u1ed1ng \u0111\u1ed9ng.<\/p>\n<p><strong>FreeSync Premium v\u00e0 Auto Low Latency Mode (ALLM)<\/strong> t\u1ed1i \u01b0u tr\u1ea3i nghi\u1ec7m ch\u01a1i game nh\u1edd gi\u1ea3m thi\u1ec3u hi\u1ec7n t\u01b0\u1ee3ng x\u00e9 h\u00ecnh v\u00e0 \u0111\u1ed9 tr\u1ec5 \u0111\u1ea7u v\u00e0o. Game th\u1ee7 s\u1ebd c\u1ea3m nh\u1eadn r\u00f5 s\u1ef1 ph\u1ea3n h\u1ed3i nhanh nh\u1ea1y v\u00e0 h\u00ecnh \u1ea3nh \u1ed5n \u0111\u1ecbnh trong t\u1eebng tr\u1eadn \u0111\u1ea5u.<\/p>\n<p><strong>Ultra Viewing Angle<\/strong> \u0111\u1ea3m b\u1ea3o m\u00e0u s\u1eafc v\u00e0 \u0111\u1ed9 s\u00e1ng v\u1eabn ch\u00ednh x\u00e1c ngay c\u1ea3 khi quan s\u00e1t t\u1eeb nhi\u1ec1u g\u00f3c kh\u00e1c nhau, gi\u00fap m\u1ecdi th\u00e0nh vi\u00ean trong ph\u00f2ng \u0111\u1ec1u c\u00f3 tr\u1ea3i nghi\u1ec7m \u0111\u1ed3ng \u0111\u1ec1u.<\/p>\n<p><strong>Anti Reflection<\/strong> gi\u1ea3m thi\u1ec3u hi\u1ec7n t\u01b0\u1ee3ng ph\u1ea3n chi\u1ebfu \u00e1nh s\u00e1ng t\u1eeb \u0111\u00e8n hay c\u1eeda s\u1ed5, gi\u1eef h\u00ecnh \u1ea3nh r\u00f5 n\u00e9t v\u00e0 n\u1ed5i kh\u1ed1i ngay c\u1ea3 trong kh\u00f4ng gian nhi\u1ec1u \u00e1nh s\u00e1ng.<\/p>\n<p><img loading=\"lazy\" decoding=\"async\" class=\"alignnone wp-image-5386\" src=\"https:\/\/tivi-samsung.com\/wp-content\/uploads\/2025\/09\/smart-tivi-oled-samsung-ai-4k-77-inch-qa77s90f638938959616847548-300x168.jpg\" alt=\"\" width=\"1452\" height=\"813\" srcset=\"https:\/\/tivi-samsung.com\/wp-content\/uploads\/2025\/09\/smart-tivi-oled-samsung-ai-4k-77-inch-qa77s90f638938959616847548-300x168.jpg 300w, https:\/\/tivi-samsung.com\/wp-content\/uploads\/2025\/09\/smart-tivi-oled-samsung-ai-4k-77-inch-qa77s90f638938959616847548-768x429.jpg 768w, https:\/\/tivi-samsung.com\/wp-content\/uploads\/2025\/09\/smart-tivi-oled-samsung-ai-4k-77-inch-qa77s90f638938959616847548-450x251.jpg 450w, https:\/\/tivi-samsung.com\/wp-content\/uploads\/2025\/09\/smart-tivi-oled-samsung-ai-4k-77-inch-qa77s90f638938959616847548-600x335.jpg 600w, https:\/\/tivi-samsung.com\/wp-content\/uploads\/2025\/09\/smart-tivi-oled-samsung-ai-4k-77-inch-qa77s90f638938959616847548-150x84.jpg 150w, https:\/\/tivi-samsung.com\/wp-content\/uploads\/2025\/09\/smart-tivi-oled-samsung-ai-4k-77-inch-qa77s90f638938959616847548.jpg 1020w\" sizes=\"(max-width: 1452px) 100vw, 1452px\" \/><\/p>\n<p><strong>C\u00f4ng ngh\u1ec7 \u00e2m thanh<\/strong><\/p>\n<p>H\u1ec7 th\u1ed1ng loa c\u00f4ng su\u1ea5t 40W t\u00edch h\u1ee3p <strong>Dolby Atmos<\/strong> t\u00e1i t\u1ea1o \u00e2m thanh v\u00f2m \u0111a chi\u1ec1u, bao ph\u1ee7 kh\u1eafp ph\u00f2ng. Ng\u01b0\u1eddi d\u00f9ng s\u1ebd c\u1ea3m nh\u1eadn \u00e2m thanh s\u1ed1ng \u0111\u1ed9ng, r\u00f5 r\u00e0ng, t\u1eeb hi\u1ec7u \u1ee9ng h\u00e0nh \u0111\u1ed9ng cho \u0111\u1ebfn b\u1ea3n nh\u1ea1c du d\u01b0\u01a1ng, t\u1ea1o c\u1ea3m gi\u00e1c nh\u1eadp vai m\u1ea1nh m\u1ebd.<\/p>\n<p><strong>Q-Symphony Next<\/strong> \u0111\u1ed3ng b\u1ed9 loa tivi v\u00e0 loa thanh Samsung, cho \u00e2m thanh li\u1ec1n m\u1ea1ch v\u00e0 m\u1edf r\u1ed9ng. C\u00f4ng ngh\u1ec7 n\u00e0y gia t\u0103ng hi\u1ec7u \u1ee9ng \u00e2m tr\u01b0\u1eddng, mang l\u1ea1i tr\u1ea3i nghi\u1ec7m \u00e2m thanh m\u1ea1nh m\u1ebd v\u00e0 cu\u1ed1n h\u00fat h\u01a1n.<\/p>\n<p><img loading=\"lazy\" decoding=\"async\" class=\"alignnone wp-image-5385\" src=\"https:\/\/tivi-samsung.com\/wp-content\/uploads\/2025\/09\/smart-tivi-oled-samsung-ai-4k-77-inch-qa77s90f638938959618027474-300x168.jpg\" alt=\"\" width=\"1445\" height=\"809\" srcset=\"https:\/\/tivi-samsung.com\/wp-content\/uploads\/2025\/09\/smart-tivi-oled-samsung-ai-4k-77-inch-qa77s90f638938959618027474-300x168.jpg 300w, https:\/\/tivi-samsung.com\/wp-content\/uploads\/2025\/09\/smart-tivi-oled-samsung-ai-4k-77-inch-qa77s90f638938959618027474-768x429.jpg 768w, https:\/\/tivi-samsung.com\/wp-content\/uploads\/2025\/09\/smart-tivi-oled-samsung-ai-4k-77-inch-qa77s90f638938959618027474-450x251.jpg 450w, https:\/\/tivi-samsung.com\/wp-content\/uploads\/2025\/09\/smart-tivi-oled-samsung-ai-4k-77-inch-qa77s90f638938959618027474-600x335.jpg 600w, https:\/\/tivi-samsung.com\/wp-content\/uploads\/2025\/09\/smart-tivi-oled-samsung-ai-4k-77-inch-qa77s90f638938959618027474-150x84.jpg 150w, https:\/\/tivi-samsung.com\/wp-content\/uploads\/2025\/09\/smart-tivi-oled-samsung-ai-4k-77-inch-qa77s90f638938959618027474.jpg 1020w\" sizes=\"(max-width: 1445px) 100vw, 1445px\" \/><\/p>\n<p><strong>Object Tracking Sound Lite (OTS Lite)<\/strong> ph\u00e1t \u00e2m thanh theo chuy\u1ec3n \u0111\u1ed9ng h\u00ecnh \u1ea3nh, gi\u00fap ng\u01b0\u1eddi xem c\u1ea3m nh\u1eadn r\u00f5 v\u1ecb tr\u00ed ngu\u1ed3n ph\u00e1t. T\u1eeb \u0111\u00f3 t\u0103ng \u0111\u1ed9 ch\u00e2n th\u1ef1c, t\u1ea1o hi\u1ec7u \u1ee9ng nh\u1eadp vai, \u0111\u1eb7c bi\u1ec7t \u1ea5n t\u01b0\u1ee3ng khi th\u01b0\u1edfng th\u1ee9c phim bom t\u1ea5n ho\u1eb7c xem th\u1ec3 thao tr\u1ef1c ti\u1ebfp.<\/p>\n<p><strong>Adaptive Sound Pro<\/strong> tr\u00ean tivi t\u1ef1 \u0111\u1ed9ng tinh ch\u1ec9nh \u00e2m thanh theo t\u1eebng n\u1ed9i dung, c\u00e2n b\u1eb1ng t\u1eeb l\u1eddi tho\u1ea1i \u0111\u1ebfn nh\u1ea1c n\u1ec1n v\u00e0 hi\u1ec7u \u1ee9ng. <strong>Active Voice Amplifier Pro<\/strong> ph\u00e1t hi\u1ec7n ti\u1ebfng \u1ed3n xung quanh, n\u00e2ng \u00e2m l\u01b0\u1ee3ng tho\u1ea1i \u0111\u1ec3 l\u1eddi n\u00f3i lu\u00f4n r\u00f5 r\u00e0ng, d\u1ec5 nghe.<\/p>\n<p><img loading=\"lazy\" decoding=\"async\" class=\"alignnone wp-image-5379\" src=\"https:\/\/tivi-samsung.com\/wp-content\/uploads\/2025\/09\/ca946dcd613db1e5811c7ebba67022d9-300x168.jpg\" alt=\"\" width=\"1445\" height=\"809\" srcset=\"https:\/\/tivi-samsung.com\/wp-content\/uploads\/2025\/09\/ca946dcd613db1e5811c7ebba67022d9-300x168.jpg 300w, https:\/\/tivi-samsung.com\/wp-content\/uploads\/2025\/09\/ca946dcd613db1e5811c7ebba67022d9-768x429.jpg 768w, https:\/\/tivi-samsung.com\/wp-content\/uploads\/2025\/09\/ca946dcd613db1e5811c7ebba67022d9-450x251.jpg 450w, https:\/\/tivi-samsung.com\/wp-content\/uploads\/2025\/09\/ca946dcd613db1e5811c7ebba67022d9-600x335.jpg 600w, https:\/\/tivi-samsung.com\/wp-content\/uploads\/2025\/09\/ca946dcd613db1e5811c7ebba67022d9-150x84.jpg 150w, https:\/\/tivi-samsung.com\/wp-content\/uploads\/2025\/09\/ca946dcd613db1e5811c7ebba67022d9.jpg 1020w\" sizes=\"(max-width: 1445px) 100vw, 1445px\" \/><\/p>\n<p><strong>H\u1ec7 \u0111i\u1ec1u h\u00e0nh<\/strong><\/p>\n<p>H\u1ec7 \u0111i\u1ec1u h\u00e0nh <strong>Tizen\u2122<\/strong> tr\u00ean tivi Samsung c\u00f3 giao di\u1ec7n th\u00e2n thi\u1ec7n, t\u1ed1c \u0111\u1ed9 ph\u1ea3n h\u1ed3i m\u01b0\u1ee3t, cho ph\u00e9p truy c\u1eadp nhanh c\u00e1c \u1ee9ng d\u1ee5ng v\u00e0 chuy\u1ec3n \u0111\u1ed5i linh ho\u1ea1t gi\u1eefa c\u00e1c t\u00e1c v\u1ee5.<\/p>\n<p>Kho \u1ee9ng d\u1ee5ng \u0111a d\u1ea1ng g\u1ed3m: <strong>YouTube, Netflix, FPT Play, TV360, VieON,\u2026<\/strong> \u0111\u00e1p \u1ee9ng nhu c\u1ea7u gi\u1ea3i tr\u00ed t\u1eeb phim \u1ea3nh, th\u1ec3 thao \u0111\u1ebfn h\u1ecdc t\u1eadp, ph\u1ee5c v\u1ee5 \u0111a d\u1ea1ng th\u00e0nh vi\u00ean trong gia \u0111\u00ecnh.<\/p>\n<p><img loading=\"lazy\" decoding=\"async\" class=\"alignnone wp-image-5378\" src=\"https:\/\/tivi-samsung.com\/wp-content\/uploads\/2025\/09\/19f38d017fca2b80e808ed54009e0b51-300x168.jpg\" alt=\"\" width=\"1461\" height=\"818\" srcset=\"https:\/\/tivi-samsung.com\/wp-content\/uploads\/2025\/09\/19f38d017fca2b80e808ed54009e0b51-300x168.jpg 300w, https:\/\/tivi-samsung.com\/wp-content\/uploads\/2025\/09\/19f38d017fca2b80e808ed54009e0b51-768x429.jpg 768w, https:\/\/tivi-samsung.com\/wp-content\/uploads\/2025\/09\/19f38d017fca2b80e808ed54009e0b51-450x251.jpg 450w, https:\/\/tivi-samsung.com\/wp-content\/uploads\/2025\/09\/19f38d017fca2b80e808ed54009e0b51-600x335.jpg 600w, https:\/\/tivi-samsung.com\/wp-content\/uploads\/2025\/09\/19f38d017fca2b80e808ed54009e0b51-150x84.jpg 150w, https:\/\/tivi-samsung.com\/wp-content\/uploads\/2025\/09\/19f38d017fca2b80e808ed54009e0b51.jpg 1020w\" sizes=\"(max-width: 1461px) 100vw, 1461px\" \/><\/p>\n<p><strong>Ti\u1ec7n \u00edch<\/strong><\/p>\n<p><strong>SmartThings<\/strong> cho ph\u00e9p k\u1ebft n\u1ed1i v\u00e0 qu\u1ea3n l\u00fd \u0111\u1ed3ng b\u1ed9 c\u00e1c thi\u1ebft b\u1ecb trong h\u1ec7 sinh th\u00e1i Samsung, gi\u00fap b\u1ea1n d\u1ec5 d\u00e0ng ki\u1ec3m so\u00e1t, theo d\u00f5i v\u00e0 \u0111i\u1ec1u ch\u1ec9nh ngay tr\u00ean tivi ho\u1eb7c qua \u0111i\u1ec7n tho\u1ea1i v\u1edbi giao di\u1ec7n tr\u1ef1c quan, ti\u1ec7n l\u1ee3i.<\/p>\n<p><strong>One Remote Control<\/strong> t\u00edch h\u1ee3p pin n\u0103ng l\u01b0\u1ee3ng m\u1eb7t tr\u1eddi, gi\u1ea3m thi\u1ec3u r\u00e1c th\u1ea3i pin. Remote thi\u1ebft k\u1ebf nh\u1ecf g\u1ecdn, t\u1ed1i gi\u1ea3n, h\u1ed7 tr\u1ee3 \u0111i\u1ec1u khi\u1ec3n gi\u1ecdng n\u00f3i Bixby ti\u1ebfng Vi\u1ec7t, mang \u0111\u1ebfn tr\u1ea3i nghi\u1ec7m th\u00e2n thi\u1ec7n v\u00e0 ti\u1ec7n l\u1ee3i h\u01a1n cho ng\u01b0\u1eddi d\u00f9ng.<\/p>\n<p><strong>AirPlay 2<\/strong> k\u1ebft n\u1ed1i v\u00e0 tr\u00ecnh chi\u1ebfu kh\u00f4ng d\u00e2y t\u1eeb iPhone, iPad l\u00ean m\u00e0n h\u00ecnh l\u1edbn, ph\u1ee5c v\u1ee5 nhu c\u1ea7u l\u00e0m vi\u1ec7c v\u00e0 gi\u1ea3i tr\u00ed. Multi View h\u1ed7 tr\u1ee3 chia \u0111\u00f4i m\u00e0n h\u00ecnh, hi\u1ec3n th\u1ecb \u0111\u1ed3ng th\u1eddi nhi\u1ec1u n\u1ed9i dung, n\u00e2ng cao tr\u1ea3i nghi\u1ec7m \u0111a nhi\u1ec7m.<\/p>\n<p><strong>Universal Gestures<\/strong> bi\u1ebfn \u0111\u1ed3ng h\u1ed3 Galaxy Watch (t\u1eeb phi\u00ean b\u1ea3n Watch 4) th\u00e0nh thi\u1ebft b\u1ecb \u0111i\u1ec1u khi\u1ec3n tivi qua c\u1eed ch\u1ec9 tay, mang l\u1ea1i c\u00e1ch thao t\u00e1c m\u1edbi l\u1ea1. \u0110\u00e2y l\u00e0 ti\u1ec7n \u00edch \u0111\u1ed9c \u0111\u00e1o, t\u1ea1o th\u00eam gi\u00e1 tr\u1ecb cho ng\u01b0\u1eddi d\u00f9ng trong h\u1ec7 sinh th\u00e1i Samsung.<\/p>\n<p><img loading=\"lazy\" decoding=\"async\" class=\"alignnone wp-image-5377\" src=\"https:\/\/tivi-samsung.com\/wp-content\/uploads\/2025\/09\/333d6d98d6a1e6e6009404b7c71a0bfc-300x168.jpg\" alt=\"\" width=\"1446\" height=\"810\" srcset=\"https:\/\/tivi-samsung.com\/wp-content\/uploads\/2025\/09\/333d6d98d6a1e6e6009404b7c71a0bfc-300x168.jpg 300w, https:\/\/tivi-samsung.com\/wp-content\/uploads\/2025\/09\/333d6d98d6a1e6e6009404b7c71a0bfc-768x429.jpg 768w, https:\/\/tivi-samsung.com\/wp-content\/uploads\/2025\/09\/333d6d98d6a1e6e6009404b7c71a0bfc-450x251.jpg 450w, https:\/\/tivi-samsung.com\/wp-content\/uploads\/2025\/09\/333d6d98d6a1e6e6009404b7c71a0bfc-600x335.jpg 600w, https:\/\/tivi-samsung.com\/wp-content\/uploads\/2025\/09\/333d6d98d6a1e6e6009404b7c71a0bfc-150x84.jpg 150w, https:\/\/tivi-samsung.com\/wp-content\/uploads\/2025\/09\/333d6d98d6a1e6e6009404b7c71a0bfc.jpg 1020w\" sizes=\"(max-width: 1446px) 100vw, 1446px\" \/><\/p>\n<p><em><strong>Smart Tivi OLED Samsung AI 4K 77 inch QA77S90F<\/strong> n\u1ed5i b\u1eadt v\u1edbi m\u00e0n h\u00ecnh <strong>OLED<\/strong> s\u1eafc n\u00e9t, b\u1ed9 x\u1eed l\u00fd AI t\u1ed1i \u01b0u h\u00ecnh \u1ea3nh, <strong>Dolby Atmos<\/strong> s\u1ed1ng \u0111\u1ed9ng v\u00e0 h\u1ec7 sinh th\u00e1i <strong>SmartThings<\/strong> ti\u1ec7n \u00edch. \u0110\u00e2y l\u00e0 l\u1ef1a ch\u1ecdn cao c\u1ea5p, x\u1ee9ng \u0111\u00e1ng cho kh\u00f4ng gian gi\u1ea3i tr\u00ed hi\u1ec7n<\/em> \u0111\u1ea1i.<\/p>\n<p><script src=\"chrome-extension:\/\/fpelahbljekknahkcaegamhcndkfpfnc\/iFrame.js\" type=\"text\/javascript\"><\/script><\/p>\n<p><script src=\"chrome-extension:\/\/fpelahbljekknahkcaegamhcndkfpfnc\/iFrame.js\" type=\"text\/javascript\"><\/script><\/p>\n<p><script src=\"chrome-extension:\/\/fpelahbljekknahkcaegamhcndkfpfnc\/iFrame.js\" type=\"text\/javascript\"><\/script><\/p>\n<p><script src=\"chrome-extension:\/\/fpelahbljekknahkcaegamhcndkfpfnc\/iFrame.js\" type=\"text\/javascript\"><\/script><\/p>\n","protected":false},"excerpt":{"rendered":"<p>&nbsp;<\/p>\n<p><script src=\"chrome-extension:\/\/fpelahbljekknahkcaegamhcndkfpfnc\/iFrame.js\" type=\"text\/javascript\"><\/script><\/p>\n<p><script src=\"chrome-extension:\/\/fpelahbljekknahkcaegamhcndkfpfnc\/iFrame.js\" type=\"text\/javascript\"><\/script><\/p>\n<p><script src=\"chrome-extension:\/\/fpelahbljekknahkcaegamhcndkfpfnc\/iFrame.js\" type=\"text\/javascript\"><\/script><\/p>\n<p><script src=\"chrome-extension:\/\/fpelahbljekknahkcaegamhcndkfpfnc\/iFrame.js\" type=\"text\/javascript\"><\/script><\/p>\n<p><script src=\"chrome-extension:\/\/fpelahbljekknahkcaegamhcndkfpfnc\/iFrame.js\" type=\"text\/javascript\"><\/script><\/p>\n<p><script src=\"chrome-extension:\/\/fpelahbljekknahkcaegamhcndkfpfnc\/iFrame.js\" type=\"text\/javascript\"><\/script><\/p>\n<p><script src=\"chrome-extension:\/\/fpelahbljekknahkcaegamhcndkfpfnc\/iFrame.js\" type=\"text\/javascript\"><\/script><\/p>\n<p><script src=\"chrome-extension:\/\/fpelahbljekknahkcaegamhcndkfpfnc\/iFrame.js\" type=\"text\/javascript\"><\/script><\/p>\n<p><script src=\"chrome-extension:\/\/fpelahbljekknahkcaegamhcndkfpfnc\/iFrame.js\" type=\"text\/javascript\"><\/script><\/p>\n","protected":false},"featured_media":5609,"comment_status":"open","ping_status":"closed","template":"","meta":[],"product_brand":[88],"product_cat":[68,76,140],"product_tag":[],"class_list":{"0":"post-4301","1":"product","2":"type-product","3":"status-publish","4":"has-post-thumbnail","6":"product_brand-samsung","7":"product_cat-smart-tv","8":"product_cat-televisions","9":"product_cat-tv-oled","10":"pa_kich-co-man-hinh-tu-75-85-inch","12":"first","13":"instock","14":"shipping-taxable","15":"purchasable","16":"product-type-simple"},"_links":{"self":[{"href":"https:\/\/tivi-samsung.com\/index.php?rest_route=\/wp\/v2\/product\/4301","targetHints":{"allow":["GET"]}}],"collection":[{"href":"https:\/\/tivi-samsung.com\/index.php?rest_route=\/wp\/v2\/product"}],"about":[{"href":"https:\/\/tivi-samsung.com\/index.php?rest_route=\/wp\/v2\/types\/product"}],"replies":[{"embeddable":true,"href":"https:\/\/tivi-samsung.com\/index.php?rest_route=%2Fwp%2Fv2%2Fcomments&post=4301"}],"version-history":[{"count":11,"href":"https:\/\/tivi-samsung.com\/index.php?rest_route=\/wp\/v2\/product\/4301\/revisions"}],"predecessor-version":[{"id":8428,"href":"https:\/\/tivi-samsung.com\/index.php?rest_route=\/wp\/v2\/product\/4301\/revisions\/8428"}],"wp:featuredmedia":[{"embeddable":true,"href":"https:\/\/tivi-samsung.com\/index.php?rest_route=\/wp\/v2\/media\/5609"}],"wp:attachment":[{"href":"https:\/\/tivi-samsung.com\/index.php?rest_route=%2Fwp%2Fv2%2Fmedia&parent=4301"}],"wp:term":[{"taxonomy":"product_brand","embeddable":true,"href":"https:\/\/tivi-samsung.com\/index.php?rest_route=%2Fwp%2Fv2%2Fproduct_brand&post=4301"},{"taxonomy":"product_cat","embeddable":true,"href":"https:\/\/tivi-samsung.com\/index.php?rest_route=%2Fwp%2Fv2%2Fproduct_cat&post=4301"},{"taxonomy":"product_tag","embeddable":true,"href":"https:\/\/tivi-samsung.com\/index.php?rest_route=%2Fwp%2Fv2%2Fproduct_tag&post=4301"}],"curies":[{"name":"wp","href":"https:\/\/api.w.org\/{rel}","templated":true}]}}