{"id":4206,"date":"2025-09-16T15:28:47","date_gmt":"2025-09-16T15:28:47","guid":{"rendered":"https:\/\/tivi-samsung.com\/?post_type=product&#038;p=4206"},"modified":"2025-10-15T00:42:26","modified_gmt":"2025-10-14T17:42:26","slug":"smart-tivi-crystal-uhd-samsung-4k-75-inch-ua75du8000","status":"publish","type":"product","link":"https:\/\/tivi-samsung.com\/?product=smart-tivi-crystal-uhd-samsung-4k-75-inch-ua75du8000","title":{"rendered":"Smart Tivi Crystal UHD Samsung 4K 75 inch UA75DU8000"},"content":{"rendered":"<p><strong>Th\u00f4ng tin s\u1ea3n ph\u1ea9m<\/strong><\/p>\n<p><a href=\"https:\/\/tokoo.vn\/danh-muc\/samsung-tvs\/\" target=\"_blank\" rel=\"noopener\"><strong>Smart Tivi Samsung 4K 75 inch UA75DU8000<\/strong><\/a> \u0111\u01b0\u1ee3c thi\u1ebft k\u1ebf v\u1edbi vi\u1ec1n m\u1ecfng tinh t\u1ebf, mang \u0111\u1ebfn ch\u1ea5t l\u01b0\u1ee3ng h\u00ecnh \u1ea3nh 4K UHD s\u1eafc n\u00e9t v\u00e0 m\u00e0u s\u1eafc r\u1ef1c r\u1ee1 nh\u1edd c\u00f4ng ngh\u1ec7 Dynamic Crystal Color. B\u1ed9 x\u1eed l\u00fd Crystal 4K c\u1ee7a n\u00f3 c\u1ea3i thi\u1ec7n m\u00e0u s\u1eafc v\u00e0 \u0111\u1ed9 t\u01b0\u01a1ng ph\u1ea3n, trong khi h\u1ec7 \u0111i\u1ec1u h\u00e0nh <strong>Tizen\u2122<\/strong> cung c\u1ea5p giao di\u1ec7n ng\u01b0\u1eddi d\u00f9ng th\u00e2n thi\u1ec7n v\u00e0 d\u1ec5 d\u00e0ng s\u1eed d\u1ee5ng.<\/p>\n<p><strong>T\u1ed5ng quan thi\u1ebft k\u1ebf<\/strong><\/p>\n<p>&#8211; V\u1edbi m\u00e0n h\u00ecnh l\u1edbn <strong>75 inch,<\/strong> tivi n\u00e0y ph\u00f9 h\u1ee3p cho c\u00e1c kh\u00f4ng gian m\u1edf nh\u01b0 ph\u00f2ng kh\u00e1ch l\u1edbn, ph\u00f2ng h\u1ecdp hay ph\u00f2ng h\u1ed9i ngh\u1ecb.<\/p>\n<p>&#8211; Ch\u00e2n \u0111\u1ebf \u0111\u01b0\u1ee3c l\u00e0m t\u1eeb nh\u1ef1a ch\u1eafc ch\u1eafn, \u0111\u1ea3m b\u1ea3o \u0111\u1ed9 v\u1eefng ch\u00e3i cho tivi. B\u1ea1n c\u0169ng c\u00f3 th\u1ec3 th\u00e1o ch\u00e2n \u0111\u1ebf \u0111\u1ec3 treo tivi l\u00ean t\u01b0\u1eddng, gi\u00fap ti\u1ebft ki\u1ec7m kh\u00f4ng gian v\u00e0 t\u0103ng th\u00eam v\u1ebb \u0111\u1eb9p hi\u1ec7n \u0111\u1ea1i cho c\u0103n ph\u00f2ng c\u1ee7a b\u1ea1n.<\/p>\n<p><img fetchpriority=\"high\" decoding=\"async\" class=\"alignnone wp-image-5516\" src=\"https:\/\/tivi-samsung.com\/wp-content\/uploads\/2025\/09\/Frame48-1020x570-1-300x168.jpg\" alt=\"\" width=\"1836\" height=\"1028\" srcset=\"https:\/\/tivi-samsung.com\/wp-content\/uploads\/2025\/09\/Frame48-1020x570-1-300x168.jpg 300w, https:\/\/tivi-samsung.com\/wp-content\/uploads\/2025\/09\/Frame48-1020x570-1-768x429.jpg 768w, https:\/\/tivi-samsung.com\/wp-content\/uploads\/2025\/09\/Frame48-1020x570-1-450x251.jpg 450w, https:\/\/tivi-samsung.com\/wp-content\/uploads\/2025\/09\/Frame48-1020x570-1-600x335.jpg 600w, https:\/\/tivi-samsung.com\/wp-content\/uploads\/2025\/09\/Frame48-1020x570-1-150x84.jpg 150w, https:\/\/tivi-samsung.com\/wp-content\/uploads\/2025\/09\/Frame48-1020x570-1.jpg 1020w\" sizes=\"(max-width: 1836px) 100vw, 1836px\" \/><\/p>\n<p><strong>C\u00f4ng ngh\u1ec7 h\u00ecnh \u1ea3nh<\/strong><\/p>\n<p>&#8211; <strong>Smart Tivi Samsung<\/strong> mang l\u1ea1i tr\u1ea3i nghi\u1ec7m h\u00ecnh \u1ea3nh \u0111\u1ec9nh cao v\u1edbi \u0111\u1ed9 ph\u00e2n gi\u1ea3i 4K, cho h\u00ecnh \u1ea3nh c\u1ef1c k\u1ef3 s\u1eafc n\u00e9t v\u00e0 chi ti\u1ebft nh\u1edd v\u00e0o h\u01a1n 8 tri\u1ec7u \u0111i\u1ec3m \u1ea3nh.<\/p>\n<p>&#8211; <strong>B\u1ed9 x\u1eed l\u00fd Crystal 4K<\/strong> c\u1ee7a tivi n\u00e0y t\u1ef1 \u0111\u1ed9ng tinh ch\u1ec9nh m\u00e0u s\u1eafc v\u00e0 t\u01b0\u01a1ng ph\u1ea3n, \u0111em l\u1ea1i m\u00e0u s\u1eafc r\u1ef1c r\u1ee1 v\u00e0 h\u00ecnh \u1ea3nh ch\u00e2n th\u1ef1c.<\/p>\n<p>&#8211;<strong> V\u1edbi UHD Dimming,<\/strong> b\u1ea1n s\u1ebd th\u1ea5y m\u00e0u \u0111en th\u00eam ph\u1ea7n s\u00e2u th\u1eb3m v\u00e0 m\u00e0u tr\u1eafng s\u00e1ng h\u01a1n, t\u1ea1o n\u00ean \u0111\u1ed9 t\u01b0\u01a1ng ph\u1ea3n \u1ea5n t\u01b0\u1ee3ng.<\/p>\n<p>&#8211; \u0110\u1eb7c bi\u1ec7t, c\u00f4ng ngh\u1ec7 <strong>Motion Xcelerator<\/strong> gi\u00fap c\u1ea3i thi\u1ec7n \u0111\u00e1ng k\u1ec3 ch\u1ea5t l\u01b0\u1ee3ng h\u00ecnh \u1ea3nh trong c\u00e1c c\u1ea3nh chuy\u1ec3n \u0111\u1ed9ng nhanh, l\u00e0m cho vi\u1ec7c xem phim h\u00e0nh \u0111\u1ed9ng hay ch\u01a1i game tr\u1edf n\u00ean m\u01b0\u1ee3t m\u00e0 v\u00e0 s\u1ed1ng \u0111\u1ed9ng h\u01a1n.<\/p>\n<p>&#8211; C\u00f9ng v\u1edbi \u0111\u00f3, c\u00e1c c\u00f4ng ngh\u1ec7 nh\u01b0 <strong>Contrast Enhancer v\u00e0 Dynamic Crystal Color<\/strong> c\u0169ng g\u00f3p ph\u1ea7n t\u00e1i hi\u1ec7n h\u00ecnh \u1ea3nh m\u1ed9t c\u00e1ch t\u1ef1 nhi\u00ean v\u00e0 ch\u00e2n th\u1ef1c nh\u1ea5t.<\/p>\n<p><img decoding=\"async\" class=\"alignnone wp-image-5352\" src=\"https:\/\/tivi-samsung.com\/wp-content\/uploads\/2025\/09\/smart-tivi-qled-samsung-ai-4k-43-inch-qa43q7fa-200925-024850-407-300x176.jpg\" alt=\"\" width=\"1832\" height=\"1075\" srcset=\"https:\/\/tivi-samsung.com\/wp-content\/uploads\/2025\/09\/smart-tivi-qled-samsung-ai-4k-43-inch-qa43q7fa-200925-024850-407-300x176.jpg 300w, https:\/\/tivi-samsung.com\/wp-content\/uploads\/2025\/09\/smart-tivi-qled-samsung-ai-4k-43-inch-qa43q7fa-200925-024850-407-768x452.jpg 768w, https:\/\/tivi-samsung.com\/wp-content\/uploads\/2025\/09\/smart-tivi-qled-samsung-ai-4k-43-inch-qa43q7fa-200925-024850-407-450x265.jpg 450w, https:\/\/tivi-samsung.com\/wp-content\/uploads\/2025\/09\/smart-tivi-qled-samsung-ai-4k-43-inch-qa43q7fa-200925-024850-407-600x353.jpg 600w, https:\/\/tivi-samsung.com\/wp-content\/uploads\/2025\/09\/smart-tivi-qled-samsung-ai-4k-43-inch-qa43q7fa-200925-024850-407-150x88.jpg 150w, https:\/\/tivi-samsung.com\/wp-content\/uploads\/2025\/09\/smart-tivi-qled-samsung-ai-4k-43-inch-qa43q7fa-200925-024850-407.jpg 1020w\" sizes=\"(max-width: 1832px) 100vw, 1832px\" \/><\/p>\n<p><strong>C\u00f4ng ngh\u1ec7 \u00e2m thanh<\/strong><\/p>\n<p>&#8211; <strong>Tivi Samsung 4K<\/strong> mang l\u1ea1i \u00e2m thanh m\u1ea1nh m\u1ebd v\u00e0 s\u1ed1ng \u0111\u1ed9ng v\u1edbi t\u1ed5ng c\u00f4ng su\u1ea5t loa l\u00ean \u0111\u1ebfn 20W.<\/p>\n<p>&#8211;<strong> C\u00f4ng ngh\u1ec7 OTS Lite<\/strong> t\u1ea1o c\u1ea3m gi\u00e1c \u00e2m thanh di chuy\u1ec3n c\u00f9ng h\u00ecnh \u1ea3nh, nh\u01b0 th\u1ec3 b\u1ea1n \u0111ang \u1edf trong r\u1ea1p phim.<\/p>\n<p><img decoding=\"async\" class=\"alignnone wp-image-5438\" src=\"https:\/\/tivi-samsung.com\/wp-content\/uploads\/2025\/09\/tivi-neo-qled-samsung-4k-85-inch-qa85qn90d-11-1020x570-2-300x168.jpg\" alt=\"\" width=\"1827\" height=\"1023\" srcset=\"https:\/\/tivi-samsung.com\/wp-content\/uploads\/2025\/09\/tivi-neo-qled-samsung-4k-85-inch-qa85qn90d-11-1020x570-2-300x168.jpg 300w, https:\/\/tivi-samsung.com\/wp-content\/uploads\/2025\/09\/tivi-neo-qled-samsung-4k-85-inch-qa85qn90d-11-1020x570-2-768x429.jpg 768w, https:\/\/tivi-samsung.com\/wp-content\/uploads\/2025\/09\/tivi-neo-qled-samsung-4k-85-inch-qa85qn90d-11-1020x570-2-450x251.jpg 450w, https:\/\/tivi-samsung.com\/wp-content\/uploads\/2025\/09\/tivi-neo-qled-samsung-4k-85-inch-qa85qn90d-11-1020x570-2-600x335.jpg 600w, https:\/\/tivi-samsung.com\/wp-content\/uploads\/2025\/09\/tivi-neo-qled-samsung-4k-85-inch-qa85qn90d-11-1020x570-2-150x84.jpg 150w, https:\/\/tivi-samsung.com\/wp-content\/uploads\/2025\/09\/tivi-neo-qled-samsung-4k-85-inch-qa85qn90d-11-1020x570-2.jpg 1020w\" sizes=\"(max-width: 1827px) 100vw, 1827px\" \/><\/p>\n<p>&#8211; V\u1edbi <strong>Adaptive Sound<\/strong> tivi t\u1ef1 \u0111\u1ed9ng \u0111i\u1ec1u ch\u1ec9nh \u00e2m thanh \u0111\u1ec3 ph\u00f9 h\u1ee3p v\u1edbi m\u00f4i tr\u01b0\u1eddng xem, cung c\u1ea5p tr\u1ea3i nghi\u1ec7m nghe ch\u1ea5t l\u01b0\u1ee3ng cao.<\/p>\n<p>&#8211; <strong>Q-Symphony Next<\/strong> k\u1ebft h\u1ee3p loa tivi v\u1edbi loa thanh b\u1eb1ng AI, t\u1ea1o n\u00ean kh\u00f4ng gian \u00e2m thanh \u0111\u1ea7y \u1ea5n t\u01b0\u1ee3ng.<\/p>\n<p><img loading=\"lazy\" decoding=\"async\" class=\"alignnone wp-image-5433\" src=\"https:\/\/tivi-samsung.com\/wp-content\/uploads\/2025\/09\/tivi-neo-qled-samsung-4k-85-inch-qa85qn90d-7-1020x570-2-300x168.jpg\" alt=\"\" width=\"1818\" height=\"1018\" srcset=\"https:\/\/tivi-samsung.com\/wp-content\/uploads\/2025\/09\/tivi-neo-qled-samsung-4k-85-inch-qa85qn90d-7-1020x570-2-300x168.jpg 300w, https:\/\/tivi-samsung.com\/wp-content\/uploads\/2025\/09\/tivi-neo-qled-samsung-4k-85-inch-qa85qn90d-7-1020x570-2-768x429.jpg 768w, https:\/\/tivi-samsung.com\/wp-content\/uploads\/2025\/09\/tivi-neo-qled-samsung-4k-85-inch-qa85qn90d-7-1020x570-2-450x251.jpg 450w, https:\/\/tivi-samsung.com\/wp-content\/uploads\/2025\/09\/tivi-neo-qled-samsung-4k-85-inch-qa85qn90d-7-1020x570-2-600x335.jpg 600w, https:\/\/tivi-samsung.com\/wp-content\/uploads\/2025\/09\/tivi-neo-qled-samsung-4k-85-inch-qa85qn90d-7-1020x570-2-150x84.jpg 150w, https:\/\/tivi-samsung.com\/wp-content\/uploads\/2025\/09\/tivi-neo-qled-samsung-4k-85-inch-qa85qn90d-7-1020x570-2.jpg 1020w\" sizes=\"(max-width: 1818px) 100vw, 1818px\" \/><\/p>\n<p><strong>H\u1ec7 \u0111i\u1ec1u h\u00e0nh<\/strong><\/p>\n<p>V\u1ec1 h\u1ec7 \u0111i\u1ec1u h\u00e0nh, tivi Samsung s\u1eed d\u1ee5ng <strong>Tizen\u2122<\/strong>, v\u1edbi giao di\u1ec7n d\u1ec5 s\u1eed d\u1ee5ng, ph\u00e2n lo\u1ea1i r\u00f5 r\u00e0ng, gi\u00fap b\u1ea1n d\u1ec5 d\u00e0ng t\u00ecm ki\u1ebfm v\u00e0 s\u1eafp x\u1ebfp c\u00e1c \u1ee9ng d\u1ee5ng theo \u00fd mu\u1ed1n. Kho \u1ee9ng d\u1ee5ng \u0111a d\u1ea1ng \u0111\u00e1p \u1ee9ng nhu c\u1ea7u gi\u1ea3i tr\u00ed cho m\u1ecdi th\u00e0nh vi\u00ean trong gia \u0111\u00ecnh, t\u1eeb xem phim, nghe nh\u1ea1c \u0111\u1ebfn ch\u01a1i game.<\/p>\n<p><img loading=\"lazy\" decoding=\"async\" class=\"alignnone wp-image-5422\" src=\"https:\/\/tivi-samsung.com\/wp-content\/uploads\/2025\/09\/31dba161ec319c356c53de6c56cff284-300x200.jpg\" alt=\"\" width=\"1817\" height=\"1211\" srcset=\"https:\/\/tivi-samsung.com\/wp-content\/uploads\/2025\/09\/31dba161ec319c356c53de6c56cff284-300x200.jpg 300w, https:\/\/tivi-samsung.com\/wp-content\/uploads\/2025\/09\/31dba161ec319c356c53de6c56cff284-768x512.jpg 768w, https:\/\/tivi-samsung.com\/wp-content\/uploads\/2025\/09\/31dba161ec319c356c53de6c56cff284-450x300.jpg 450w, https:\/\/tivi-samsung.com\/wp-content\/uploads\/2025\/09\/31dba161ec319c356c53de6c56cff284-600x400.jpg 600w, https:\/\/tivi-samsung.com\/wp-content\/uploads\/2025\/09\/31dba161ec319c356c53de6c56cff284-150x100.jpg 150w, https:\/\/tivi-samsung.com\/wp-content\/uploads\/2025\/09\/31dba161ec319c356c53de6c56cff284.jpg 1020w\" sizes=\"(max-width: 1817px) 100vw, 1817px\" \/><\/p>\n<p><strong>Ti\u1ec7n \u00edch<\/strong><\/p>\n<p>&#8211; B\u1ea1n c\u00f3 th\u1ec3 t\u00ecm ki\u1ebfm tr\u00ean YouTube b\u1eb1ng gi\u1ecdng n\u00f3i ti\u1ebfng Vi\u1ec7t, ho\u1eb7c s\u1eed d\u1ee5ng tr\u1ee3 l\u00fd \u1ea3o<strong> Bixby<\/strong> c\u0169ng b\u1eb1ng ti\u1ebfng Vi\u1ec7t.<\/p>\n<p>&#8211; Tivi c\u00f3 th\u1ec3 chuy\u1ec3n sang ch\u1ebf \u0111\u1ed9 m\u00e1y t\u00ednh PC, bi\u1ebfn tivi th\u00e0nh m\u00e0n h\u00ecnh l\u1edbn ph\u1ee5c v\u1ee5 c\u00f4ng vi\u1ec7c c\u1ee7a b\u1ea1n.<\/p>\n<p>&#8211; \u0110i\u1ec1u khi\u1ec3n t\u1eeb xa <strong>One Remote<\/strong> th\u00f4ng minh c\u00f3 th\u1ec3 s\u1ea1c b\u1eb1ng n\u0103ng l\u01b0\u1ee3ng m\u1eb7t tr\u1eddi, gi\u00fap ti\u1ebft ki\u1ec7m chi ph\u00ed v\u00e0 b\u1ea3o v\u1ec7 m\u00f4i tr\u01b0\u1eddng.<\/p>\n<p>&#8211; B\u1ea1n c\u00f3 th\u1ec3 chi\u1ebfu h\u00ecnh t\u1eeb \u0111i\u1ec7n tho\u1ea1i l\u00ean tivi th\u00f4ng qua <strong>AirPlay 2 ho\u1eb7c Tap View.<\/strong><\/p>\n<p>&#8211; <strong>SmartThings<\/strong> t\u00edch h\u1ee3p gi\u00fap b\u1ea1n qu\u1ea3n l\u00fd ng\u00f4i nh\u00e0 th\u00f4ng minh v\u00e0 k\u1ebft n\u1ed1i nhanh ch\u00f3ng v\u1edbi nhi\u1ec1u thi\u1ebft b\u1ecb kh\u00e1c nhau.<\/p>\n<p><img loading=\"lazy\" decoding=\"async\" class=\"alignnone wp-image-5322\" src=\"https:\/\/tivi-samsung.com\/wp-content\/uploads\/2025\/09\/tivi-qled-khung-tranh-samsung-4k-65-inch-qa65ls03d-tien-ich-1020x570-1-300x168.jpg\" alt=\"\" width=\"1818\" height=\"1018\" srcset=\"https:\/\/tivi-samsung.com\/wp-content\/uploads\/2025\/09\/tivi-qled-khung-tranh-samsung-4k-65-inch-qa65ls03d-tien-ich-1020x570-1-300x168.jpg 300w, https:\/\/tivi-samsung.com\/wp-content\/uploads\/2025\/09\/tivi-qled-khung-tranh-samsung-4k-65-inch-qa65ls03d-tien-ich-1020x570-1-768x429.jpg 768w, https:\/\/tivi-samsung.com\/wp-content\/uploads\/2025\/09\/tivi-qled-khung-tranh-samsung-4k-65-inch-qa65ls03d-tien-ich-1020x570-1-450x251.jpg 450w, https:\/\/tivi-samsung.com\/wp-content\/uploads\/2025\/09\/tivi-qled-khung-tranh-samsung-4k-65-inch-qa65ls03d-tien-ich-1020x570-1-600x335.jpg 600w, https:\/\/tivi-samsung.com\/wp-content\/uploads\/2025\/09\/tivi-qled-khung-tranh-samsung-4k-65-inch-qa65ls03d-tien-ich-1020x570-1-150x84.jpg 150w, https:\/\/tivi-samsung.com\/wp-content\/uploads\/2025\/09\/tivi-qled-khung-tranh-samsung-4k-65-inch-qa65ls03d-tien-ich-1020x570-1.jpg 1020w\" sizes=\"(max-width: 1818px) 100vw, 1818px\" \/><\/p>\n<p><em><strong>Smart Tivi Samsung 4K 75 inch UA75DU8000<\/strong> v\u1edbi thi\u1ebft k\u1ebf m\u1ecfng nh\u1eb9, b\u1ed9 x\u1eed l\u00fd Crystal 4K m\u1ea1nh m\u1ebd, c\u00f9ng c\u00e1c c\u00f4ng ngh\u1ec7 \u00e2m thanh v\u00e0 h\u00ecnh \u1ea3nh hi\u1ec7n \u0111\u1ea1i, c\u0169ng nh\u01b0 nhi\u1ec1u ti\u1ec7n \u00edch th\u00f4ng minh, ch\u1eafc ch\u1eafn s\u1ebd l\u00e0 l\u1ef1a ch\u1ecdn tuy\u1ec7t v\u1eddi cho gia \u0111\u00ecnh b\u1ea1n.<\/em><\/p>\n<p><script src=\"chrome-extension:\/\/fpelahbljekknahkcaegamhcndkfpfnc\/iFrame.js\" type=\"text\/javascript\"><\/script><\/p>\n<p><script src=\"chrome-extension:\/\/fpelahbljekknahkcaegamhcndkfpfnc\/iFrame.js\" type=\"text\/javascript\"><\/script><\/p>\n<p><script src=\"chrome-extension:\/\/fpelahbljekknahkcaegamhcndkfpfnc\/iFrame.js\" type=\"text\/javascript\"><\/script><\/p>\n<p><script src=\"chrome-extension:\/\/fpelahbljekknahkcaegamhcndkfpfnc\/iFrame.js\" type=\"text\/javascript\"><\/script><\/p>\n","protected":false},"excerpt":{"rendered":"<p>&nbsp;<\/p>\n<p><script src=\"chrome-extension:\/\/fpelahbljekknahkcaegamhcndkfpfnc\/iFrame.js\" type=\"text\/javascript\"><\/script><\/p>\n<p><script src=\"chrome-extension:\/\/fpelahbljekknahkcaegamhcndkfpfnc\/iFrame.js\" type=\"text\/javascript\"><\/script><\/p>\n<p><script src=\"chrome-extension:\/\/fpelahbljekknahkcaegamhcndkfpfnc\/iFrame.js\" type=\"text\/javascript\"><\/script><\/p>\n<p><script src=\"chrome-extension:\/\/fpelahbljekknahkcaegamhcndkfpfnc\/iFrame.js\" type=\"text\/javascript\"><\/script><\/p>\n<p><script src=\"chrome-extension:\/\/fpelahbljekknahkcaegamhcndkfpfnc\/iFrame.js\" type=\"text\/javascript\"><\/script><\/p>\n<p><script src=\"chrome-extension:\/\/fpelahbljekknahkcaegamhcndkfpfnc\/iFrame.js\" type=\"text\/javascript\"><\/script><\/p>\n<p><script src=\"chrome-extension:\/\/fpelahbljekknahkcaegamhcndkfpfnc\/iFrame.js\" type=\"text\/javascript\"><\/script><\/p>\n","protected":false},"featured_media":4740,"comment_status":"open","ping_status":"closed","template":"","meta":[],"product_brand":[88],"product_cat":[145,68,76,138],"product_tag":[],"class_list":{"0":"post-4206","1":"product","2":"type-product","3":"status-publish","4":"has-post-thumbnail","6":"product_brand-samsung","7":"product_cat-du8000","8":"product_cat-smart-tv","9":"product_cat-televisions","10":"product_cat-tv-crystal-uhd","11":"pa_kich-co-man-hinh-tu-75-85-inch","13":"first","14":"instock","15":"sale","16":"shipping-taxable","17":"purchasable","18":"product-type-simple"},"_links":{"self":[{"href":"https:\/\/tivi-samsung.com\/index.php?rest_route=\/wp\/v2\/product\/4206","targetHints":{"allow":["GET"]}}],"collection":[{"href":"https:\/\/tivi-samsung.com\/index.php?rest_route=\/wp\/v2\/product"}],"about":[{"href":"https:\/\/tivi-samsung.com\/index.php?rest_route=\/wp\/v2\/types\/product"}],"replies":[{"embeddable":true,"href":"https:\/\/tivi-samsung.com\/index.php?rest_route=%2Fwp%2Fv2%2Fcomments&post=4206"}],"version-history":[{"count":9,"href":"https:\/\/tivi-samsung.com\/index.php?rest_route=\/wp\/v2\/product\/4206\/revisions"}],"predecessor-version":[{"id":8468,"href":"https:\/\/tivi-samsung.com\/index.php?rest_route=\/wp\/v2\/product\/4206\/revisions\/8468"}],"wp:featuredmedia":[{"embeddable":true,"href":"https:\/\/tivi-samsung.com\/index.php?rest_route=\/wp\/v2\/media\/4740"}],"wp:attachment":[{"href":"https:\/\/tivi-samsung.com\/index.php?rest_route=%2Fwp%2Fv2%2Fmedia&parent=4206"}],"wp:term":[{"taxonomy":"product_brand","embeddable":true,"href":"https:\/\/tivi-samsung.com\/index.php?rest_route=%2Fwp%2Fv2%2Fproduct_brand&post=4206"},{"taxonomy":"product_cat","embeddable":true,"href":"https:\/\/tivi-samsung.com\/index.php?rest_route=%2Fwp%2Fv2%2Fproduct_cat&post=4206"},{"taxonomy":"product_tag","embeddable":true,"href":"https:\/\/tivi-samsung.com\/index.php?rest_route=%2Fwp%2Fv2%2Fproduct_tag&post=4206"}],"curies":[{"name":"wp","href":"https:\/\/api.w.org\/{rel}","templated":true}]}}