{"id":4165,"date":"2025-09-16T14:48:23","date_gmt":"2025-09-16T14:48:23","guid":{"rendered":"https:\/\/tivi-samsung.com\/?post_type=product&#038;p=4165"},"modified":"2025-10-15T00:54:39","modified_gmt":"2025-10-14T17:54:39","slug":"smart-tivi-neo-qled-samsung-ai-4k-65-inch-qa65qn70f","status":"publish","type":"product","link":"https:\/\/tivi-samsung.com\/?product=smart-tivi-neo-qled-samsung-ai-4k-65-inch-qa65qn70f","title":{"rendered":"Smart Tivi Neo QLED Samsung AI 4K 65 inch QA65QN70F"},"content":{"rendered":"<p><strong>Th\u00f4ng tin s\u1ea3n ph\u1ea9m<\/strong><br \/>\n<a href=\"https:\/\/tokoo.vn\/danh-muc\/samsung-tvs\/\" target=\"_blank\" rel=\"noopener\"><strong>Smart Tivi Neo QLED Samsung AI 4K 65 inch QA65QN70F<\/strong><\/a> n\u1ed5i b\u1eadt v\u1edbi thi\u1ebft k\u1ebf AirSlim thanh tho\u00e1t, t\u00edch h\u1ee3p c\u00f4ng ngh\u1ec7 h\u00ecnh \u1ea3nh, \u00e2m thanh hi\u1ec7n \u0111\u1ea1i c\u00f9ng nhi\u1ec1u t\u00ednh n\u0103ng th\u00f4ng minh, mang l\u1ea1i cho gia \u0111\u00ecnh nh\u1eefng ph\u00fat gi\u00e2y gi\u1ea3i tr\u00ed tr\u1ecdn v\u1eb9n v\u00e0 s\u1ed1ng \u0111\u1ed9ng.<\/p>\n<p><strong>Thi\u1ebft k\u1ebf<\/strong><br \/>\n<strong>Samsung QA65QN70F<\/strong> s\u1edf h\u1eefu thi\u1ebft k\u1ebf AirSlim v\u1edbi th\u00e2n m\u00e1y m\u1ecfng v\u00e0 vi\u1ec1n m\u00e0n h\u00ecnh g\u1ea7n nh\u01b0 bi\u1ebfn m\u1ea5t, mang l\u1ea1i hi\u1ec7u \u1ee9ng tr\u00e0n vi\u1ec1n hi\u1ec7n \u0111\u1ea1i v\u00e0 tinh t\u1ebf. Khi treo t\u01b0\u1eddng, tivi \u00f4m s\u00e1t b\u1ec1 m\u1eb7t gi\u1ed1ng nh\u01b0 m\u1ed9t khung tranh hi\u1ec7n \u0111\u1ea1i, v\u1eeba ti\u1ebft ki\u1ec7m di\u1ec7n t\u00edch v\u1eeba n\u00e2ng cao th\u1ea9m m\u1ef9. N\u1ebfu kh\u00f4ng th\u00edch treo t\u01b0\u1eddng, ng\u01b0\u1eddi d\u00f9ng c\u0169ng c\u00f3 th\u1ec3 \u0111\u1eb7t tivi tr\u00ean ch\u00e2n \u0111\u1ebf \u0111\u1ec3 \u0111\u1ea3m b\u1ea3o s\u1ef1 v\u1eefng ch\u00e3i v\u00e0 an to\u00e0n.<\/p>\n<p>K\u00edch th\u01b0\u1edbc tivi 65 inch ph\u00f9 h\u1ee3p \u0111\u1ec3 b\u1ed1 tr\u00ed trong ph\u00f2ng kh\u00e1ch, ph\u00f2ng ng\u1ee7 l\u1edbn hay ph\u00f2ng gi\u1ea3i tr\u00ed gia \u0111\u00ecnh, t\u1ea1o \u0111i\u1ec3m nh\u1ea5n hi\u1ec7n \u0111\u1ea1i v\u00e0 sang tr\u1ecdng cho ng\u00f4i nh\u00e0. B\u00ean c\u1ea1nh \u0111\u00f3, s\u1ea3n ph\u1ea9m c\u00f3 m\u00e0u \u0111en trung t\u00ednh c\u00f9ng c\u00e1c \u0111\u01b0\u1eddng n\u00e9t t\u1ed1i gi\u1ea3n, d\u1ec5 d\u00e0ng k\u1ebft h\u1ee3p v\u1edbi nhi\u1ec1u phong c\u00e1ch n\u1ed9i th\u1ea5t t\u1eeb hi\u1ec7n \u0111\u1ea1i \u0111\u1ebfn sang tr\u1ecdng.<\/p>\n<p><img fetchpriority=\"high\" decoding=\"async\" class=\"alignnone wp-image-6872\" src=\"https:\/\/tivi-samsung.com\/wp-content\/uploads\/2025\/09\/smart-tivi-neo-qled-samsung-ai-4k-65-inch-qa65qn70f-thiet-ke-638944178944834212-300x200.jpg\" alt=\"\" width=\"1008\" height=\"672\" srcset=\"https:\/\/tivi-samsung.com\/wp-content\/uploads\/2025\/09\/smart-tivi-neo-qled-samsung-ai-4k-65-inch-qa65qn70f-thiet-ke-638944178944834212-300x200.jpg 300w, https:\/\/tivi-samsung.com\/wp-content\/uploads\/2025\/09\/smart-tivi-neo-qled-samsung-ai-4k-65-inch-qa65qn70f-thiet-ke-638944178944834212-768x512.jpg 768w, https:\/\/tivi-samsung.com\/wp-content\/uploads\/2025\/09\/smart-tivi-neo-qled-samsung-ai-4k-65-inch-qa65qn70f-thiet-ke-638944178944834212-450x300.jpg 450w, https:\/\/tivi-samsung.com\/wp-content\/uploads\/2025\/09\/smart-tivi-neo-qled-samsung-ai-4k-65-inch-qa65qn70f-thiet-ke-638944178944834212-600x400.jpg 600w, https:\/\/tivi-samsung.com\/wp-content\/uploads\/2025\/09\/smart-tivi-neo-qled-samsung-ai-4k-65-inch-qa65qn70f-thiet-ke-638944178944834212-150x100.jpg 150w, https:\/\/tivi-samsung.com\/wp-content\/uploads\/2025\/09\/smart-tivi-neo-qled-samsung-ai-4k-65-inch-qa65qn70f-thiet-ke-638944178944834212.jpg 1020w\" sizes=\"(max-width: 1008px) 100vw, 1008px\" \/><\/p>\n<p><strong>C\u00f4ng ngh\u1ec7 h\u00ecnh \u1ea3nh<\/strong><br \/>\nB\u1ed9 x\u1eed l\u00fd <strong>AI NQ4<\/strong> th\u1ebf h\u1ec7 2 s\u1eed d\u1ee5ng tr\u00ed tu\u1ec7 nh\u00e2n t\u1ea1o \u0111\u1ec3 ph\u00e2n t\u00edch khung h\u00ecnh theo th\u1eddi gian th\u1ef1c, sau \u0111\u00f3 t\u1ed1i \u01b0u t\u1eebng chi ti\u1ebft v\u1ec1 m\u00e0u s\u1eafc, \u0111\u1ed9 s\u00e1ng v\u00e0 \u0111\u1ed9 n\u00e9t. K\u1ec3 c\u1ea3 nh\u1eefng n\u1ed9i dung c\u00f3 ch\u1ea5t l\u01b0\u1ee3ng th\u1ea5p c\u0169ng \u0111\u01b0\u1ee3c n\u00e2ng c\u1ea5p th\u00f4ng qua c\u00f4ng ngh\u1ec7 <strong>4K AI Upscaling<\/strong>, mang l\u1ea1i tr\u1ea3i nghi\u1ec7m g\u1ea7n chu\u1ea9n 4K s\u1eafc n\u00e9t v\u00e0 r\u00f5 r\u00e0ng.<\/p>\n<p><img decoding=\"async\" class=\"alignnone wp-image-6876\" src=\"https:\/\/tivi-samsung.com\/wp-content\/uploads\/2025\/09\/smart-tivi-neo-qled-samsung-ai-4k-65-inch-qa65qn70f-2-638944179181658601-300x168.jpg\" alt=\"\" width=\"998\" height=\"559\" srcset=\"https:\/\/tivi-samsung.com\/wp-content\/uploads\/2025\/09\/smart-tivi-neo-qled-samsung-ai-4k-65-inch-qa65qn70f-2-638944179181658601-300x168.jpg 300w, https:\/\/tivi-samsung.com\/wp-content\/uploads\/2025\/09\/smart-tivi-neo-qled-samsung-ai-4k-65-inch-qa65qn70f-2-638944179181658601-768x429.jpg 768w, https:\/\/tivi-samsung.com\/wp-content\/uploads\/2025\/09\/smart-tivi-neo-qled-samsung-ai-4k-65-inch-qa65qn70f-2-638944179181658601-450x251.jpg 450w, https:\/\/tivi-samsung.com\/wp-content\/uploads\/2025\/09\/smart-tivi-neo-qled-samsung-ai-4k-65-inch-qa65qn70f-2-638944179181658601-600x335.jpg 600w, https:\/\/tivi-samsung.com\/wp-content\/uploads\/2025\/09\/smart-tivi-neo-qled-samsung-ai-4k-65-inch-qa65qn70f-2-638944179181658601-150x84.jpg 150w, https:\/\/tivi-samsung.com\/wp-content\/uploads\/2025\/09\/smart-tivi-neo-qled-samsung-ai-4k-65-inch-qa65qn70f-2-638944179181658601.jpg 1020w\" sizes=\"(max-width: 998px) 100vw, 998px\" \/><\/p>\n<p><strong>M\u00e0n h\u00ecnh Neo QLED<\/strong> \u1ee9ng d\u1ee5ng c\u00f4ng ngh\u1ec7 <strong>Quantum Matrix Technology Slim<\/strong>, ki\u1ec3m so\u00e1t ch\u00ednh x\u00e1c t\u1eebng v\u00f9ng s\u00e1ng t\u1ed1i th\u00f4ng qua h\u00e0ng ngh\u00ecn \u0111\u00e8n n\u1ec1n <strong>Mini LED<\/strong>. K\u1ebft qu\u1ea3 l\u00e0 s\u1eafc \u0111en tr\u1edf n\u00ean s\u00e2u th\u1eb3m, v\u00f9ng s\u00e1ng r\u1ef1c r\u1ee1 h\u01a1n, h\u1ea1n ch\u1ebf hi\u1ec7n t\u01b0\u1ee3ng h\u1edf s\u00e1ng th\u01b0\u1eddng g\u1eb7p \u1edf tivi LED th\u00f4ng th\u01b0\u1eddng.<\/p>\n<p><img decoding=\"async\" class=\"alignnone wp-image-6866\" src=\"https:\/\/tivi-samsung.com\/wp-content\/uploads\/2025\/09\/smart-tivi-neo-qled-samsung-ai-4k-65-inch-qa65qn70f-3-1020x570-1-300x168.jpg\" alt=\"\" width=\"996\" height=\"558\" srcset=\"https:\/\/tivi-samsung.com\/wp-content\/uploads\/2025\/09\/smart-tivi-neo-qled-samsung-ai-4k-65-inch-qa65qn70f-3-1020x570-1-300x168.jpg 300w, https:\/\/tivi-samsung.com\/wp-content\/uploads\/2025\/09\/smart-tivi-neo-qled-samsung-ai-4k-65-inch-qa65qn70f-3-1020x570-1-768x429.jpg 768w, https:\/\/tivi-samsung.com\/wp-content\/uploads\/2025\/09\/smart-tivi-neo-qled-samsung-ai-4k-65-inch-qa65qn70f-3-1020x570-1-450x251.jpg 450w, https:\/\/tivi-samsung.com\/wp-content\/uploads\/2025\/09\/smart-tivi-neo-qled-samsung-ai-4k-65-inch-qa65qn70f-3-1020x570-1-600x335.jpg 600w, https:\/\/tivi-samsung.com\/wp-content\/uploads\/2025\/09\/smart-tivi-neo-qled-samsung-ai-4k-65-inch-qa65qn70f-3-1020x570-1-150x84.jpg 150w, https:\/\/tivi-samsung.com\/wp-content\/uploads\/2025\/09\/smart-tivi-neo-qled-samsung-ai-4k-65-inch-qa65qn70f-3-1020x570-1.jpg 1020w\" sizes=\"(max-width: 996px) 100vw, 996px\" \/><\/p>\n<p>\u0110\u1ec3 m\u00e0u s\u1eafc th\u00eam r\u1ef1c r\u1ee1 v\u00e0 t\u1ef1 nhi\u00ean, <strong>Samsung<\/strong> trang b\u1ecb <strong>Color Booster Pro<\/strong> gi\u00fap m\u1edf r\u1ed9ng d\u1ea3i m\u00e0u hi\u1ec3n th\u1ecb, k\u1ebft h\u1ee3p c\u00f9ng Neo Quantum HDR t\u0103ng c\u01b0\u1eddng \u0111\u1ed9 t\u01b0\u01a1ng ph\u1ea3n, mang l\u1ea1i h\u00ecnh \u1ea3nh c\u00f3 chi\u1ec1u s\u00e2u v\u00e0 nhi\u1ec1u s\u1eafc th\u00e1i. Ngo\u00e0i ra, t\u00ednh n\u0103ng <strong>Auto HDR Remastering<\/strong> t\u1ef1 \u0111\u1ed9ng chuy\u1ec3n \u0111\u1ed5i n\u1ed9i dung SDR sang g\u1ea7n chu\u1ea9n HDR, gi\u00fap khung h\u00ecnh c\u00f3 m\u00e0u s\u1eafc s\u1ed1ng \u0111\u1ed9ng v\u00e0 n\u1ed5i b\u1eadt h\u01a1n.<\/p>\n<p><img loading=\"lazy\" decoding=\"async\" class=\"alignnone wp-image-6864\" src=\"https:\/\/tivi-samsung.com\/wp-content\/uploads\/2025\/09\/smart-tivi-neo-qled-samsung-ai-4k-65-inch-qa65qn70f-5-1020x570-1-300x168.jpg\" alt=\"\" width=\"993\" height=\"556\" srcset=\"https:\/\/tivi-samsung.com\/wp-content\/uploads\/2025\/09\/smart-tivi-neo-qled-samsung-ai-4k-65-inch-qa65qn70f-5-1020x570-1-300x168.jpg 300w, https:\/\/tivi-samsung.com\/wp-content\/uploads\/2025\/09\/smart-tivi-neo-qled-samsung-ai-4k-65-inch-qa65qn70f-5-1020x570-1-768x429.jpg 768w, https:\/\/tivi-samsung.com\/wp-content\/uploads\/2025\/09\/smart-tivi-neo-qled-samsung-ai-4k-65-inch-qa65qn70f-5-1020x570-1-450x251.jpg 450w, https:\/\/tivi-samsung.com\/wp-content\/uploads\/2025\/09\/smart-tivi-neo-qled-samsung-ai-4k-65-inch-qa65qn70f-5-1020x570-1-600x335.jpg 600w, https:\/\/tivi-samsung.com\/wp-content\/uploads\/2025\/09\/smart-tivi-neo-qled-samsung-ai-4k-65-inch-qa65qn70f-5-1020x570-1-150x84.jpg 150w, https:\/\/tivi-samsung.com\/wp-content\/uploads\/2025\/09\/smart-tivi-neo-qled-samsung-ai-4k-65-inch-qa65qn70f-5-1020x570-1.jpg 1020w\" sizes=\"(max-width: 993px) 100vw, 993px\" \/><\/p>\n<p><strong>C\u00f4ng ngh\u1ec7 Real Depth Enhancer<\/strong> gia t\u0103ng c\u1ea3m gi\u00e1c n\u1ed5i kh\u1ed1i, t\u00e1ch bi\u1ec7t ch\u1ee7 th\u1ec3 kh\u1ecfi n\u1ec1n, mang l\u1ea1i h\u00ecnh \u1ea3nh c\u00f3 chi\u1ec1u s\u00e2u t\u1ef1 nhi\u00ean. Trong khi \u0111\u00f3, Supreme UHD Dimming chia nh\u1ecf m\u00e0n h\u00ecnh th\u00e0nh nhi\u1ec1u v\u00f9ng, \u0111i\u1ec1u ch\u1ec9nh chi ti\u1ebft s\u00e1ng &#8211; t\u1ed1i ch\u00ednh x\u00e1c, \u0111\u1ea3m b\u1ea3o khung h\u00ecnh s\u1eafc n\u00e9t trong m\u1ecdi \u0111i\u1ec1u ki\u1ec7n \u00e1nh s\u00e1ng.<\/p>\n<p><img loading=\"lazy\" decoding=\"async\" class=\"alignnone wp-image-6869\" src=\"https:\/\/tivi-samsung.com\/wp-content\/uploads\/2025\/09\/smart-tivi-neo-qled-samsung-ai-4k-65-inch-qa65qn70f-4-1020x570-1-300x168.jpg\" alt=\"\" width=\"993\" height=\"556\" srcset=\"https:\/\/tivi-samsung.com\/wp-content\/uploads\/2025\/09\/smart-tivi-neo-qled-samsung-ai-4k-65-inch-qa65qn70f-4-1020x570-1-300x168.jpg 300w, https:\/\/tivi-samsung.com\/wp-content\/uploads\/2025\/09\/smart-tivi-neo-qled-samsung-ai-4k-65-inch-qa65qn70f-4-1020x570-1-768x429.jpg 768w, https:\/\/tivi-samsung.com\/wp-content\/uploads\/2025\/09\/smart-tivi-neo-qled-samsung-ai-4k-65-inch-qa65qn70f-4-1020x570-1-450x251.jpg 450w, https:\/\/tivi-samsung.com\/wp-content\/uploads\/2025\/09\/smart-tivi-neo-qled-samsung-ai-4k-65-inch-qa65qn70f-4-1020x570-1-600x335.jpg 600w, https:\/\/tivi-samsung.com\/wp-content\/uploads\/2025\/09\/smart-tivi-neo-qled-samsung-ai-4k-65-inch-qa65qn70f-4-1020x570-1-150x84.jpg 150w, https:\/\/tivi-samsung.com\/wp-content\/uploads\/2025\/09\/smart-tivi-neo-qled-samsung-ai-4k-65-inch-qa65qn70f-4-1020x570-1.jpg 1020w\" sizes=\"(max-width: 993px) 100vw, 993px\" \/><\/p>\n<p>Kh\u00f4ng ch\u1ec9 m\u1ea1nh \u1edf kh\u1ea3 n\u0103ng hi\u1ec3n th\u1ecb t\u0129nh, <strong>QA65QN70F<\/strong> c\u00f2n ghi \u0111i\u1ec3m v\u1edbi <strong>Motion Xcelerator 144 Hz<\/strong> cho khung h\u00ecnh chuy\u1ec3n \u0111\u1ed9ng m\u01b0\u1ee3t m\u00e0, gi\u1ea3m nh\u00f2e m\u1edd khi xem th\u1ec3 thao ho\u1eb7c phim h\u00e0nh \u0111\u1ed9ng t\u1ed1c \u0111\u1ed9 cao.<\/p>\n<p><img loading=\"lazy\" decoding=\"async\" class=\"alignnone wp-image-6859\" src=\"https:\/\/tivi-samsung.com\/wp-content\/uploads\/2025\/09\/smart-tivi-neo-qled-samsung-ai-4k-65-inch-qa65qn70f-6-1020x570-1-300x168.jpg\" alt=\"\" width=\"991\" height=\"555\" srcset=\"https:\/\/tivi-samsung.com\/wp-content\/uploads\/2025\/09\/smart-tivi-neo-qled-samsung-ai-4k-65-inch-qa65qn70f-6-1020x570-1-300x168.jpg 300w, https:\/\/tivi-samsung.com\/wp-content\/uploads\/2025\/09\/smart-tivi-neo-qled-samsung-ai-4k-65-inch-qa65qn70f-6-1020x570-1-768x429.jpg 768w, https:\/\/tivi-samsung.com\/wp-content\/uploads\/2025\/09\/smart-tivi-neo-qled-samsung-ai-4k-65-inch-qa65qn70f-6-1020x570-1-450x251.jpg 450w, https:\/\/tivi-samsung.com\/wp-content\/uploads\/2025\/09\/smart-tivi-neo-qled-samsung-ai-4k-65-inch-qa65qn70f-6-1020x570-1-600x335.jpg 600w, https:\/\/tivi-samsung.com\/wp-content\/uploads\/2025\/09\/smart-tivi-neo-qled-samsung-ai-4k-65-inch-qa65qn70f-6-1020x570-1-150x84.jpg 150w, https:\/\/tivi-samsung.com\/wp-content\/uploads\/2025\/09\/smart-tivi-neo-qled-samsung-ai-4k-65-inch-qa65qn70f-6-1020x570-1.jpg 1020w\" sizes=\"(max-width: 991px) 100vw, 991px\" \/><\/p>\n<p>Game th\u1ee7 c\u0169ng \u0111\u01b0\u1ee3c h\u1ed7 tr\u1ee3 t\u1ed1i \u0111a nh\u1edd c\u00f4ng ngh\u1ec7 <strong>FreeSync Premium Pro v\u00e0 Auto Low Latency Mode (ALLM)<\/strong>, gi\u1ea3m \u0111\u1ed9 tr\u1ec5 \u0111\u1ea7u v\u00e0o v\u00e0 h\u1ea1n ch\u1ebf hi\u1ec7n t\u01b0\u1ee3ng x\u00e9 h\u00ecnh. Ngo\u00e0i ra, t\u00ednh n\u0103ng<strong> Super Ultra Wide Game View &amp; Game Bar<\/strong> cho ph\u00e9p m\u1edf r\u1ed9ng t\u1ef7 l\u1ec7 khung h\u00ecnh v\u00e0 hi\u1ec3n th\u1ecb thanh c\u00f4ng c\u1ee5 tr\u1ef1c quan, gi\u00fap vi\u1ec7c \u0111i\u1ec1u ch\u1ec9nh c\u00e1c th\u00f4ng s\u1ed1 tr\u1edf n\u00ean d\u1ec5 d\u00e0ng h\u01a1n.<\/p>\n<p><strong>C\u00f4ng ngh\u1ec7 \u00e2m thanh<\/strong><br \/>\nH\u1ec7 th\u1ed1ng loa 20W k\u1ebft h\u1ee3p c\u00f4ng ngh\u1ec7<strong> Object Tracking Sound Lite (OTS Lite)<\/strong> ph\u00e1t \u00e2m thanh theo h\u01b0\u1edbng chuy\u1ec3n \u0111\u1ed9ng c\u1ee7a h\u00ecnh \u1ea3nh, gi\u00fap ng\u01b0\u1eddi d\u00f9ng nh\u1eadp vai h\u01a1n khi xem phim hay ch\u01a1i game.<\/p>\n<p>V\u1edbi <strong>Q-Symphony Next,<\/strong> loa tivi ho\u1ea1t \u0111\u1ed9ng \u0111\u1ed3ng b\u1ed9 c\u00f9ng loa thanh Samsung, mang \u0111\u1ebfn hi\u1ec7u \u1ee9ng c\u1ed9ng h\u01b0\u1edfng v\u00e0 lan t\u1ecfa \u00e2m thanh r\u1ed9ng kh\u1eafp c\u0103n ph\u00f2ng. Nh\u1edd \u0111\u00f3, ng\u01b0\u1eddi d\u00f9ng c\u00f3 th\u1ec3 c\u1ea3m nh\u1eadn \u00e2m thanh li\u1ec1n m\u1ea1ch v\u00e0 uy l\u1ef1c h\u01a1n so v\u1edbi khi ch\u1ec9 d\u00f9ng loa tivi.<\/p>\n<p>B\u00ean c\u1ea1nh \u0111\u00f3, c\u00f4ng ngh\u1ec7 <strong>Adaptive Sound Pro<\/strong> t\u1ef1 \u0111\u1ed9ng ph\u00e2n t\u00edch n\u1ed9i dung v\u00e0 tinh ch\u1ec9nh \u00e2m thanh ph\u00f9 h\u1ee3p t\u1eebng th\u1ec3 lo\u1ea1i. Khi xem phim, gi\u1ecdng tho\u1ea1i v\u00e0 hi\u1ec7u \u1ee9ng \u0111\u01b0\u1ee3c c\u00e2n b\u1eb1ng h\u00e0i h\u00f2a; c\u00f2n khi nghe nh\u1ea1c, \u00e2m bass v\u00e0 treble s\u1ebd tr\u1edf n\u00ean n\u1ed5i b\u1eadt, gi\u00e0u c\u1ea3m x\u00fac h\u01a1n. Active Voice Amplifier Pro nh\u1eadn di\u1ec7n ti\u1ebfng \u1ed3n m\u00f4i tr\u01b0\u1eddng v\u00e0 t\u1ef1 \u0111\u1ed9ng n\u00e2ng \u00e2m l\u01b0\u1ee3ng l\u1eddi tho\u1ea1i, gi\u00fap gi\u1ecdng n\u00f3i lu\u00f4n r\u00f5 r\u00e0ng, d\u1ec5 nghe trong m\u1ecdi ho\u00e0n c\u1ea3nh.<\/p>\n<p><img loading=\"lazy\" decoding=\"async\" class=\"alignnone wp-image-6860\" src=\"https:\/\/tivi-samsung.com\/wp-content\/uploads\/2025\/09\/smart-tivi-neo-qled-samsung-ai-4k-65-inch-qa65qn70f-7-1020x570-1-300x168.jpg\" alt=\"\" width=\"991\" height=\"555\" srcset=\"https:\/\/tivi-samsung.com\/wp-content\/uploads\/2025\/09\/smart-tivi-neo-qled-samsung-ai-4k-65-inch-qa65qn70f-7-1020x570-1-300x168.jpg 300w, https:\/\/tivi-samsung.com\/wp-content\/uploads\/2025\/09\/smart-tivi-neo-qled-samsung-ai-4k-65-inch-qa65qn70f-7-1020x570-1-768x429.jpg 768w, https:\/\/tivi-samsung.com\/wp-content\/uploads\/2025\/09\/smart-tivi-neo-qled-samsung-ai-4k-65-inch-qa65qn70f-7-1020x570-1-450x251.jpg 450w, https:\/\/tivi-samsung.com\/wp-content\/uploads\/2025\/09\/smart-tivi-neo-qled-samsung-ai-4k-65-inch-qa65qn70f-7-1020x570-1-600x335.jpg 600w, https:\/\/tivi-samsung.com\/wp-content\/uploads\/2025\/09\/smart-tivi-neo-qled-samsung-ai-4k-65-inch-qa65qn70f-7-1020x570-1-150x84.jpg 150w, https:\/\/tivi-samsung.com\/wp-content\/uploads\/2025\/09\/smart-tivi-neo-qled-samsung-ai-4k-65-inch-qa65qn70f-7-1020x570-1.jpg 1020w\" sizes=\"(max-width: 991px) 100vw, 991px\" \/><\/p>\n<p><strong>H\u1ec7 \u0111i\u1ec1u h\u00e0nh<\/strong><br \/>\nTivi Samsung \u0111\u01b0\u1ee3c trang b\u1ecb h\u1ec7 \u0111i\u1ec1u h\u00e0nh<strong> Tizen\u2122<\/strong> v\u1edbi giao di\u1ec7n tr\u1ef1c quan, d\u1ec5 s\u1eed d\u1ee5ng cho c\u1ea3 ng\u01b0\u1eddi l\u1edbn tu\u1ed5i v\u00e0 tr\u1ebb nh\u1ecf. H\u1ec7 \u0111i\u1ec1u h\u00e0nh n\u00e0y c\u00f3 kho \u1ee9ng d\u1ee5ng phong ph\u00fa v\u1edbi nhi\u1ec1u n\u1ec1n t\u1ea3ng gi\u1ea3i tr\u00ed v\u00e0 h\u1ecdc t\u1eadp nh\u01b0: <strong>YouTube, Netflix, FPT Play, VieON, TV 360,&#8230;<\/strong> \u0111\u00e1p \u1ee9ng \u0111a d\u1ea1ng nhu c\u1ea7u t\u1eeb xem phim, nghe nh\u1ea1c, xem th\u1ec3 thao \u0111\u1ebfn h\u1ecdc tr\u1ef1c tuy\u1ebfn.<\/p>\n<p><img loading=\"lazy\" decoding=\"async\" class=\"alignnone wp-image-6867\" src=\"https:\/\/tivi-samsung.com\/wp-content\/uploads\/2025\/09\/smart-tivi-neo-qled-samsung-ai-4k-65-inch-qa65qn70f-11-1020x570-1-300x168.jpg\" alt=\"\" width=\"989\" height=\"554\" srcset=\"https:\/\/tivi-samsung.com\/wp-content\/uploads\/2025\/09\/smart-tivi-neo-qled-samsung-ai-4k-65-inch-qa65qn70f-11-1020x570-1-300x168.jpg 300w, https:\/\/tivi-samsung.com\/wp-content\/uploads\/2025\/09\/smart-tivi-neo-qled-samsung-ai-4k-65-inch-qa65qn70f-11-1020x570-1-768x429.jpg 768w, https:\/\/tivi-samsung.com\/wp-content\/uploads\/2025\/09\/smart-tivi-neo-qled-samsung-ai-4k-65-inch-qa65qn70f-11-1020x570-1-450x251.jpg 450w, https:\/\/tivi-samsung.com\/wp-content\/uploads\/2025\/09\/smart-tivi-neo-qled-samsung-ai-4k-65-inch-qa65qn70f-11-1020x570-1-600x335.jpg 600w, https:\/\/tivi-samsung.com\/wp-content\/uploads\/2025\/09\/smart-tivi-neo-qled-samsung-ai-4k-65-inch-qa65qn70f-11-1020x570-1-150x84.jpg 150w, https:\/\/tivi-samsung.com\/wp-content\/uploads\/2025\/09\/smart-tivi-neo-qled-samsung-ai-4k-65-inch-qa65qn70f-11-1020x570-1.jpg 1020w\" sizes=\"(max-width: 989px) 100vw, 989px\" \/><\/p>\n<p><strong>Ti\u1ec7n \u00edch<\/strong><br \/>\n<strong>SmartThings<\/strong> cho ph\u00e9p ng\u01b0\u1eddi d\u00f9ng qu\u1ea3n l\u00fd v\u00e0 \u0111i\u1ec1u khi\u1ec3n c\u00e1c thi\u1ebft b\u1ecb th\u00f4ng minh trong gia \u0111\u00ecnh tr\u1ef1c ti\u1ebfp tr\u00ean tivi ho\u1eb7c qua \u0111i\u1ec7n tho\u1ea1i, mang l\u1ea1i s\u1ef1 ti\u1ec7n l\u1ee3i v\u00e0 \u0111\u1ed3ng b\u1ed9.<\/p>\n<p><img loading=\"lazy\" decoding=\"async\" class=\"alignnone wp-image-6865\" src=\"https:\/\/tivi-samsung.com\/wp-content\/uploads\/2025\/09\/smart-tivi-neo-qled-samsung-ai-4k-65-inch-qa65qn70f-8-1020x570-1-300x168.jpg\" alt=\"\" width=\"987\" height=\"553\" srcset=\"https:\/\/tivi-samsung.com\/wp-content\/uploads\/2025\/09\/smart-tivi-neo-qled-samsung-ai-4k-65-inch-qa65qn70f-8-1020x570-1-300x168.jpg 300w, https:\/\/tivi-samsung.com\/wp-content\/uploads\/2025\/09\/smart-tivi-neo-qled-samsung-ai-4k-65-inch-qa65qn70f-8-1020x570-1-768x429.jpg 768w, https:\/\/tivi-samsung.com\/wp-content\/uploads\/2025\/09\/smart-tivi-neo-qled-samsung-ai-4k-65-inch-qa65qn70f-8-1020x570-1-450x251.jpg 450w, https:\/\/tivi-samsung.com\/wp-content\/uploads\/2025\/09\/smart-tivi-neo-qled-samsung-ai-4k-65-inch-qa65qn70f-8-1020x570-1-600x335.jpg 600w, https:\/\/tivi-samsung.com\/wp-content\/uploads\/2025\/09\/smart-tivi-neo-qled-samsung-ai-4k-65-inch-qa65qn70f-8-1020x570-1-150x84.jpg 150w, https:\/\/tivi-samsung.com\/wp-content\/uploads\/2025\/09\/smart-tivi-neo-qled-samsung-ai-4k-65-inch-qa65qn70f-8-1020x570-1.jpg 1020w\" sizes=\"(max-width: 987px) 100vw, 987px\" \/><\/p>\n<p><strong>One Remote Control<\/strong> c\u00f3 thi\u1ebft k\u1ebf nh\u1ecf g\u1ecdn, s\u1eed d\u1ee5ng pin n\u0103ng l\u01b0\u1ee3ng m\u1eb7t tr\u1eddi v\u00e0 t\u00edch h\u1ee3p tr\u1ee3 l\u00fd \u1ea3o<strong> Bixby ti\u1ebfng Vi\u1ec7<\/strong>t, v\u1eeba th\u00e2n thi\u1ec7n v\u1edbi m\u00f4i tr\u01b0\u1eddng v\u1eeba d\u1ec5 thao t\u00e1c.<\/p>\n<p>V\u1edbi <strong>AirPlay 2<\/strong>, ng\u01b0\u1eddi d\u00f9ng c\u00f3 th\u1ec3 truy\u1ec1n ph\u00e1t n\u1ed9i dung t\u1eeb \u0111i\u1ec7n tho\u1ea1i ho\u1eb7c m\u00e1y t\u00ednh b\u1ea3ng l\u00ean m\u00e0n h\u00ecnh l\u1edbn khi c\u1ea7n.<\/p>\n<p><img loading=\"lazy\" decoding=\"async\" class=\"alignnone wp-image-6861\" src=\"https:\/\/tivi-samsung.com\/wp-content\/uploads\/2025\/09\/smart-tivi-neo-qled-samsung-ai-4k-65-inch-qa65qn70f-9-1020x570-1-300x168.jpg\" alt=\"\" width=\"987\" height=\"553\" srcset=\"https:\/\/tivi-samsung.com\/wp-content\/uploads\/2025\/09\/smart-tivi-neo-qled-samsung-ai-4k-65-inch-qa65qn70f-9-1020x570-1-300x168.jpg 300w, https:\/\/tivi-samsung.com\/wp-content\/uploads\/2025\/09\/smart-tivi-neo-qled-samsung-ai-4k-65-inch-qa65qn70f-9-1020x570-1-768x429.jpg 768w, https:\/\/tivi-samsung.com\/wp-content\/uploads\/2025\/09\/smart-tivi-neo-qled-samsung-ai-4k-65-inch-qa65qn70f-9-1020x570-1-450x251.jpg 450w, https:\/\/tivi-samsung.com\/wp-content\/uploads\/2025\/09\/smart-tivi-neo-qled-samsung-ai-4k-65-inch-qa65qn70f-9-1020x570-1-600x335.jpg 600w, https:\/\/tivi-samsung.com\/wp-content\/uploads\/2025\/09\/smart-tivi-neo-qled-samsung-ai-4k-65-inch-qa65qn70f-9-1020x570-1-150x84.jpg 150w, https:\/\/tivi-samsung.com\/wp-content\/uploads\/2025\/09\/smart-tivi-neo-qled-samsung-ai-4k-65-inch-qa65qn70f-9-1020x570-1.jpg 1020w\" sizes=\"(max-width: 987px) 100vw, 987px\" \/><\/p>\n<p>Multi View cho ph\u00e9p chia \u0111\u00f4i m\u00e0n h\u00ecnh \u0111\u1ec3 hi\u1ec3n th\u1ecb song song hai n\u1ed9i dung, ch\u1eb3ng h\u1ea1n v\u1eeba theo d\u00f5i b\u00f3ng \u0111\u00e1 v\u1eeba l\u01b0\u1edbt YouTube c\u00f9ng l\u00fac. Universal Gestures bi\u1ebfn <strong>Galaxy Watch<\/strong> (t\u1eeb th\u1ebf h\u1ec7 4 tr\u1edf l\u00ean) th\u00e0nh c\u00f4ng c\u1ee5 \u0111i\u1ec1u khi\u1ec3n tivi, mang l\u1ea1i tr\u1ea3i nghi\u1ec7m s\u1eed d\u1ee5ng m\u1edbi m\u1ebb, hi\u1ec7n \u0111\u1ea1i v\u00e0 ti\u1ec7n l\u1ee3i.<\/p>\n<p><img loading=\"lazy\" decoding=\"async\" class=\"alignnone wp-image-6877\" src=\"https:\/\/tivi-samsung.com\/wp-content\/uploads\/2025\/09\/smart-tivi-neo-qled-samsung-ai-4k-65-inch-qa65qn70f-universal-gestures-638944181755846120-300x168.jpg\" alt=\"\" width=\"987\" height=\"553\" srcset=\"https:\/\/tivi-samsung.com\/wp-content\/uploads\/2025\/09\/smart-tivi-neo-qled-samsung-ai-4k-65-inch-qa65qn70f-universal-gestures-638944181755846120-300x168.jpg 300w, https:\/\/tivi-samsung.com\/wp-content\/uploads\/2025\/09\/smart-tivi-neo-qled-samsung-ai-4k-65-inch-qa65qn70f-universal-gestures-638944181755846120-768x429.jpg 768w, https:\/\/tivi-samsung.com\/wp-content\/uploads\/2025\/09\/smart-tivi-neo-qled-samsung-ai-4k-65-inch-qa65qn70f-universal-gestures-638944181755846120-450x251.jpg 450w, https:\/\/tivi-samsung.com\/wp-content\/uploads\/2025\/09\/smart-tivi-neo-qled-samsung-ai-4k-65-inch-qa65qn70f-universal-gestures-638944181755846120-600x335.jpg 600w, https:\/\/tivi-samsung.com\/wp-content\/uploads\/2025\/09\/smart-tivi-neo-qled-samsung-ai-4k-65-inch-qa65qn70f-universal-gestures-638944181755846120-150x84.jpg 150w, https:\/\/tivi-samsung.com\/wp-content\/uploads\/2025\/09\/smart-tivi-neo-qled-samsung-ai-4k-65-inch-qa65qn70f-universal-gestures-638944181755846120.jpg 1020w\" sizes=\"(max-width: 987px) 100vw, 987px\" \/><\/p>\n<p><em><strong>Tivi Samsung QA65QN70F 65<\/strong> inch l\u00e0 l\u1ef1a ch\u1ecdn l\u00fd t\u01b0\u1edfng cho gia \u0111\u00ecnh c\u00f3 kh\u00f4ng gian v\u1eeba v\u00e0 l\u1edbn, mong mu\u1ed1n tr\u1ea3i nghi\u1ec7m h\u00ecnh \u1ea3nh s\u1eafc n\u00e9t, \u00e2m thanh s\u1ed1ng \u0111\u1ed9ng c\u00f9ng nhi\u1ec1u ti\u1ec7n \u00edch th\u00f4ng minh. Thi\u1ebft k\u1ebf AirSlim sang tr\u1ecdng v\u00e0 b\u1ed9 x\u1eed l\u00fd AI m\u1ea1nh m\u1ebd gi\u00fap n\u00e2ng t\u1ea7m gi\u1ea3i tr\u00ed ngay t\u1ea1i nh\u00e0.<\/em><\/p>\n<p>&nbsp;<\/p>\n<p><script src=\"chrome-extension:\/\/fpelahbljekknahkcaegamhcndkfpfnc\/iFrame.js\" type=\"text\/javascript\"><\/script><\/p>\n","protected":false},"excerpt":{"rendered":"<p>&nbsp;<\/p>\n<p><script src=\"chrome-extension:\/\/fpelahbljekknahkcaegamhcndkfpfnc\/iFrame.js\" type=\"text\/javascript\"><\/script><\/p>\n<p><script src=\"chrome-extension:\/\/fpelahbljekknahkcaegamhcndkfpfnc\/iFrame.js\" type=\"text\/javascript\"><\/script><\/p>\n<p><script src=\"chrome-extension:\/\/fpelahbljekknahkcaegamhcndkfpfnc\/iFrame.js\" type=\"text\/javascript\"><\/script><\/p>\n<p><script src=\"chrome-extension:\/\/fpelahbljekknahkcaegamhcndkfpfnc\/iFrame.js\" type=\"text\/javascript\"><\/script><\/p>\n<p><script src=\"chrome-extension:\/\/fpelahbljekknahkcaegamhcndkfpfnc\/iFrame.js\" type=\"text\/javascript\"><\/script><\/p>\n<p><script src=\"chrome-extension:\/\/fpelahbljekknahkcaegamhcndkfpfnc\/iFrame.js\" type=\"text\/javascript\"><\/script><\/p>\n<p><script src=\"chrome-extension:\/\/fpelahbljekknahkcaegamhcndkfpfnc\/iFrame.js\" type=\"text\/javascript\"><\/script><\/p>\n<p><script src=\"chrome-extension:\/\/fpelahbljekknahkcaegamhcndkfpfnc\/iFrame.js\" type=\"text\/javascript\"><\/script><\/p>\n","protected":false},"featured_media":4766,"comment_status":"open","ping_status":"closed","template":"","meta":[],"product_brand":[88],"product_cat":[68,76],"product_tag":[],"class_list":{"0":"post-4165","1":"product","2":"type-product","3":"status-publish","4":"has-post-thumbnail","6":"product_brand-samsung","7":"product_cat-smart-tv","8":"product_cat-televisions","9":"pa_kich-co-man-hinh-65-inch","11":"first","12":"instock","13":"sale","14":"shipping-taxable","15":"purchasable","16":"product-type-simple"},"_links":{"self":[{"href":"https:\/\/tivi-samsung.com\/index.php?rest_route=\/wp\/v2\/product\/4165","targetHints":{"allow":["GET"]}}],"collection":[{"href":"https:\/\/tivi-samsung.com\/index.php?rest_route=\/wp\/v2\/product"}],"about":[{"href":"https:\/\/tivi-samsung.com\/index.php?rest_route=\/wp\/v2\/types\/product"}],"replies":[{"embeddable":true,"href":"https:\/\/tivi-samsung.com\/index.php?rest_route=%2Fwp%2Fv2%2Fcomments&post=4165"}],"version-history":[{"count":11,"href":"https:\/\/tivi-samsung.com\/index.php?rest_route=\/wp\/v2\/product\/4165\/revisions"}],"predecessor-version":[{"id":8471,"href":"https:\/\/tivi-samsung.com\/index.php?rest_route=\/wp\/v2\/product\/4165\/revisions\/8471"}],"wp:featuredmedia":[{"embeddable":true,"href":"https:\/\/tivi-samsung.com\/index.php?rest_route=\/wp\/v2\/media\/4766"}],"wp:attachment":[{"href":"https:\/\/tivi-samsung.com\/index.php?rest_route=%2Fwp%2Fv2%2Fmedia&parent=4165"}],"wp:term":[{"taxonomy":"product_brand","embeddable":true,"href":"https:\/\/tivi-samsung.com\/index.php?rest_route=%2Fwp%2Fv2%2Fproduct_brand&post=4165"},{"taxonomy":"product_cat","embeddable":true,"href":"https:\/\/tivi-samsung.com\/index.php?rest_route=%2Fwp%2Fv2%2Fproduct_cat&post=4165"},{"taxonomy":"product_tag","embeddable":true,"href":"https:\/\/tivi-samsung.com\/index.php?rest_route=%2Fwp%2Fv2%2Fproduct_tag&post=4165"}],"curies":[{"name":"wp","href":"https:\/\/api.w.org\/{rel}","templated":true}]}}