{"id":4158,"date":"2025-09-16T14:38:28","date_gmt":"2025-09-16T14:38:28","guid":{"rendered":"https:\/\/tivi-samsung.com\/?post_type=product&#038;p=4158"},"modified":"2025-10-15T00:56:11","modified_gmt":"2025-10-14T17:56:11","slug":"smart-tivi-crystal-uhd-samsung-4k-65-inch-ua65u8550f","status":"publish","type":"product","link":"https:\/\/tivi-samsung.com\/?product=smart-tivi-crystal-uhd-samsung-4k-65-inch-ua65u8550f","title":{"rendered":"Smart Tivi Crystal UHD Samsung 4K 65 inch UA65U8550F"},"content":{"rendered":"<p><strong>\u0110\u1eb7c \u0111i\u1ec3m n\u1ed5i b\u1eadt<\/strong><\/p>\n<p><a href=\"https:\/\/tokoo.vn\/danh-muc\/samsung-tvs\/\" target=\"_blank\" rel=\"noopener\"><strong>Smart Tivi Crystal UHD Samsung 4K 65 inch UA65U8550F <\/strong><\/a><\/p>\n<p><strong>B\u1ed9 x\u1eed l\u00fd Crystal 4K<\/strong> h\u1ed7 tr\u1ee3 n\u00e2ng cao \u0111\u1ed9 chi ti\u1ebft v\u00e0 c\u1ea3i thi\u1ec7n m\u00e0u s\u1eafc t\u1ed5ng th\u1ec3.<\/p>\n<p><strong>C\u00f4ng ngh\u1ec7<\/strong> <strong>HDR10+<\/strong> gi\u00fap khung h\u00ecnh s\u00e1ng r\u00f5 h\u01a1n, th\u1ec3 hi\u1ec7n r\u00f5 c\u00e1c v\u00f9ng s\u00e1ng t\u1ed1i.<\/p>\n<p><strong>M\u00e0n h\u00ecnh<\/strong> <strong>65 inch<\/strong> t\u1ea1o c\u1ea3m gi\u00e1c r\u1ed9ng r\u00e3i khi hi\u1ec3n th\u1ecb n\u1ed9i dung.<\/p>\n<p><strong>C\u00f4ng ngh\u1ec7 \u00e2m thanh<\/strong> <strong>OTS Lite<\/strong> \u00e2m thanh theo chuy\u1ec3n \u0111\u1ed9ng, t\u0103ng \u0111\u1ed9 s\u1ed1ng \u0111\u1ed9ng khi xem phim.<\/p>\n<p><strong>H\u1ec7 \u0111i\u1ec1u h\u00e0nh Tizen<\/strong> cung c\u1ea5p giao di\u1ec7n d\u1ec5 s\u1eed d\u1ee5ng, c\u00f9ng kho \u1ee9ng d\u1ee5ng gi\u1ea3i tr\u00ed \u0111a d\u1ea1ng.<\/p>\n<p><strong>Tr\u1ee3 l\u00fd \u1ea3o Bixby<\/strong> c\u00f3 ti\u1ebfng Vi\u1ec7t h\u1ed7 tr\u1ee3 \u0111i\u1ec1u khi\u1ec3n tivi b\u1eb1ng gi\u1ecdng n\u00f3i d\u1ec5 d\u00e0ng<\/p>\n<p>&nbsp;<\/p>\n<p><script src=\"chrome-extension:\/\/fpelahbljekknahkcaegamhcndkfpfnc\/iFrame.js\" type=\"text\/javascript\"><\/script><\/p>\n","protected":false},"excerpt":{"rendered":"<p>&nbsp;<\/p>\n<p><script src=\"chrome-extension:\/\/fpelahbljekknahkcaegamhcndkfpfnc\/iFrame.js\" type=\"text\/javascript\"><\/script><\/p>\n<p><script src=\"chrome-extension:\/\/fpelahbljekknahkcaegamhcndkfpfnc\/iFrame.js\" type=\"text\/javascript\"><\/script><\/p>\n<p><script src=\"chrome-extension:\/\/fpelahbljekknahkcaegamhcndkfpfnc\/iFrame.js\" type=\"text\/javascript\"><\/script><\/p>\n<p><script src=\"chrome-extension:\/\/fpelahbljekknahkcaegamhcndkfpfnc\/iFrame.js\" type=\"text\/javascript\"><\/script><\/p>\n<p><script src=\"chrome-extension:\/\/fpelahbljekknahkcaegamhcndkfpfnc\/iFrame.js\" type=\"text\/javascript\"><\/script><\/p>\n<p><script src=\"chrome-extension:\/\/fpelahbljekknahkcaegamhcndkfpfnc\/iFrame.js\" type=\"text\/javascript\"><\/script><\/p>\n<p><script src=\"chrome-extension:\/\/fpelahbljekknahkcaegamhcndkfpfnc\/iFrame.js\" type=\"text\/javascript\"><\/script><\/p>\n<p><script src=\"chrome-extension:\/\/fpelahbljekknahkcaegamhcndkfpfnc\/iFrame.js\" type=\"text\/javascript\"><\/script><\/p>\n","protected":false},"featured_media":4706,"comment_status":"open","ping_status":"closed","template":"","meta":[],"product_brand":[88],"product_cat":[147,68,76,138],"product_tag":[],"class_list":{"0":"post-4158","1":"product","2":"type-product","3":"status-publish","4":"has-post-thumbnail","6":"product_brand-samsung","7":"product_cat-u8500f","8":"product_cat-smart-tv","9":"product_cat-televisions","10":"product_cat-tv-crystal-uhd","11":"pa_kich-co-man-hinh-65-inch","13":"first","14":"instock","15":"shipping-taxable","16":"purchasable","17":"product-type-simple"},"_links":{"self":[{"href":"https:\/\/tivi-samsung.com\/index.php?rest_route=\/wp\/v2\/product\/4158","targetHints":{"allow":["GET"]}}],"collection":[{"href":"https:\/\/tivi-samsung.com\/index.php?rest_route=\/wp\/v2\/product"}],"about":[{"href":"https:\/\/tivi-samsung.com\/index.php?rest_route=\/wp\/v2\/types\/product"}],"replies":[{"embeddable":true,"href":"https:\/\/tivi-samsung.com\/index.php?rest_route=%2Fwp%2Fv2%2Fcomments&post=4158"}],"version-history":[{"count":10,"href":"https:\/\/tivi-samsung.com\/index.php?rest_route=\/wp\/v2\/product\/4158\/revisions"}],"predecessor-version":[{"id":8473,"href":"https:\/\/tivi-samsung.com\/index.php?rest_route=\/wp\/v2\/product\/4158\/revisions\/8473"}],"wp:featuredmedia":[{"embeddable":true,"href":"https:\/\/tivi-samsung.com\/index.php?rest_route=\/wp\/v2\/media\/4706"}],"wp:attachment":[{"href":"https:\/\/tivi-samsung.com\/index.php?rest_route=%2Fwp%2Fv2%2Fmedia&parent=4158"}],"wp:term":[{"taxonomy":"product_brand","embeddable":true,"href":"https:\/\/tivi-samsung.com\/index.php?rest_route=%2Fwp%2Fv2%2Fproduct_brand&post=4158"},{"taxonomy":"product_cat","embeddable":true,"href":"https:\/\/tivi-samsung.com\/index.php?rest_route=%2Fwp%2Fv2%2Fproduct_cat&post=4158"},{"taxonomy":"product_tag","embeddable":true,"href":"https:\/\/tivi-samsung.com\/index.php?rest_route=%2Fwp%2Fv2%2Fproduct_tag&post=4158"}],"curies":[{"name":"wp","href":"https:\/\/api.w.org\/{rel}","templated":true}]}}